-- Table structure for table `fo_mail_rule_actions`
--

CREATE TABLE `fo_mail_rule_actions` (
  `id` int(10) unsigned NOT NULL AUTO_INCREMENT,
  `rule_id` int(10) unsigned NOT NULL,
  `action` varchar(255) COLLATE utf8_unicode_ci NOT NULL,
  `order` smallint(5) NOT NULL,
  `action_value` text COLLATE utf8_unicode_ci DEFAULT NULL,
  PRIMARY KEY (`id`)
) ENGINE=InnoDB AUTO_INCREMENT=11 DEFAULT CHARSET=utf8 COLLATE=utf8_unicode_ci;

--
-- Dumping data for table `fo_mail_rule_actions`
--

INSERT INTO `fo_mail_rule_actions` VALUES (1,1,'classify',0,'7'),(2,2,'classify',0,'4'),(3,3,'classify',0,'9'),(4,4,'classify',0,'35'),(5,5,'classify',0,'10'),(6,6,'classify',0,'33'),(7,7,'classify',0,'33'),(8,8,'classify',0,'37'),(9,9,'classify',0,'4'),(10,10,'classify',0,'15');

--
-- Table structure for table `fo_mail_rule_conditions`
--

CREATE TABLE `fo_mail_rule_conditions` (
  `id` int(10) NOT NULL AUTO_INCREMENT,
  `rule_id` int(10) NOT NULL,
  `field` text COLLATE utf8_unicode_ci NOT NULL,
  `operator` text COLLATE utf8_unicode_ci NOT NULL,
  `value` text COLLATE utf8_unicode_ci NOT NULL,
  PRIMARY KEY (`id`)
) ENGINE=InnoDB AUTO_INCREMENT=11 DEFAULT CHARSET=utf8 COLLATE=utf8_unicode_ci;

--
-- Dumping data for table `fo_mail_rule_conditions`
--

INSERT INTO `fo_mail_rule_conditions` VALUES (1,1,'from','LIKE','anton.kruger@harcourts.co.za'),(2,2,'from','LIKE','peet38@icloud.com'),(3,3,'from','LIKE','kirston@booktalk.co.za'),(4,4,'from','LIKE','manager@welgelegenbc.co.za'),(5,5,'from','LIKE','accounts@towerelectronics.co.za'),(6,6,'from','LIKE','ifaconfirmations@allangray.co.za'),(7,7,'from','LIKE','memeyer@masthead.co.za'),(8,8,'from','LIKE','greenside@lantic.net'),(9,9,'from','LIKE','accounts@stisa.org.za'),(10,10,'from','LIKE','ursula@dermafix.co.za');

--
-- Table structure for table `fo_mail_rules`
--

CREATE TABLE `fo_mail_rules` (
  `id` int(10) NOT NULL AUTO_INCREMENT,
  `name` varchar(255) COLLATE utf8_unicode_ci NOT NULL,
  PRIMARY KEY (`id`)
) ENGINE=InnoDB AUTO_INCREMENT=11 DEFAULT CHARSET=utf8 COLLATE=utf8_unicode_ci;

--
-- Dumping data for table `fo_mail_rules`
--

INSERT INTO `fo_mail_rules` VALUES (1,'anton.kruger@harcourts.co.za'),(2,'peet38@icloud.com'),(3,'kirston@booktalk.co.za'),(4,'manager@welgelegenbc.co.za'),(5,'accounts@towerelectronics.co.za'),(6,'ifaconfirmations@allangray.co.za'),(7,'memeyer@masthead.co.za'),(8,'greenside@lantic.net'),(9,'accounts@stisa.org.za'),(10,'ursula@dermafix.co.za');

--
-- Table structure for table `fo_mail_spam_filters`
--

CREATE TABLE `fo_mail_spam_filters` (
  `id` int(10) unsigned NOT NULL AUTO_INCREMENT,
  `account_id` int(10) unsigned NOT NULL,
  `text_type` enum('email_address','subject') COLLATE utf8_unicode_ci NOT NULL,
  `text` text COLLATE utf8_unicode_ci NOT NULL,
  `spam_state` enum('no spam','spam') COLLATE utf8_unicode_ci NOT NULL,
  PRIMARY KEY (`id`)
) ENGINE=InnoDB DEFAULT CHARSET=utf8 COLLATE=utf8_unicode_ci;

--
-- Dumping data for table `fo_mail_spam_filters`
--


--
-- Table structure for table `fo_mail_tracks`
--

CREATE TABLE `fo_mail_tracks` (
  `id` int(10) unsigned NOT NULL AUTO_INCREMENT,
  `object_id` int(10) unsigned NOT NULL,
  `readed_on` datetime NOT NULL DEFAULT '0000-00-00 00:00:00',
  `ip` varchar(255) COLLATE utf8_unicode_ci NOT NULL DEFAULT '0',
  PRIMARY KEY (`id`),
  KEY `object_id` (`object_id`)
) ENGINE=InnoDB DEFAULT CHARSET=utf8 COLLATE=utf8_unicode_ci;

--
-- Dumping data for table `fo_mail_tracks`
--


--
-- Table structure for table `fo_max_role_object_type_permissions`
--

CREATE TABLE `fo_max_role_object_type_permissions` (
  `role_id` int(10) unsigned NOT NULL,
  `object_type_id` int(10) unsigned NOT NULL,
  `can_delete` tinyint(1) NOT NULL,
  `can_write` tinyint(1) NOT NULL,
  PRIMARY KEY (`role_id`,`object_type_id`)
) ENGINE=InnoDB DEFAULT CHARSET=utf8 COLLATE=utf8_unicode_ci;

--
-- Dumping data for table `fo_max_role_object_type_permissions`
--

INSERT INTO `fo_max_role_object_type_permissions` VALUES (1,3,1,1),(1,4,1,1),(1,5,1,1),(1,6,1,1),(1,10,1,1),(1,11,1,1),(1,12,1,1),(1,16,1,1),(1,18,1,1),(1,31,1,1),(1,33,1,1),(1,35,1,1),(1,36,1,1),(1,37,1,1),(2,3,1,1),(2,4,1,1),(2,5,1,1),(2,6,1,1),(2,10,1,1),(2,11,1,1),(2,12,1,1),(2,16,1,1),(2,18,1,1),(2,31,1,1),(2,33,1,1),(2,35,1,1),(2,36,1,1),(2,37,1,1),(3,3,1,1),(3,4,1,1),(3,5,1,1),(3,6,1,1),(3,10,1,1),(3,11,1,1),(3,12,1,1),(3,16,1,1),(3,18,1,1),(3,31,1,1),(3,33,1,1),(3,35,1,1),(3,36,1,1),(3,37,1,1),(4,3,1,1),(4,4,1,1),(4,5,1,1),(4,6,1,1),(4,10,1,1),(4,11,1,1),(4,12,1,1),(4,16,1,1),(4,18,1,1),(4,31,0,1),(4,33,1,1),(4,35,1,1),(4,36,1,1),(4,37,1,1),(5,3,0,1),(5,4,0,1),(5,5,0,0),(5,6,0,1),(5,10,0,0),(5,11,0,0),(5,12,0,1),(5,16,0,1),(5,18,0,1),(5,31,0,0),(5,33,0,0),(5,35,0,0),(5,36,0,0),(5,37,0,0),(6,3,0,1),(6,4,0,1),(6,5,0,0),(6,6,0,1),(6,10,0,0),(6,11,0,0),(6,12,0,1),(6,16,0,1),(6,18,0,1),(6,31,0,0),(6,33,0,0),(6,35,0,0),(6,36,0,0),(6,37,0,0),(7,3,0,1),(7,4,0,1),(7,5,0,0),(7,6,0,1),(7,10,0,0),(7,11,0,0),(7,12,0,1),(7,16,0,1),(7,18,0,1),(7,31,0,0),(7,33,0,0),(7,35,0,0),(7,36,0,0),(7,37,0,0),(11,3,0,0),(11,4,0,0),(11,5,0,0),(11,6,0,0),(11,10,0,0),(11,11,0,0),(11,12,0,0),(11,16,0,0),(11,18,0,0),(11,31,0,0),(11,33,0,0),(11,35,0,0),(11,36,0,0),(11,37,0,0),(12,3,0,0),(12,4,0,0),(12,5,0,0),(12,6,0,0),(12,10,0,0),(12,11,0,0),(12,12,0,0),(12,16,0,0),(12,18,0,0),(13,3,0,0),(13,4,0,0),(13,5,0,0),(13,6,0,0),(13,10,0,0),(13,11,0,0),(13,12,0,0),(13,16,0,0),(13,18,0,0);

--
-- Table structure for table `fo_max_system_permissions`
--

CREATE TABLE `fo_max_system_permissions` (
  `permission_group_id` int(10) unsigned NOT NULL,
  `can_manage_security` tinyint(1) unsigned NOT NULL DEFAULT 0,
  `can_manage_configuration` tinyint(1) unsigned NOT NULL DEFAULT 0,
  `can_manage_templates` tinyint(1) unsigned NOT NULL DEFAULT 0,
  `can_manage_time` tinyint(1) unsigned NOT NULL DEFAULT 0,
  `can_add_mail_accounts` tinyint(1) unsigned NOT NULL DEFAULT 0,
  `can_manage_dimensions` tinyint(1) unsigned NOT NULL DEFAULT 0,
  `can_manage_dimension_members` tinyint(1) unsigned NOT NULL DEFAULT 0,
  `can_manage_tasks` tinyint(1) unsigned NOT NULL DEFAULT 0,
  `can_task_assignee` tinyint(1) unsigned NOT NULL DEFAULT 0,
  `can_manage_billing` tinyint(1) unsigned NOT NULL DEFAULT 0,
  `can_view_billing` tinyint(1) unsigned NOT NULL DEFAULT 0,
  `can_see_assigned_to_other_tasks` tinyint(1) unsigned NOT NULL DEFAULT 1,
  `can_manage_contacts` tinyint(1) NOT NULL DEFAULT 0,
  `can_edit_executed_payments` tinyint(1) unsigned NOT NULL DEFAULT 0,
  `can_update_other_users_invitations` tinyint(1) unsigned NOT NULL DEFAULT 0,
  `can_link_objects` tinyint(1) unsigned NOT NULL DEFAULT 0,
  `can_instantiate_templates` tinyint(1) unsigned NOT NULL DEFAULT 0,
  `can_manage_repetitive_properties_of_tasks` tinyint(1) NOT NULL DEFAULT 0,
  `can_add_timeslots_in_time_tab` tinyint(1) unsigned NOT NULL DEFAULT 0,
  `can_see_others_timeslots` tinyint(1) unsigned NOT NULL DEFAULT 1,
  `can_see_expenses_of_others` tinyint(1) unsigned NOT NULL DEFAULT 1,
  PRIMARY KEY (`permission_group_id`)
) ENGINE=InnoDB DEFAULT CHARSET=utf8 COLLATE=utf8_unicode_ci;

--
-- Dumping data for table `fo_max_system_permissions`
--

INSERT INTO `fo_max_system_permissions` VALUES (1,1,1,1,1,1,1,1,1,1,1,1,1,1,1,1,1,1,1,1,1,1),(2,1,1,1,1,1,1,1,1,1,1,1,1,1,1,1,1,1,1,1,1,1),(3,1,0,1,1,1,0,1,1,1,1,1,1,1,1,1,1,1,1,1,1,1),(4,1,0,0,0,1,0,1,1,1,0,1,1,1,0,1,1,1,1,1,1,1),(5,0,0,0,0,0,0,0,0,1,0,0,1,0,0,0,1,0,0,0,1,1),(6,0,0,0,0,0,0,0,0,1,0,0,0,0,0,0,1,0,0,1,0,0),(7,0,0,0,0,0,0,0,0,1,0,0,0,0,0,0,1,0,0,0,0,0),(11,0,0,0,0,0,0,0,0,0,0,0,1,0,0,0,0,0,0,0,1,1),(12,0,0,0,0,0,0,0,0,0,0,0,1,0,0,0,0,0,0,0,1,1),(13,0,0,0,0,0,0,0,0,0,0,1,1,0,0,0,0,0,0,0,1,1);

--
-- Table structure for table `fo_member_custom_properties`
--

CREATE TABLE `fo_member_custom_properties` (
  `id` int(10) NOT NULL AUTO_INCREMENT,
  `object_type_id` int(10) unsigned NOT NULL,
  `name` varchar(255) COLLATE utf8_unicode_ci NOT NULL,
  `type` varchar(255) COLLATE utf8_unicode_ci NOT NULL,
  `description` text COLLATE utf8_unicode_ci NOT NULL,
  `values` text COLLATE utf8_unicode_ci NOT NULL,
  `default_value` text COLLATE utf8_unicode_ci NOT NULL,
  `is_system` tinyint(1) NOT NULL,
  `is_required` tinyint(1) NOT NULL,
  `is_multiple_values` tinyint(1) NOT NULL,
  `property_order` int(10) NOT NULL,
  `visible_by_default` tinyint(1) NOT NULL,
  `code` varchar(255) COLLATE utf8_unicode_ci NOT NULL DEFAULT '',
  `is_special` tinyint(1) NOT NULL,
  `is_disabled` tinyint(1) NOT NULL,
  `show_in_lists` tinyint(1) NOT NULL DEFAULT 0,
  `total_operation` varchar(50) COLLATE utf8_unicode_ci NOT NULL DEFAULT '',
  PRIMARY KEY (`id`)
) ENGINE=InnoDB AUTO_INCREMENT=43 DEFAULT CHARSET=utf8 COLLATE=utf8_unicode_ci;

--
-- Dumping data for table `fo_member_custom_properties`
--

INSERT INTO `fo_member_custom_properties` VALUES (8,2,'Color','color','','','',0,0,0,30,1,'color_special',1,0,1,''),(13,27,'Color','color','','','',0,0,0,30,1,'color_special',1,0,1,''),(14,28,'Color','color','','','',0,0,0,30,1,'color_special',1,0,1,''),(15,29,'Color','color','','','',0,0,0,30,1,'color_special',1,0,1,''),(23,2,'Description','memo','','','',0,0,0,31,1,'description_special',1,0,1,''),(28,27,'Description','memo','','','',0,0,0,31,1,'description_special',1,0,1,''),(29,28,'Description','memo','','','',0,0,0,31,1,'description_special',1,0,1,''),(30,29,'Description','memo','','','',0,0,0,31,1,'description_special',1,0,1,'');

--
-- Table structure for table `fo_member_custom_property_values`
--

CREATE TABLE `fo_member_custom_property_values` (
  `id` int(10) NOT NULL AUTO_INCREMENT,
  `member_id` int(10) NOT NULL,
  `custom_property_id` int(10) NOT NULL,
  `value` text COLLATE utf8_unicode_ci NOT NULL,
  PRIMARY KEY (`id`),
  KEY `member_id` (`member_id`)
) ENGINE=InnoDB DEFAULT CHARSET=utf8 COLLATE=utf8_unicode_ci;

--
-- Dumping data for table `fo_member_custom_property_values`
--


--
-- Table structure for table `fo_member_history`
--

CREATE TABLE `fo_member_history` (
  `id` int(11) NOT NULL AUTO_INCREMENT,
  `member_id` int(11) NOT NULL,
  `type` varchar(50) COLLATE utf8_unicode_ci NOT NULL,
  `property` varchar(50) COLLATE utf8_unicode_ci NOT NULL,
  `action` varchar(50) COLLATE utf8_unicode_ci NOT NULL,
  `value` text COLLATE utf8_unicode_ci NOT NULL,
  `created_by_id` int(11) NOT NULL,
  `created_on` datetime NOT NULL,
  PRIMARY KEY (`id`),
  KEY `member_id_created_on` (`member_id`,`created_on`)
) ENGINE=InnoDB DEFAULT CHARSET=utf8 COLLATE=utf8_unicode_ci;

--
-- Dumping data for table `fo_member_history`
--


--
-- Table structure for table `fo_member_property_members`
--

CREATE TABLE `fo_member_property_members` (
  `id` int(10) unsigned NOT NULL AUTO_INCREMENT,
  `association_id` int(10) unsigned NOT NULL,
  `member_id` int(10) unsigned NOT NULL,
  `property_member_id` int(10) unsigned NOT NULL,
  `is_active` tinyint(1) unsigned NOT NULL DEFAULT 0,
  `created_on` datetime NOT NULL DEFAULT '0000-00-00 00:00:00',
  `created_by_id` int(10) unsigned DEFAULT NULL,
  PRIMARY KEY (`id`),
  KEY `member_id_property_member_id` (`member_id`,`property_member_id`),
  KEY `is_active` (`is_active`),
  KEY `property_member_id` (`property_member_id`,`member_id`),
  KEY `association_id` (`association_id`,`member_id`,`property_member_id`)
) ENGINE=InnoDB AUTO_INCREMENT=50 DEFAULT CHARSET=utf8 COLLATE=utf8_unicode_ci;

--
-- Dumping data for table `fo_member_property_members`
--

INSERT INTO `fo_member_property_members` VALUES (5,11,6,2,1,'2024-05-05 13:31:08',2),(6,11,7,2,1,'2024-05-05 13:34:48',2),(7,11,8,2,1,'2024-05-05 13:40:46',2),(8,11,9,2,1,'2024-05-05 13:43:17',2),(9,11,10,2,1,'2024-05-05 13:47:42',2),(10,11,11,2,1,'2024-05-05 13:48:16',2),(11,11,4,2,1,'2024-05-05 13:50:04',2),(12,11,5,2,1,'2024-05-05 13:50:14',2),(13,11,12,2,1,'2024-05-05 13:50:57',2),(15,11,13,2,1,'2024-05-05 13:51:27',2),(16,11,14,2,1,'2024-05-05 13:51:49',2),(17,11,15,2,1,'2024-05-05 13:52:08',2),(18,11,16,2,1,'2024-05-05 13:52:33',2),(19,11,17,2,1,'2024-05-05 13:52:53',2),(20,11,18,2,1,'2024-05-05 13:53:08',2),(21,11,19,2,1,'2024-05-05 13:53:31',2),(22,11,20,2,1,'2024-05-05 13:53:49',2),(23,11,21,2,1,'2024-05-05 13:54:06',2),(24,11,22,2,1,'2024-05-05 13:54:26',2),(25,11,23,2,1,'2024-05-05 13:55:20',2),(27,11,25,2,1,'2024-05-05 13:58:06',2),(28,11,26,2,1,'2024-05-05 13:58:31',2),(29,11,27,2,1,'2024-05-05 13:59:03',2),(30,11,28,2,1,'2024-05-05 14:00:39',2),(31,11,29,2,1,'2024-05-05 14:01:17',2),(32,11,30,2,1,'2024-05-05 14:01:57',2),(33,11,31,2,1,'2024-05-05 14:04:37',2),(34,11,32,2,1,'2024-05-05 14:05:04',2),(35,11,33,2,1,'2024-05-06 04:38:23',2),(36,11,34,2,1,'2024-05-06 04:56:51',2),(37,11,35,2,1,'2024-05-06 06:08:17',2),(39,11,36,2,1,'2024-05-07 04:48:48',2),(40,11,37,2,1,'2024-05-07 09:15:21',2),(41,11,38,2,1,'2024-05-08 04:25:55',2),(42,11,39,2,1,'2024-05-08 04:28:03',2),(43,11,40,2,1,'2024-05-08 05:15:46',2),(44,11,41,2,1,'2024-05-08 10:59:15',2),(45,11,42,2,1,'2024-05-10 03:55:37',2),(48,11,44,43,1,'2024-05-12 04:37:42',2),(49,11,44,2,1,'2024-05-12 04:37:42',2);

--
-- Table structure for table `fo_member_restrictions`
--

CREATE TABLE `fo_member_restrictions` (
  `member_id` int(10) unsigned NOT NULL,
  `restricted_member_id` int(10) unsigned NOT NULL,
  `order` smallint(5) unsigned NOT NULL,
  PRIMARY KEY (`member_id`,`restricted_member_id`)
) ENGINE=InnoDB DEFAULT CHARSET=utf8 COLLATE=utf8_unicode_ci;

--
-- Dumping data for table `fo_member_restrictions`
--


--
-- Table structure for table `fo_members`
--

CREATE TABLE `fo_members` (
  `id` int(10) unsigned NOT NULL AUTO_INCREMENT,
  `dimension_id` int(10) unsigned NOT NULL,
  `object_type_id` int(10) unsigned NOT NULL,
  `parent_member_id` int(10) unsigned NOT NULL DEFAULT 0,
  `depth` int(2) unsigned NOT NULL,
  `name` varchar(511) COLLATE utf8_unicode_ci NOT NULL DEFAULT '',
  `object_id` int(10) unsigned DEFAULT NULL,
  `archived_on` datetime NOT NULL DEFAULT '0000-00-00 00:00:00',
  `archived_by_id` int(10) unsigned DEFAULT NULL,
  `color` int(10) unsigned NOT NULL DEFAULT 0,
  `order` int(10) unsigned NOT NULL DEFAULT 0,
  `description` text COLLATE utf8_unicode_ci NOT NULL,
  `display_name` varchar(511) COLLATE utf8_unicode_ci NOT NULL DEFAULT '',
  PRIMARY KEY (`id`),
  KEY `by_parent` (`parent_member_id`),
  KEY `by_dimension` (`dimension_id`,`parent_member_id`,`name`(255)),
  KEY `by_object_id` (`object_id`),
  KEY `archived_on` (`archived_on`),
  KEY `name` (`name`(255))
) ENGINE=InnoDB AUTO_INCREMENT=45 DEFAULT CHARSET=utf8 COLLATE=utf8_unicode_ci;

--
-- Dumping data for table `fo_members`
--

INSERT INTO `fo_members` VALUES (1,1,20,0,1,'KELLOCK MANAGEMENT CONSULTANTS CC ',1,'0000-00-00 00:00:00',0,0,0,'','KELLOCK MANAGEMENT CONSULTANTS CC '),(2,1,19,1,2,'PEET ',2,'0000-00-00 00:00:00',0,0,0,'','PEET '),(4,4,1,0,1,'0001 - PJA',339,'0000-00-00 00:00:00',0,7,0,'','0001 - PJA'),(5,4,1,0,1,'0010 - KMC',341,'0000-00-00 00:00:00',0,7,0,'','0010 - KMC'),(6,4,1,0,1,'0099 - Noel D Hulley',342,'0000-00-00 00:00:00',0,6,0,'','0099 - Noel D Hulley'),(7,4,1,0,1,'1236 - Harcourts',343,'0000-00-00 00:00:00',0,12,0,'','1236 - Harcourts'),(8,4,1,0,1,'1150 - Transamine',346,'0000-00-00 00:00:00',0,12,0,'','1150 - Transamine'),(9,4,1,0,1,'1162 - Booktalk',349,'0000-00-00 00:00:00',0,12,0,'','1162 - Booktalk'),(10,4,1,0,1,'0099 - Tower',352,'0000-00-00 00:00:00',0,12,0,'','0099 - Tower'),(11,4,1,0,1,'1001 - NWT',353,'0000-00-00 00:00:00',0,12,0,'','1001 - NWT'),(12,4,1,0,1,'0099 - Tower UPS',355,'0000-00-00 00:00:00',0,12,0,'','0099 - Tower UPS'),(13,4,1,0,1,'0440 - Petrus J Oosthuisen',356,'0000-00-00 00:00:00',0,7,0,'','0440 - Petrus J Oosthuisen'),(14,4,1,0,1,'0822 - Dr Eric C Bue',357,'0000-00-00 00:00:00',0,12,0,'','0822 - Dr Eric C Bue'),(15,4,1,0,1,'0960 - Spa Professionals',358,'0000-00-00 00:00:00',0,12,0,'','0960 - Spa Professionals'),(16,4,1,0,1,'0962 - Dermafix',359,'0000-00-00 00:00:00',0,12,0,'','0962 - Dermafix'),(17,4,1,0,1,'0965 - Quiddity',360,'0000-00-00 00:00:00',0,7,0,'','0965 - Quiddity'),(18,4,1,0,1,'0989 - Buccaneer',361,'0000-00-00 00:00:00',0,12,0,'','0989 - Buccaneer'),(19,4,1,0,1,'1002 - Reynolds Prop Inv',362,'0000-00-00 00:00:00',0,12,0,'','1002 - Reynolds Prop Inv'),(20,4,1,0,1,'1004 - Move on Up',363,'0000-00-00 00:00:00',0,12,0,'','1004 - Move on Up'),(21,4,1,0,1,'1019 - Arklow HOA',364,'0000-00-00 00:00:00',0,7,0,'','1019 - Arklow HOA'),(22,4,1,0,1,'1029 - Craig J McMurray',365,'0000-00-00 00:00:00',0,7,0,'','1029 - Craig J McMurray'),(23,4,1,0,1,'0440 - Brenda Oosthuisen',366,'0000-00-00 00:00:00',0,7,0,'','0440 - Brenda Oosthuisen'),(25,4,1,0,1,'0001 - Abibail Rose',368,'0000-00-00 00:00:00',0,19,0,'','0001 - Abibail Rose'),(26,4,1,0,1,'0001 - Christian Alexander',369,'0000-00-00 00:00:00',0,19,0,'','0001 - Christian Alexander'),(27,4,1,0,1,'0001 - Lucille E JvR Petersen',370,'0000-00-00 00:00:00',0,19,0,'','0001 - Lucille E JvR Petersen'),(28,4,1,0,1,'0099 - Glynis Hulley',371,'0000-00-00 00:00:00',0,18,0,'','0099 - Glynis Hulley'),(29,4,1,0,1,'0099 - Andre J Joubert',372,'0000-00-00 00:00:00',0,24,0,'','0099 - Andre J Joubert'),(30,4,1,0,1,'0099 - Jenny Ecgroignard',373,'0000-00-00 00:00:00',0,24,0,'','0099 - Jenny Ecgroignard'),(31,4,1,0,1,'0822 - Tracey H Bue',374,'0000-00-00 00:00:00',0,24,0,'','0822 - Tracey H Bue'),(32,4,1,0,1,'0822 - Jaqueline du Randt',375,'0000-00-00 00:00:00',0,24,0,'','0822 - Jaqueline du Randt'),(33,4,1,0,1,'1040 - Mypiggy',384,'0000-00-00 00:00:00',0,6,0,'','1040 - Mypiggy'),(34,4,1,0,1,'1098 - K2 Capital',388,'0000-00-00 00:00:00',0,12,0,'','1098 - K2 Capital'),(35,4,1,0,1,'1279 - Welgelegen',403,'0000-00-00 00:00:00',0,6,0,'','1279 - Welgelegen'),(36,4,1,0,1,'1285 - Welko HOA',533,'0000-00-00 00:00:00',0,6,0,'','1285 - Welko HOA'),(37,4,1,0,1,'1246 - Greenside',616,'0000-00-00 00:00:00',0,12,0,'','1246 - Greenside'),(38,4,1,0,1,'1047 - IRBI',719,'0000-00-00 00:00:00',0,12,0,'','1047 - IRBI'),(39,4,1,0,1,'1293 - Tegnal Group',720,'0000-00-00 00:00:00',0,12,0,'','1293 - Tegnal Group'),(40,4,1,0,1,'1294 - Gourmet Mechanics',733,'0000-00-00 00:00:00',0,12,0,'','1294 - Gourmet Mechanics'),(41,4,1,0,1,'1275 - Lecar',796,'0000-00-00 00:00:00',0,7,0,'','1275 - Lecar'),(42,4,1,0,1,'1191 - Purple Trurtle',1062,'0000-00-00 00:00:00',0,7,0,'','1191 - Purple Trurtle'),(43,1,19,0,1,'Feng Office Support',1159,'0000-00-00 00:00:00',0,0,0,'',''),(44,4,1,0,1,'1292 - Sheermontana',1247,'0000-00-00 00:00:00',0,12,0,'','1292 - Sheermontana');

--
-- Table structure for table `fo_non_working_days`
--

CREATE TABLE `fo_non_working_days` (
  `id` int(10) unsigned NOT NULL AUTO_INCREMENT,
  `day` int(10) unsigned NOT NULL,
  `month` int(10) unsigned NOT NULL,
  `name` varchar(255) COLLATE utf8_unicode_ci NOT NULL,
  `year` int(10) unsigned NOT NULL DEFAULT 0,
  PRIMARY KEY (`id`),
  KEY `monthday` (`month`,`day`),
  KEY `year_month_day` (`year`,`month`,`day`)
) ENGINE=InnoDB DEFAULT CHARSET=utf8 COLLATE=utf8_unicode_ci;

--
-- Dumping data for table `fo_non_working_days`
--


--
-- Table structure for table `fo_object_contact_permissions`
--

CREATE TABLE `fo_object_contact_permissions` (
  `rel_object_id` int(10) unsigned NOT NULL,
  `contact_id` int(10) unsigned NOT NULL,
  `can_read` tinyint(1) unsigned NOT NULL,
  `can_write` tinyint(1) unsigned NOT NULL,
  `can_delete` tinyint(1) unsigned NOT NULL,
  PRIMARY KEY (`rel_object_id`,`contact_id`)
) ENGINE=InnoDB DEFAULT CHARSET=utf8 COLLATE=utf8_unicode_ci;

--
-- Dumping data for table `fo_object_contact_permissions`
--


--
-- Table structure for table `fo_object_formulas`
--

CREATE TABLE `fo_object_formulas` (
  `object_id` int(10) unsigned NOT NULL,
  `formula_id` int(10) unsigned NOT NULL,
  PRIMARY KEY (`object_id`,`formula_id`)
) ENGINE=InnoDB DEFAULT CHARSET=utf8 COLLATE=utf8_unicode_ci;

--
-- Dumping data for table `fo_object_formulas`
--


--
-- Table structure for table `fo_object_members`
--

CREATE TABLE `fo_object_members` (
  `object_id` int(10) unsigned NOT NULL,
  `member_id` int(10) unsigned NOT NULL,
  `is_optimization` tinyint(1) unsigned NOT NULL DEFAULT 0,
  PRIMARY KEY (`object_id`,`member_id`),
  KEY `member_id` (`member_id`),
  KEY `is_optimization` (`is_optimization`)
) ENGINE=InnoDB DEFAULT CHARSET=utf8 COLLATE=utf8_unicode_ci;

--
-- Dumping data for table `fo_object_members`
--

INSERT INTO `fo_object_members` VALUES (1,1,0),(1,2,0),(1,5,0),(2,2,0),(2,4,0),(2,5,0),(2,6,0),(2,7,0),(2,8,0),(2,9,0),(2,10,0),(2,11,0),(2,12,0),(2,13,0),(2,14,0),(2,15,0),(2,16,0),(2,17,0),(2,18,0),(2,19,0),(2,20,0),(2,21,0),(2,22,0),(2,23,0),(2,25,0),(2,26,0),(2,27,0),(2,28,0),(2,29,0),(2,30,0),(2,31,0),(2,32,0),(2,33,0),(2,34,0),(2,35,0),(2,36,0),(2,37,0),(2,38,0),(2,39,0),(2,40,0),(2,41,0),(2,42,0),(2,44,0),(15,2,0),(17,2,0),(21,2,0),(226,2,0),(226,9,0),(227,2,0),(227,9,0),(229,2,0),(229,8,0),(276,2,0),(276,35,0),(309,2,0),(309,10,0),(328,2,0),(328,11,0),(333,2,0),(333,9,0),(334,2,0),(334,9,0),(345,2,0),(345,7,0),(347,2,0),(347,8,0),(350,9,0),(354,4,0),(376,35,0),(377,2,0),(377,35,0),(382,2,0),(382,33,0),(383,2,0),(383,33,0),(390,34,0),(391,2,0),(391,34,0),(392,34,0),(394,34,0),(395,2,0),(395,35,0),(396,2,0),(396,35,0),(397,34,0),(398,2,0),(398,35,0),(405,2,0),(405,35,0),(406,2,0),(406,11,0),(408,2,0),(408,33,0),(410,2,0),(410,11,0),(412,11,0),(414,11,0),(416,11,0),(418,11,0),(420,2,0),(420,9,0),(421,9,0),(423,9,0),(425,9,0),(427,2,0),(427,35,0),(428,9,0),(430,2,0),(430,33,0),(430,35,0),(431,33,0),(433,2,0),(433,7,0),(442,35,0),(448,2,0),(448,8,0),(452,2,0),(452,8,0),(455,2,0),(455,9,0),(456,2,0),(456,35,0),(459,35,0),(460,2,0),(460,33,0),(461,2,0),(461,35,0),(462,2,0),(462,34,0),(463,2,0),(463,33,0),(467,2,0),(467,35,0),(469,2,0),(469,35,0),(475,2,0),(475,34,0),(478,2,0),(478,7,0),(479,7,0),(481,2,0),(481,35,0),(482,2,0),(482,34,0),(483,7,0),(484,7,0),(487,34,0),(490,2,0),(490,34,0),(491,2,0),(491,7,0),(492,2,0),(492,35,0),(493,2,0),(493,36,0),(495,2,0),(495,34,0),(504,2,0),(504,7,0),(505,7,0),(507,7,0),(509,7,0),(517,35,0),(523,2,0),(523,36,0),(535,35,0),(536,35,0),(537,2,0),(537,9,0),(538,2,0),(538,11,0),(541,35,0),(544,35,0),(552,2,0),(552,35,0),(553,2,0),(553,33,0),(553,35,0),(554,33,0),(557,2,0),(557,15,0),(560,2,0),(560,36,0),(561,2,0),(561,36,0),(564,2,0),(564,34,0),(565,2,0),(565,34,0),(566,2,0),(566,34,0),(568,2,0),(568,36,0),(569,34,0),(571,34,0),(573,34,0),(575,34,0),(577,34,0),(580,2,0),(580,34,0),(581,2,0),(581,34,0),(582,7,0),(583,34,0),(585,34,0),(587,2,0),(587,34,0),(588,2,0),(588,34,0),(589,2,0),(589,34,0),(590,2,0),(590,34,0),(592,7,0),(593,7,0),(598,2,0),(598,37,0),(599,2,0),(599,34,0),(600,2,0),(600,34,0),(602,2,0),(602,34,0),(604,2,0),(604,34,0),(606,2,0),(606,35,0),(608,2,0),(608,34,0),(609,2,0),(609,35,0),(613,2,0),(613,36,0),(615,2,0),(615,34,0),(617,37,0),(619,2,0),(619,37,0),(622,2,0),(622,34,0),(623,2,0),(623,35,0),(625,35,0),(631,2,0),(631,35,0),(633,35,0),(634,35,0),(636,2,0),(636,34,0),(637,2,0),(637,34,0),(642,2,0),(642,34,0),(643,2,0),(643,34,0),(645,2,0),(645,34,0),(650,2,0),(650,36,0),(651,2,0),(651,7,0),(652,2,0),(652,35,0),(654,2,0),(654,35,0),(656,2,0),(656,35,0),(657,2,0),(657,35,0),(658,34,0),(660,34,0),(662,34,0),(664,34,0),(666,2,0),(666,34,0),(667,2,0),(667,9,0),(668,2,0),(668,11,0),(669,2,0),(669,11,0),(671,11,0),(673,11,0),(675,11,0),(677,2,0),(677,11,0),(679,11,0),(680,11,0),(685,4,0),(686,4,0),(689,9,0),(690,9,0),(692,35,0),(697,35,0),(699,15,0),(701,2,0),(701,35,0),(702,35,0),(704,39,0),(716,38,0),(722,35,0),(723,4,0),(725,2,0),(725,11,0),(726,11,0),(727,35,0),(729,35,0),(731,40,0),(734,4,0),(735,4,0),(737,11,0),(744,11,0),(746,8,0),(747,8,0),(749,8,0),(751,8,0),(753,18,0),(754,33,0),(755,33,0),(757,8,0),(758,8,0),(760,27,0),(763,8,0),(764,8,0),(767,35,0),(773,36,0),(774,8,0),(776,8,0),(778,35,0),(779,16,0),(780,7,0),(782,35,0),(783,35,0),(785,35,0),(787,34,0),(788,41,0),(789,34,0),(791,34,0),(792,35,0),(793,35,0),(794,2,0),(794,34,0),(795,35,0),(797,2,0),(797,41,0),(798,35,0),(799,35,0),(800,2,0),(800,21,0),(801,2,0),(801,10,0),(803,4,0),(804,34,0),(805,34,0),(807,34,0),(814,15,0),(816,34,0),(820,35,0),(821,35,0),(822,35,0),(824,35,0),(826,35,0),(828,35,0),(829,35,0),(830,2,0),(830,35,0),(833,41,0),(840,35,0),(843,41,0),(846,35,0),(847,35,0),(851,27,0),(852,11,0),(853,11,0),(855,11,0),(859,8,0),(860,8,0),(861,8,0),(863,2,0),(863,35,0),(864,2,0),(864,35,0),(869,41,0),(870,41,0),(871,35,0),(872,2,0),(872,35,0),(875,15,0),(876,35,0),(877,35,0),(881,18,0),(882,18,0),(884,18,0),(887,35,0),(892,10,0),(893,15,0),(897,35,0),(899,15,0),(900,35,0),(901,35,0),(903,35,0),(905,35,0),(907,15,0),(908,35,0),(910,10,0),(912,15,0),(916,15,0),(917,15,0),(921,15,0),(922,15,0),(924,2,0),(924,15,0),(929,10,0),(930,11,0),(931,11,0),(932,10,0),(934,10,0),(936,33,0),(937,33,0),(939,33,0),(944,10,0),(946,35,0),(948,2,0),(948,35,0),(949,9,0),(951,9,0),(956,35,0),(957,37,0),(959,37,0),(960,2,0),(960,37,0),(975,27,0),(976,35,0),(978,35,0),(980,35,0),(983,15,0),(985,35,0),(991,37,0),(992,37,0),(994,37,0),(995,37,0),(997,37,0),(999,37,0),(1001,37,0),(1004,11,0),(1005,2,0),(1005,37,0),(1006,2,0),(1006,37,0),(1007,2,0),(1007,11,0),(1008,2,0),(1008,21,0),(1010,15,0),(1012,35,0),(1013,35,0),(1015,15,0),(1018,35,0),(1021,21,0),(1022,21,0),(1026,2,0),(1026,9,0),(1027,2,0),(1027,9,0),(1030,9,0),(1031,9,0),(1034,9,0),(1036,10,0),(1037,10,0),(1039,10,0),(1041,10,0),(1042,2,0),(1042,10,0),(1054,42,0),(1058,33,0),(1063,18,0),(1066,18,0),(1067,18,0),(1074,35,0),(1075,2,0),(1075,35,0),(1077,35,0),(1080,35,0),(1084,33,0),(1084,37,0),(1085,33,0),(1087,5,0),(1088,27,0),(1088,33,0),(1089,33,0),(1093,5,0),(1094,27,0),(1094,33,0),(1099,15,0),(1104,26,0),(1109,26,0),(1114,5,0),(1115,5,0),(1117,33,0),(1120,5,0),(1122,5,0),(1124,2,0),(1124,5,0),(1128,2,0),(1128,5,0),(1129,2,0),(1129,35,0),(1130,11,0),(1134,6,0),(1138,6,0),(1139,6,0),(1141,2,0),(1141,15,0),(1142,11,0),(1143,33,0),(1145,35,0),(1146,35,0),(1147,35,0),(1149,35,0),(1150,35,0),(1153,35,0),(1154,35,0),(1159,1,0),(1159,2,0),(1159,4,0),(1159,5,0),(1159,6,0),(1159,7,0),(1159,8,0),(1159,9,0),(1159,10,0),(1159,11,0),(1159,12,0),(1159,13,0),(1159,14,0),(1159,15,0),(1159,16,0),(1159,17,0),(1159,18,0),(1159,19,0),(1159,20,0),(1159,21,0),(1159,22,0),(1159,23,0),(1159,25,0),(1159,26,0),(1159,27,0),(1159,28,0),(1159,29,0),(1159,30,0),(1159,31,0),(1159,32,0),(1159,33,0),(1159,34,0),(1159,35,0),(1159,36,0),(1159,37,0),(1159,38,0),(1159,39,0),(1159,40,0),(1159,41,0),(1159,42,0),(1159,43,0),(1159,44,0),(1164,4,0),(1172,33,0),(1180,5,0),(1181,2,0),(1181,5,0),(1182,2,0),(1182,33,0),(1184,5,0),(1186,35,0),(1187,2,0),(1187,33,0),(1188,35,0),(1189,35,0),(1190,5,0),(1191,35,0),(1192,6,0),(1193,6,0),(1195,6,0),(1196,10,0),(1198,14,0),(1199,14,0),(1202,14,0),(1203,5,0),(1204,5,0),(1206,15,0),(1207,15,0),(1210,15,0),(1211,15,0),(1212,35,0),(1213,5,0),(1214,33,0),(1217,33,0),(1219,5,0),(1221,15,0),(1222,15,0),(1223,15,0),(1225,15,0),(1226,15,0),(1227,15,0),(1229,16,0),(1230,16,0),(1231,16,0),(1233,16,0),(1240,4,0),(1241,16,0),(1243,16,0),(1244,2,0),(1244,4,0),(1245,44,0),(1246,44,0),(1248,44,0),(1250,2,0),(1250,44,0),(1253,11,0),(1258,11,0),(1282,16,0),(1283,16,0),(1285,16,0),(1287,16,0),(1288,15,0),(1289,16,0),(1290,16,0),(1296,37,0),(1297,35,0),(1298,10,0),(1300,37,0),(1301,37,0),(1303,37,0),(1304,2,0),(1304,37,0),(1305,37,0),(1307,37,0),(1308,35,0),(1309,35,0),(1310,35,0),(1311,35,0),(1313,35,0),(1315,8,0),(1316,35,0),(1317,11,0),(1318,11,0),(1319,15,0),(1320,10,0),(1321,10,0),(1323,8,0),(1325,8,0),(1326,35,0),(1327,11,0),(1328,11,0),(1329,2,0),(1329,15,0),(1330,10,0),(1337,11,0),(1338,36,0),(1339,33,0),(1339,37,0),(1347,11,0),(1348,15,0),(1349,15,0),(1351,15,0),(1353,15,0),(1355,15,0),(1356,15,0),(1358,15,0),(1360,16,0),(1361,15,0),(1361,16,0),(1363,15,0),(1363,16,0),(1368,33,0),(1369,33,0),(1371,35,0),(1375,35,0),(1376,35,0),(1378,35,0),(1379,11,0),(1381,11,0),(1382,15,0),(1383,2,0),(1383,15,0),(1384,16,0),(1388,15,0),(1389,15,0),(1392,39,0),(1395,36,0),(1397,35,0),(1399,36,0),(1401,15,0),(1402,15,0),(1406,35,0),(1407,35,0),(1414,33,0),(1415,35,0),(1416,35,0),(1417,15,0),(1420,35,0),(1422,15,0),(1424,10,0),(1425,2,0),(1425,10,0),(1426,2,0),(1426,15,0),(1429,2,0),(1429,35,0),(1430,9,0),(1431,9,0),(1432,4,0),(1434,35,0),(1435,35,0),(1437,7,0),(1438,2,0),(1438,4,0),(1439,7,0),(1443,9,0),(1444,9,0),(1460,15,0),(2,1,1),(15,1,1),(17,1,1),(21,1,1),(226,1,1),(227,1,1),(229,1,1),(276,1,1),(309,1,1),(328,1,1),(333,1,1),(334,1,1),(345,1,1),(347,1,1),(377,1,1),(382,1,1),(383,1,1),(391,1,1),(395,1,1),(396,1,1),(398,1,1),(405,1,1),(406,1,1),(408,1,1),(410,1,1),(420,1,1),(427,1,1),(430,1,1),(433,1,1),(448,1,1),(452,1,1),(455,1,1),(456,1,1),(460,1,1),(461,1,1),(462,1,1),(463,1,1),(467,1,1),(469,1,1),(475,1,1),(478,1,1),(481,1,1),(482,1,1),(490,1,1),(491,1,1),(492,1,1),(493,1,1),(495,1,1),(504,1,1),(523,1,1),(537,1,1),(538,1,1),(552,1,1),(553,1,1),(557,1,1),(560,1,1),(561,1,1),(564,1,1),(565,1,1),(566,1,1),(568,1,1),(580,1,1),(581,1,1),(587,1,1),(588,1,1),(589,1,1),(590,1,1),(598,1,1),(599,1,1),(600,1,1),(602,1,1),(604,1,1),(606,1,1),(608,1,1),(609,1,1),(613,1,1),(615,1,1),(619,1,1),(622,1,1),(623,1,1),(631,1,1),(636,1,1),(637,1,1),(642,1,1),(643,1,1),(645,1,1),(650,1,1),(651,1,1),(652,1,1),(654,1,1),(656,1,1),(657,1,1),(666,1,1),(667,1,1),(668,1,1),(669,1,1),(677,1,1),(701,1,1),(725,1,1),(794,1,1),(797,1,1),(800,1,1),(801,1,1),(830,1,1),(863,1,1),(864,1,1),(872,1,1),(924,1,1),(948,1,1),(960,1,1),(1005,1,1),(1006,1,1),(1007,1,1),(1008,1,1),(1026,1,1),(1027,1,1),(1042,1,1),(1075,1,1),(1124,1,1),(1128,1,1),(1129,1,1),(1141,1,1),(1181,1,1),(1182,1,1),(1187,1,1),(1244,1,1),(1250,1,1),(1304,1,1),(1329,1,1),(1383,1,1),(1425,1,1),(1426,1,1),(1429,1,1),(1438,1,1);

--
-- Table structure for table `fo_object_prefix_settings`
--

CREATE TABLE `fo_object_prefix_settings` (
  `object_type_id` int(10) unsigned NOT NULL,
  `enabled` tinyint(1) NOT NULL,
  `max_digits` int(10) unsigned NOT NULL,
  `current_value` int(10) unsigned NOT NULL,
  PRIMARY KEY (`object_type_id`)
) ENGINE=InnoDB DEFAULT CHARSET=utf8 COLLATE=utf8_unicode_ci;

--
-- Dumping data for table `fo_object_prefix_settings`
--


--
-- Table structure for table `fo_object_prefixes`
--

CREATE TABLE `fo_object_prefixes` (
  `object_id` int(10) unsigned NOT NULL,
  `prefix` varchar(50) COLLATE utf8_unicode_ci NOT NULL,
  `object_type_id` int(10) unsigned NOT NULL DEFAULT 0,
  PRIMARY KEY (`object_id`),
  UNIQUE KEY `object_type_id_prefix` (`object_type_id`,`prefix`)
) ENGINE=InnoDB DEFAULT CHARSET=utf8 COLLATE=utf8_unicode_ci;

--
-- Dumping data for table `fo_object_prefixes`
--


--
-- Table structure for table `fo_object_print_options`
--

CREATE TABLE `fo_object_print_options` (
  `object_type_id` int(10) unsigned NOT NULL DEFAULT 0,
  `object_subtype_id` int(10) unsigned NOT NULL DEFAULT 0,
  `option_type` varchar(255) CHARACTER SET latin1 NOT NULL DEFAULT '',
  `property` varchar(255) CHARACTER SET latin1 NOT NULL DEFAULT '',
  `html_content` text CHARACTER SET latin1 NOT NULL,
  `position` varchar(50) CHARACTER SET latin1 NOT NULL DEFAULT 'left',
  `order` int(10) unsigned NOT NULL DEFAULT 0,
  PRIMARY KEY (`object_type_id`,`object_subtype_id`,`option_type`,`property`)
) ENGINE=InnoDB DEFAULT CHARSET=utf8 COLLATE=utf8_unicode_ci;

--
-- Dumping data for table `fo_object_print_options`
--


--
-- Table structure for table `fo_object_properties`
--

CREATE TABLE `fo_object_properties` (
  `id` int(10) unsigned NOT NULL AUTO_INCREMENT,
  `rel_object_id` int(10) unsigned NOT NULL,
  `name` text COLLATE utf8_unicode_ci NOT NULL,
  `value` text COLLATE utf8_unicode_ci NOT NULL,
  PRIMARY KEY (`id`),
  KEY `ObjectID` (`rel_object_id`)
) ENGINE=InnoDB DEFAULT CHARSET=utf8 COLLATE=utf8_unicode_ci;

--
-- Dumping data for table `fo_object_properties`
--


--
-- Table structure for table `fo_object_reminder_types`
--

CREATE TABLE `fo_object_reminder_types` (
  `id` int(10) unsigned NOT NULL AUTO_INCREMENT,
  `name` varchar(40) COLLATE utf8_unicode_ci NOT NULL DEFAULT '',
  PRIMARY KEY (`id`)
) ENGINE=InnoDB AUTO_INCREMENT=3 DEFAULT CHARSET=utf8 COLLATE=utf8_unicode_ci;

--
-- Dumping data for table `fo_object_reminder_types`
--

INSERT INTO `fo_object_reminder_types` VALUES (1,'reminder_email'),(2,'reminder_popup');

--
-- Table structure for table `fo_object_reminders`
--

CREATE TABLE `fo_object_reminders` (
  `id` int(10) unsigned NOT NULL AUTO_INCREMENT,
  `object_id` int(10) unsigned NOT NULL DEFAULT 0,
  `contact_id` int(10) unsigned NOT NULL DEFAULT 0,
  `type` varchar(40) COLLATE utf8_unicode_ci NOT NULL DEFAULT '',
  `context` varchar(40) COLLATE utf8_unicode_ci NOT NULL DEFAULT '',
  `minutes_before` int(10) DEFAULT NULL,
  `date` datetime NOT NULL DEFAULT '0000-00-00 00:00:00',
  PRIMARY KEY (`id`),
  KEY `type_date` (`type`,`date`),
  KEY `obj_date` (`object_id`,`date`)
) ENGINE=InnoDB AUTO_INCREMENT=76 DEFAULT CHARSET=utf8 COLLATE=utf8_unicode_ci;

--
-- Dumping data for table `fo_object_reminders`
--

INSERT INTO `fo_object_reminders` VALUES (26,797,0,'reminder_email','due_date',1440,'2024-05-14 16:00:00'),(28,800,0,'reminder_email','due_date',1440,'2024-05-06 16:00:00'),(34,924,0,'reminder_email','due_date',1440,'2024-05-14 16:00:00'),(35,948,0,'reminder_email','due_date',1440,'2024-05-15 16:00:00'),(46,1181,0,'reminder_email','due_date',1440,'2024-12-01 16:00:00'),(47,1182,0,'reminder_email','due_date',1440,'2024-05-16 16:00:00'),(48,1187,0,'reminder_email','due_date',1440,'2024-05-16 16:00:00'),(49,1244,0,'reminder_email','due_date',1440,'2024-05-15 16:00:00'),(51,619,0,'reminder_email','due_date',1440,'2024-05-07 16:00:00'),(53,666,0,'reminder_email','due_date',1440,'2024-05-14 16:00:00'),(59,1005,0,'reminder_email','due_date',1440,'2024-05-09 16:00:00'),(60,1006,0,'reminder_email','due_date',1440,'2024-05-09 16:00:00'),(64,1129,0,'reminder_email','due_date',1440,'2024-05-11 16:00:00'),(68,960,0,'reminder_email','due_date',1440,'2024-05-15 16:00:00'),(70,1383,0,'reminder_email','due_date',1440,'2024-05-19 16:00:00'),(72,1425,0,'reminder_email','due_date',1440,'2024-05-14 16:00:00'),(73,1426,0,'reminder_email','due_date',1440,'2024-05-14 16:00:00'),(75,1438,0,'reminder_email','due_date',1440,'2024-06-02 16:00:00');

--
-- Table structure for table `fo_object_selector_temp_values`
--

CREATE TABLE `fo_object_selector_temp_values` (
  `user_id` int(11) NOT NULL DEFAULT 0,
  `identifier` varchar(255) COLLATE utf8_unicode_ci NOT NULL,
  `updated_on` datetime NOT NULL DEFAULT '0000-00-00 00:00:00',
  `value` text COLLATE utf8_unicode_ci NOT NULL,
  PRIMARY KEY (`user_id`,`identifier`)
) ENGINE=InnoDB DEFAULT CHARSET=utf8 COLLATE=utf8_unicode_ci;

--
-- Dumping data for table `fo_object_selector_temp_values`
--


--
-- Table structure for table `fo_object_subscriptions`
--

CREATE TABLE `fo_object_subscriptions` (
  `object_id` int(10) unsigned NOT NULL DEFAULT 0,
  `contact_id` int(10) unsigned NOT NULL DEFAULT 0,
  PRIMARY KEY (`object_id`,`contact_id`)
) ENGINE=InnoDB DEFAULT CHARSET=utf8 COLLATE=utf8_unicode_ci;

--
-- Dumping data for table `fo_object_subscriptions`
--

INSERT INTO `fo_object_subscriptions` VALUES (15,2),(17,2),(21,2),(25,2),(26,2),(27,2),(28,2),(29,2),(30,2),(31,2),(32,2),(33,2),(34,2),(35,2),(36,2),(37,2),(38,2),(39,2),(40,2),(41,2),(42,2),(43,2),(44,2),(45,2),(46,2),(47,2),(48,2),(49,2),(50,2),(51,2),(52,2),(53,2),(54,2),(55,2),(56,2),(57,2),(58,2),(59,2),(60,2),(61,2),(62,2),(63,2),(64,2),(65,2),(66,2),(67,2),(68,2),(69,2),(70,2),(71,2),(72,2),(73,2),(74,2),(75,2),(76,2),(77,2),(78,2),(79,2),(80,2),(81,2),(82,2),(83,2),(84,2),(85,2),(86,2),(87,2),(88,2),(89,2),(90,2),(91,2),(92,2),(93,2),(94,2),(95,2),(96,2),(97,2),(98,2),(99,2),(100,2),(101,2),(102,2),(103,2),(104,2),(105,2),(106,2),(107,2),(108,2),(109,2),(110,2),(111,2),(112,2),(113,2),(114,2),(115,2),(116,2),(117,2),(118,2),(119,2),(120,2),(121,2),(122,2),(123,2),(124,2),(125,2),(126,2),(127,2),(128,2),(129,2),(130,2),(131,2),(132,2),(133,2),(134,2),(135,2),(136,2),(137,2),(138,2),(139,2),(140,2),(141,2),(142,2),(143,2),(144,2),(145,2),(146,2),(147,2),(148,2),(149,2),(150,2),(151,2),(152,2),(153,2),(154,2),(155,2),(156,2),(157,2),(158,2),(159,2),(160,2),(161,2),(162,2),(163,2),(164,2),(165,2),(166,2),(167,2),(168,2),(169,2),(170,2),(171,2),(172,2),(173,2),(174,2),(175,2),(176,2),(177,2),(178,2),(179,2),(180,2),(181,2),(182,2),(183,2),(184,2),(185,2),(186,2),(187,2),(188,2),(189,2),(190,2),(191,2),(192,2),(193,2),(194,2),(195,2),(196,2),(197,2),(198,2),(199,2),(200,2),(201,2),(202,2),(203,2),(204,2),(205,2),(206,2),(207,2),(208,2),(209,2),(210,2),(211,2),(212,2),(213,2),(214,2),(215,2),(216,2),(217,2),(218,2),(219,2),(220,2),(221,2),(222,2),(223,2),(224,2),(225,2),(226,2),(227,2),(228,2),(229,2),(230,2),(231,2),(232,2),(233,2),(234,2),(235,2),(236,2),(237,2),(238,2),(239,2),(240,2),(241,2),(242,2),(243,2),(244,2),(245,2),(246,2),(247,2),(248,2),(249,2),(250,2),(251,2),(252,2),(253,2),(254,2),(255,2),(256,2),(257,2),(258,2),(259,2),(260,2),(261,2),(262,2),(263,2),(264,2),(265,2),(266,2),(267,2),(268,2),(269,2),(270,2),(271,2),(272,2),(273,2),(274,2),(275,2),(276,2),(277,2),(278,2),(279,2),(280,2),(281,2),(282,2),(283,2),(284,2),(285,2),(286,2),(287,2),(288,2),(289,2),(290,2),(291,2),(292,2),(293,2),(294,2),(295,2),(296,2),(297,2),(298,2),(299,2),(300,2),(301,2),(302,2),(303,2),(304,2),(305,2),(306,2),(307,2),(308,2),(309,2),(310,2),(311,2),(312,2),(313,2),(314,2),(315,2),(316,2),(317,2),(318,2),(319,2),(320,2),(321,2),(322,2),(323,2),(324,2),(326,2),(327,2),(328,2),(329,2),(330,2),(331,2),(332,2),(333,2),(334,2),(336,2),(337,2),(338,2),(340,2),(344,2),(347,2),(354,2),(376,2),(377,2),(378,2),(379,2),(380,2),(381,2),(382,2),(383,2),(385,2),(386,2),(387,2),(390,2),(391,2),(394,2),(395,2),(396,2),(397,2),(398,2),(399,2),(400,2),(401,2),(402,2),(405,2),(406,2),(407,2),(408,2),(409,2),(410,2),(411,2),(418,2),(419,2),(420,2),(427,2),(428,2),(429,2),(430,2),(433,2),(434,2),(435,2),(436,2),(437,2),(438,2),(439,2),(440,2),(441,2),(442,2),(443,2),(444,2),(445,2),(446,2),(447,2),(448,2),(452,2),(454,2),(455,2),(456,2),(459,2),(460,2),(461,2),(462,2),(463,2),(464,2),(465,2),(466,2),(467,2),(468,2),(469,2),(470,2),(471,2),(473,2),(475,2),(476,2),(477,2),(478,2),(481,2),(482,2),(483,2),(486,2),(490,2),(491,2),(492,2),(493,2),(494,2),(495,2),(496,2),(497,2),(498,2),(499,2),(500,2),(501,2),(502,2),(503,2),(504,2),(511,2),(512,2),(513,2),(514,2),(515,2),(516,2),(517,2),(518,2),(519,2),(520,2),(521,2),(522,2),(523,2),(524,2),(525,2),(526,2),(527,2),(528,2),(529,2),(530,2),(531,2),(532,2),(535,2),(536,2),(537,2),(538,2),(539,2),(540,2),(541,2),(542,2),(543,2),(544,2),(545,2),(546,2),(547,2),(548,2),(549,2),(550,2),(551,2),(552,2),(553,2),(556,2),(557,2),(558,2),(559,2),(560,2),(563,2),(564,2),(565,2),(566,2),(568,2),(579,2),(580,2),(581,2),(582,2),(587,2),(588,2),(589,2),(590,2),(591,2),(592,2),(593,2),(594,2),(595,2),(596,2),(597,2),(598,2),(599,2),(606,2),(607,2),(608,2),(609,2),(610,2),(611,2),(612,2),(613,2),(614,2),(615,2),(619,2),(620,2),(621,2),(622,2),(623,2),(625,2),(626,2),(627,2),(628,2),(629,2),(630,2),(631,2),(632,2),(633,2),(634,2),(635,2),(636,2),(637,2),(638,2),(639,2),(640,2),(641,2),(642,2),(647,2),(648,2),(649,2),(650,2),(651,2),(652,2),(653,2),(654,2),(656,2),(657,2),(666,2),(668,2),(677,2),(679,2),(684,2),(685,2),(686,2),(687,2),(688,2),(689,2),(692,2),(693,2),(694,2),(695,2),(696,2),(697,2),(698,2),(699,2),(701,2),(702,2),(703,2),(704,2),(705,2),(706,2),(707,2),(708,2),(709,2),(710,2),(711,2),(712,2),(713,2),(714,2),(715,2),(716,2),(717,2),(718,2),(721,2),(722,2),(723,2),(724,2),(725,2),(726,2),(727,2),(728,2),(729,2),(730,2),(731,2),(732,2),(734,2),(735,2),(736,2),(737,2),(738,2),(739,2),(740,2),(741,2),(742,2),(744,2),(745,2),(746,2),(751,2),(753,2),(754,2),(757,2),(758,2),(759,2),(760,2),(761,2),(762,2),(763,2),(764,2),(765,2),(766,2),(767,2),(768,2),(769,2),(770,2),(771,2),(772,2),(773,2),(774,2),(775,2),(776,2),(777,2),(778,2),(779,2),(780,2),(781,2),(782,2),(787,2),(788,2),(789,2),(790,2),(791,2),(792,2),(793,2),(794,2),(795,2),(797,2),(798,2),(799,2),(800,2),(801,2),(802,2),(803,2),(804,2),(807,2),(808,2),(809,2),(810,2),(811,2),(812,2),(813,2),(814,2),(815,2),(816,2),(818,2),(819,2),(820,2),(821,2),(828,2),(829,2),(830,2),(831,2),(832,2),(833,2),(834,2),(835,2),(836,2),(837,2),(838,2),(839,2),(840,2),(841,2),(842,2),(843,2),(844,2),(845,2),(846,2),(849,2),(850,2),(851,2),(852,2),(853,2),(854,2),(855,2),(856,2),(857,2),(858,2),(859,2),(860,2),(861,2),(862,2),(863,2),(864,2),(865,2),(866,2),(867,2),(869,2),(870,2),(871,2),(872,2),(873,2),(874,2),(875,2),(876,2),(879,2),(880,2),(881,2),(886,2),(887,2),(888,2),(889,2),(890,2),(891,2),(892,2),(893,2),(894,2),(895,2),(896,2),(897,2),(898,2),(899,2),(900,2),(903,2),(905,2),(907,2),(908,2),(910,2),(912,2),(913,2),(914,2),(915,2),(916,2),(920,2),(921,2),(924,2),(925,2),(926,2),(927,2),(928,2),(929,2),(930,2),(931,2),(934,2),(935,2),(936,2),(939,2),(940,2),(941,2),(942,2),(943,2),(944,2),(945,2),(946,2),(947,2),(948,2),(953,2),(954,2),(955,2),(956,2),(957,2),(959,2),(960,2),(961,2),(962,2),(963,2),(964,2),(965,2),(966,2),(967,2),(968,2),(969,2),(970,2),(971,2),(972,2),(973,2),(974,2),(975,2),(976,2),(977,2),(978,2),(979,2),(980,2),(981,2),(982,2),(983,2),(984,2),(985,2),(986,2),(987,2),(988,2),(989,2),(990,2),(991,2),(994,2),(1003,2),(1004,2),(1005,2),(1006,2),(1007,2),(1009,2),(1010,2),(1011,2),(1012,2),(1015,2),(1016,2),(1017,2),(1018,2),(1019,2),(1020,2),(1021,2),(1025,2),(1027,2),(1028,2),(1029,2),(1030,2),(1034,2),(1035,2),(1036,2),(1039,2),(1041,2),(1043,2),(1044,2),(1045,2),(1046,2),(1047,2),(1048,2),(1049,2),(1050,2),(1051,2),(1052,2),(1053,2),(1054,2),(1055,2),(1056,2),(1057,2),(1058,2),(1059,2),(1060,2),(1061,2),(1063,2),(1064,2),(1065,2),(1066,2),(1067,2),(1068,2),(1069,2),(1070,2),(1071,2),(1072,2),(1073,2),(1074,2),(1075,2),(1076,2),(1077,2),(1078,2),(1079,2),(1082,2),(1083,2),(1084,2),(1087,2),(1088,2),(1091,2),(1092,2),(1093,2),(1094,2),(1095,2),(1096,2),(1097,2),(1098,2),(1099,2),(1100,2),(1101,2),(1102,2),(1103,2),(1104,2),(1105,2),(1106,2),(1107,2),(1108,2),(1109,2),(1110,2),(1111,2),(1112,2),(1113,2),(1114,2),(1115,2),(1116,2),(1117,2),(1118,2),(1119,2),(1124,2),(1125,2),(1126,2),(1127,2),(1128,2),(1129,2),(1130,2),(1131,2),(1132,2),(1133,2),(1134,2),(1135,2),(1136,2),(1137,2),(1138,2),(1141,2),(1142,2),(1143,2),(1144,2),(1145,2),(1146,2),(1149,2),(1152,2),(1153,2),(1156,2),(1157,2),(1158,2),(1160,2),(1161,2),(1162,2),(1163,2),(1164,2),(1165,2),(1166,2),(1167,2),(1168,2),(1169,2),(1170,2),(1171,2),(1172,2),(1173,2),(1174,2),(1175,2),(1176,2),(1177,2),(1178,2),(1179,2),(1180,2),(1181,2),(1182,2),(1184,2),(1185,2),(1186,2),(1187,2),(1188,2),(1189,2),(1190,2),(1191,2),(1192,2),(1195,2),(1196,2),(1197,2),(1198,2),(1202,2),(1203,2),(1206,2),(1210,2),(1211,2),(1212,2),(1213,2),(1214,2),(1215,2),(1217,2),(1219,2),(1220,2),(1221,2),(1222,2),(1225,2),(1226,2),(1227,2),(1228,2),(1229,2),(1230,2),(1231,2),(1232,2),(1233,2),(1234,2),(1235,2),(1236,2),(1237,2),(1238,2),(1239,2),(1240,2),(1243,2),(1244,2),(1245,2),(1246,2),(1252,2),(1253,2),(1254,2),(1255,2),(1256,2),(1257,2),(1258,2),(1259,2),(1260,2),(1261,2),(1262,2),(1263,2),(1264,2),(1265,2),(1266,2),(1267,2),(1268,2),(1269,2),(1270,2),(1271,2),(1272,2),(1273,2),(1274,2),(1275,2),(1276,2),(1277,2),(1278,2),(1279,2),(1280,2),(1281,2),(1282,2),(1287,2),(1288,2),(1289,2),(1290,2),(1292,2),(1293,2),(1294,2),(1295,2),(1296,2),(1297,2),(1298,2),(1300,2),(1303,2),(1305,2),(1306,2),(1307,2),(1308,2),(1309,2),(1310,2),(1313,2),(1314,2),(1315,2),(1316,2),(1317,2),(1318,2),(1319,2),(1320,2),(1325,2),(1326,2),(1327,2),(1328,2),(1329,2),(1330,2),(1331,2),(1336,2),(1337,2),(1338,2),(1339,2),(1340,2),(1341,2),(1342,2),(1343,2),(1344,2),(1345,2),(1346,2),(1347,2),(1348,2),(1355,2),(1360,2),(1365,2),(1366,2),(1367,2),(1368,2),(1371,2),(1372,2),(1373,2),(1374,2),(1375,2),(1378,2),(1381,2),(1382,2),(1383,2),(1384,2),(1385,2),(1386,2),(1387,2),(1388,2),(1392,2),(1395,2),(1396,2),(1397,2),(1398,2),(1399,2),(1400,2),(1401,2),(1404,2),(1405,2),(1406,2),(1409,2),(1410,2),(1411,2),(1412,2),(1413,2),(1414,2),(1415,2),(1416,2),(1417,2),(1419,2),(1420,2),(1421,2),(1422,2),(1423,2),(1424,2),(1425,2),(1426,2),(1427,2),(1428,2),(1429,2),(1430,2),(1431,2),(1432,2),(1433,2),(1434,2),(1437,2),(1438,2),(1441,2),(1442,2),(1443,2),(1446,2),(1447,2),(1448,2),(1449,2),(1450,2),(1451,2),(1452,2),(1453,2),(1454,2),(1455,2),(1456,2),(1457,2),(1458,2),(1459,2),(1460,2),(1461,2),(1462,2),(1463,2),(1464,2),(1465,2),(1466,2),(1467,2),(1468,2),(1469,2),(1470,2),(1471,2),(1472,2),(1473,2),(1474,2),(1475,2),(1476,2),(1477,2),(1478,2),(1479,2),(1480,2),(1481,2),(1482,2),(1483,2),(1484,2);

--
-- Table structure for table `fo_object_subtype_task_templates`
--

CREATE TABLE `fo_object_subtype_task_templates` (
  `object_type_id` int(10) unsigned NOT NULL,
  `object_subtype_id` int(10) unsigned NOT NULL,
  `task_template_id` int(10) unsigned NOT NULL,
  PRIMARY KEY (`object_type_id`,`object_subtype_id`,`task_template_id`)
) ENGINE=InnoDB DEFAULT CHARSET=utf8 COLLATE=utf8_unicode_ci;

--
-- Dumping data for table `fo_object_subtype_task_templates`
--


--
-- Table structure for table `fo_object_type_dependencies`
--

CREATE TABLE `fo_object_type_dependencies` (
  `object_type_id` int(10) unsigned NOT NULL,
  `dependant_object_type_id` int(10) unsigned NOT NULL,
  PRIMARY KEY (`object_type_id`,`dependant_object_type_id`)
) ENGINE=InnoDB DEFAULT CHARSET=utf8 COLLATE=utf8_unicode_ci;

--
-- Dumping data for table `fo_object_type_dependencies`
--


--
-- Table structure for table `fo_object_type_hierarchies`
--

CREATE TABLE `fo_object_type_hierarchies` (
  `id` int(10) unsigned NOT NULL AUTO_INCREMENT,
  `parent_object_type_id` int(10) unsigned NOT NULL DEFAULT 0,
  `child_object_type_id` int(10) unsigned NOT NULL DEFAULT 0,
  PRIMARY KEY (`id`)
) ENGINE=InnoDB DEFAULT CHARSET=utf8 COLLATE=utf8_unicode_ci;

--
-- Dumping data for table `fo_object_type_hierarchies`
--


--
-- Table structure for table `fo_object_type_hierarchy_options`
--

CREATE TABLE `fo_object_type_hierarchy_options` (
  `hierarchy_id` int(10) unsigned NOT NULL DEFAULT 0,
  `dimension_id` int(10) unsigned NOT NULL DEFAULT 0,
  `member_type_id` int(10) unsigned NOT NULL DEFAULT 0,
  `option` varchar(255) COLLATE utf8_unicode_ci NOT NULL DEFAULT '',
  `value` text COLLATE utf8_unicode_ci DEFAULT NULL,
  PRIMARY KEY (`hierarchy_id`,`dimension_id`,`member_type_id`,`option`)
) ENGINE=InnoDB DEFAULT CHARSET=utf8 COLLATE=utf8_unicode_ci;

--
-- Dumping data for table `fo_object_type_hierarchy_options`
--


--
-- Table structure for table `fo_object_types`
--

CREATE TABLE `fo_object_types` (
  `id` int(10) unsigned NOT NULL AUTO_INCREMENT,
  `name` varchar(50) COLLATE utf8_unicode_ci NOT NULL DEFAULT '',
  `handler_class` varchar(50) COLLATE utf8_unicode_ci NOT NULL DEFAULT '',
  `table_name` varchar(50) COLLATE utf8_unicode_ci NOT NULL DEFAULT '',
  `type` enum('content_object','dimension_object','dimension_group','located','comment') COLLATE utf8_unicode_ci DEFAULT NULL,
  `icon` varchar(50) COLLATE utf8_unicode_ci NOT NULL DEFAULT '',
  `plugin_id` int(10) unsigned DEFAULT NULL,
  `uses_order` int(10) unsigned NOT NULL DEFAULT 0,
  PRIMARY KEY (`id`),
  UNIQUE KEY `name` (`name`) USING BTREE,
  KEY `plugin_id` (`plugin_id`)
) ENGINE=InnoDB AUTO_INCREMENT=38 DEFAULT CHARSET=utf8 COLLATE=utf8_unicode_ci;

--
-- Dumping data for table `fo_object_types`
--

INSERT INTO `fo_object_types` VALUES (1,'workspace','Workspaces','workspaces','dimension_object','workspace',NULL,0),(2,'tag','','','dimension_group','tag',NULL,0),(3,'message','ProjectMessages','project_messages','content_object','message',NULL,0),(4,'weblink','ProjectWebpages','project_webpages','content_object','weblink',NULL,0),(5,'task','ProjectTasks','project_tasks','content_object','task',NULL,0),(6,'file','ProjectFiles','project_files','content_object','file',NULL,0),(8,'form','ProjectForms','project_forms','','',NULL,0),(9,'chart','ProjectCharts','project_charts','','',NULL,0),(10,'milestone','ProjectMilestones','project_milestones','content_object','milestone',NULL,0),(11,'event','ProjectEvents','project_events','content_object','event',NULL,0),(12,'report','Reports','reports','located','reporting',NULL,0),(13,'template','COTemplates','templates','located','template',NULL,0),(14,'comment','Comments','comments','comment','comment',NULL,0),(15,'billing','Billings','billings','','',NULL,0),(16,'contact','Contacts','contacts','content_object','contact',NULL,0),(17,'file revision','ProjectFileRevisions','project_file_revisions','content_object','file',NULL,0),(18,'timeslot','Timeslots','timeslots','located','time',NULL,0),(19,'person','Contacts','contacts','dimension_object','contact',1,0),(20,'company','Contacts','contacts','dimension_object','company',1,0),(21,'template_task','TemplateTasks','template_tasks','content_object','task',NULL,0),(22,'template_milestone','TemplateMilestones','template_milestones','content_object','milestone',NULL,0),(25,'customer','Customers','customers','dimension_object','company',8,0),(26,'project','Projects','projects','dimension_object','project',8,0),(27,'folder','','','dimension_group','folder',8,0),(28,'customer_folder','','','dimension_group','folder',8,0),(29,'project_folder','','','dimension_group','folder',8,0),(31,'objective','Objectives','objectives','content_object','objective',23,0),(33,'mail','MailContents','mail_contents','content_object','mail',5,0),(34,'report_category','ReportCategories','report_category','located','reporting',0,0),(35,'expense','Expenses','expenses','content_object','expense',92,0),(36,'expense_item','ExpenseItems','expense_items','content_object','expense_item',92,0),(37,'payment_receipt','PaymentReceipts','payment_receipts','content_object','payment_receipt',92,0);

--
-- Table structure for table `fo_objective_history`
--

CREATE TABLE `fo_objective_history` (
  `id` int(10) unsigned NOT NULL AUTO_INCREMENT,
  `object_id` int(10) unsigned NOT NULL,
  `description` text COLLATE utf8_unicode_ci NOT NULL,
  `initial_value` int(10) unsigned NOT NULL,
  `intermediate_objective` int(10) unsigned NOT NULL,
  `final_objective` int(10) unsigned NOT NULL,
  `current_value` int(10) unsigned NOT NULL,
  `start_date` datetime NOT NULL,
  `end_date` datetime NOT NULL,
  `accomplishment_percent` decimal(10,2) NOT NULL,
  `direction` enum('asc','desc') COLLATE utf8_unicode_ci NOT NULL DEFAULT 'asc',
  `status` int(10) unsigned NOT NULL,
  `modification_log` datetime NOT NULL,
  `user_id` int(10) unsigned NOT NULL,
  `modification_date` datetime NOT NULL,
  PRIMARY KEY (`id`),
  KEY `expense` (`object_id`),
  KEY `logdate` (`modification_date`)
) ENGINE=InnoDB DEFAULT CHARSET=utf8 COLLATE=utf8_unicode_ci;

--
-- Dumping data for table `fo_objective_history`
--


--
-- Table structure for table `fo_objectives`
--

CREATE TABLE `fo_objectives` (
  `object_id` int(10) unsigned NOT NULL AUTO_INCREMENT,
  `description` text COLLATE utf8_unicode_ci NOT NULL,
  `initial_value` int(10) unsigned NOT NULL,
  `intermediate_objective` int(10) unsigned NOT NULL,
  `final_objective` int(10) unsigned NOT NULL,
  `current_value` int(10) unsigned NOT NULL,
  `start_date` datetime NOT NULL,
  `end_date` datetime NOT NULL,
  `accomplishment_percent` decimal(10,2) NOT NULL,
  `direction` enum('asc','desc') COLLATE utf8_unicode_ci NOT NULL DEFAULT 'asc',
  `status` int(10) unsigned NOT NULL,
  PRIMARY KEY (`object_id`)
) ENGINE=InnoDB DEFAULT CHARSET=utf8 COLLATE=utf8_unicode_ci;

--
-- Dumping data for table `fo_objectives`
--


--
-- Table structure for table `fo_objects`
--

CREATE TABLE `fo_objects` (
  `id` int(10) unsigned NOT NULL AUTO_INCREMENT,
  `object_type_id` int(10) unsigned NOT NULL,
  `name` varchar(255) COLLATE utf8_unicode_ci NOT NULL DEFAULT '',
  `created_on` datetime NOT NULL,
  `created_by_id` int(10) unsigned DEFAULT NULL,
  `updated_on` datetime NOT NULL,
  `updated_by_id` int(10) unsigned DEFAULT NULL,
  `trashed_on` datetime DEFAULT NULL,
  `trashed_by_id` int(10) unsigned DEFAULT NULL,
  `archived_on` datetime DEFAULT NULL,
  `archived_by_id` int(10) unsigned DEFAULT NULL,
  `timezone_id` int(10) unsigned NOT NULL DEFAULT 0,
  `timezone_value` int(10) NOT NULL DEFAULT 0,
  PRIMARY KEY (`id`),
  KEY `created_on` (`created_on`),
  KEY `updated_on` (`updated_on`),
  KEY `trashed_on` (`trashed_on`),
  KEY `object_type` (`object_type_id`),
  KEY `name` (`name`),
  KEY `object_type_id` (`object_type_id`,`trashed_on`,`archived_on`),
  KEY `archived_by_id` (`archived_by_id`)
) ENGINE=InnoDB AUTO_INCREMENT=1485 DEFAULT CHARSET=utf8 COLLATE=utf8_unicode_ci;

--
-- Dumping data for table `fo_objects`
--

INSERT INTO `fo_objects` VALUES (1,16,'KELLOCK MANAGEMENT CONSULTANTS CC','2013-07-15 17:42:02',2,'2024-05-05 13:32:39',2,'0000-00-00 00:00:00',0,'0000-00-00 00:00:00',0,15,-10800),(2,16,'PEET ','2013-07-15 17:42:02',0,'2013-07-15 17:42:24',2,'0000-00-00 00:00:00',0,'0000-00-00 00:00:00',0,0,0),(3,12,'Workspace report','2016-06-27 21:30:52',0,'2016-06-27 21:30:52',0,'0000-00-00 00:00:00',0,'0000-00-00 00:00:00',0,0,0),(4,12,'Customer report','2016-06-27 21:30:54',0,'2016-06-27 21:30:54',0,'0000-00-00 00:00:00',0,'0000-00-00 00:00:00',0,0,0),(5,12,'Project report','2016-06-27 21:30:54',0,'2016-06-27 21:30:54',0,'0000-00-00 00:00:00',0,'0000-00-00 00:00:00',0,0,0),(6,12,'task time report','2020-03-18 12:58:11',0,'2020-03-18 12:58:11',0,'0000-00-00 00:00:00',0,'0000-00-00 00:00:00',0,0,0),(7,12,'tasks report','2020-03-18 12:59:00',0,'2020-03-18 12:59:00',0,'0000-00-00 00:00:00',0,'0000-00-00 00:00:00',0,0,0),(8,12,'tasks by user','2020-03-18 12:59:00',0,'2020-03-18 12:59:00',0,'0000-00-00 00:00:00',0,'0000-00-00 00:00:00',0,0,0),(9,12,'file access report','2020-03-18 12:59:00',0,'2020-03-18 12:59:00',0,'0000-00-00 00:00:00',0,'0000-00-00 00:00:00',0,0,0),(10,12,'grouped timeslots report','2020-03-18 12:59:00',0,'2020-03-18 12:59:00',0,'0000-00-00 00:00:00',0,'0000-00-00 00:00:00',0,0,0),(11,34,'expenses reports','2020-03-18 12:59:05',0,'2020-03-18 12:59:05',0,'0000-00-00 00:00:00',0,'0000-00-00 00:00:00',0,0,0),(12,12,'payments report','2020-03-18 12:59:05',0,'2020-03-18 12:59:05',0,'0000-00-00 00:00:00',0,'0000-00-00 00:00:00',0,0,0),(15,6,'1019.dorun.arklow.202303.xlsx','2023-04-03 05:41:43',2,'2023-04-03 05:41:43',2,'0000-00-00 00:00:00',0,'0000-00-00 00:00:00',0,419,7200),(16,17,'','2023-04-03 05:41:44',2,'2023-04-03 05:41:44',2,'0000-00-00 00:00:00',0,'0000-00-00 00:00:00',0,419,7200),(17,6,'feng subscription.pdf','2024-01-02 13:42:09',2,'2024-01-02 13:42:09',2,'0000-00-00 00:00:00',0,'0000-00-00 00:00:00',0,419,7200),(18,17,'','2024-01-02 13:42:10',2,'2024-01-02 13:42:10',2,'0000-00-00 00:00:00',0,'0000-00-00 00:00:00',0,419,7200),(20,17,'','2024-01-12 04:31:55',2,'2024-01-12 04:31:55',2,'0000-00-00 00:00:00',0,'0000-00-00 00:00:00',0,419,7200),(21,6,'lecar deed clean copy.pdf','2024-01-20 09:19:04',2,'2024-01-20 09:19:04',2,'0000-00-00 00:00:00',0,'0000-00-00 00:00:00',0,419,7200),(22,17,'','2024-01-20 09:19:04',2,'2024-01-20 09:19:04',2,'0000-00-00 00:00:00',0,'0000-00-00 00:00:00',0,419,7200),(25,33,'Hello','2024-05-05 09:15:45',2,'2024-05-05 09:15:45',0,'0000-00-00 00:00:00',0,'0000-00-00 00:00:00',0,0,0),(26,33,'Payment confirmation','2024-05-05 09:15:45',2,'2024-05-05 09:15:45',0,'2024-05-05 09:46:53',2,'0000-00-00 00:00:00',0,0,0),(27,33,'Transfer confirmation','2024-05-05 09:15:45',2,'2024-05-05 09:15:45',0,'2024-05-05 09:46:53',2,'0000-00-00 00:00:00',0,0,0),(28,33,'Debit order batch authorisation','2024-05-05 09:15:45',2,'2024-05-05 09:15:45',0,'2024-05-05 09:46:53',2,'0000-00-00 00:00:00',0,0,0),(29,33,'Statement for The Southern Comfort Trust','2024-05-05 09:15:46',2,'2024-05-05 09:15:46',0,'2024-05-05 09:46:53',2,'0000-00-00 00:00:00',0,0,0),(30,33,'Statement for Kwandwe Trust','2024-05-05 09:15:46',2,'2024-05-05 09:15:46',0,'2024-05-05 09:46:53',2,'0000-00-00 00:00:00',0,0,0),(31,33,'Statement for Quiddity CC','2024-05-05 09:15:46',2,'2024-05-05 09:15:46',0,'2024-05-05 09:46:53',2,'0000-00-00 00:00:00',0,0,0),(32,33,'Statement for IM & CJ Neaves','2024-05-05 09:15:46',2,'2024-05-05 09:15:46',0,'2024-05-05 09:46:53',2,'0000-00-00 00:00:00',0,0,0),(33,33,'Statement for CJ Mc Murray','2024-05-05 09:15:46',2,'2024-05-05 09:15:46',0,'2024-05-05 09:46:53',2,'0000-00-00 00:00:00',0,0,0),(34,33,'Statement for Dr. WAJ van der Mwerwe (Adri)','2024-05-05 09:15:46',2,'2024-05-05 09:15:46',0,'2024-05-05 09:46:53',2,'0000-00-00 00:00:00',0,0,0),(35,33,'Statement for Arklow HOA (previous AGL)','2024-05-05 09:15:47',2,'2024-05-05 09:15:47',0,'2024-05-05 09:46:53',2,'0000-00-00 00:00:00',0,0,0),(36,33,'Statement for Welgelegen Body Corporate','2024-05-05 09:15:47',2,'2024-05-05 09:15:47',0,'2024-05-05 09:46:53',2,'0000-00-00 00:00:00',0,0,0),(37,33,'Statement for VANESSA VD WALT','2024-05-05 09:15:47',2,'2024-05-05 09:15:47',0,'2024-05-05 09:46:53',2,'0000-00-00 00:00:00',0,0,0),(38,33,'Statement for Rory D Brachner','2024-05-05 09:15:47',2,'2024-05-05 09:15:47',0,'2024-05-05 09:46:53',2,'0000-00-00 00:00:00',0,0,0),(39,33,'Statement for DOSHGUIDE (PTY) LTD','2024-05-05 09:15:47',2,'2024-05-05 09:15:47',0,'2024-05-05 09:46:53',2,'0000-00-00 00:00:00',0,0,0),(40,33,'Statement for Mypiggy Financial Planning CC - 1040','2024-05-05 09:15:47',2,'2024-05-05 09:15:47',0,'2024-05-05 09:46:53',2,'0000-00-00 00:00:00',0,0,0),(41,33,'Polls postponement: Pressure builds','2024-05-05 09:15:48',2,'2024-05-05 09:15:48',0,'2024-05-05 09:46:54',2,'0000-00-00 00:00:00',0,0,0),(42,33,'Hello','2024-05-05 09:15:48',2,'2024-05-05 09:15:48',0,'2024-05-05 09:46:54',2,'0000-00-00 00:00:00',0,0,0),(43,33,'Your IT3(b) Certificate has been Updated','2024-05-05 09:15:48',2,'2024-05-05 09:15:48',0,'2024-05-05 09:46:54',2,'0000-00-00 00:00:00',0,0,0),(44,33,'Thank you for choosing us,','2024-05-05 09:15:48',2,'2024-05-05 09:15:48',0,'2024-05-05 09:46:54',2,'0000-00-00 00:00:00',0,0,0),(45,33,'New Clients','2024-05-05 09:15:48',2,'2024-05-05 09:15:48',0,'2024-05-05 09:46:54',2,'0000-00-00 00:00:00',0,0,0),(46,33,'Nous avons une surprise pour les clients de LIDL','2024-05-05 09:15:48',2,'2024-05-05 09:15:48',0,'0000-00-00 00:00:00',0,'0000-00-00 00:00:00',0,0,0),(47,33,'Welcome to Anthonij Rupert Wyne','2024-05-05 09:15:49',2,'2024-05-05 09:15:49',0,'2024-05-05 09:46:54',2,'0000-00-00 00:00:00',0,0,0),(48,33,'Your Package N° A904951986 is on Hold #oEyboL','2024-05-05 09:15:49',2,'2024-05-05 09:15:49',0,'0000-00-00 00:00:00',0,'0000-00-00 00:00:00',0,0,0),(49,33,'Tax Invoice - CT008622','2024-05-05 09:15:49',2,'2024-05-05 09:15:49',0,'0000-00-00 00:00:00',0,'0000-00-00 00:00:00',0,0,0),(50,33,'Tax Invoice - CT008615','2024-05-05 09:15:49',2,'2024-05-05 09:15:49',0,'0000-00-00 00:00:00',0,'0000-00-00 00:00:00',0,0,0),(51,33,'Job Alert from CareerJunction','2024-05-05 09:15:49',2,'2024-05-05 09:15:49',0,'0000-00-00 00:00:00',0,'0000-00-00 00:00:00',0,0,0),(52,33,'Get serious about Gauteng\'s future','2024-05-05 09:15:49',2,'2024-05-05 09:15:49',0,'0000-00-00 00:00:00',0,'0000-00-00 00:00:00',0,0,0),(53,33,'Payment Invoice0983','2024-05-05 09:15:50',2,'2024-05-05 09:15:50',0,'0000-00-00 00:00:00',0,'0000-00-00 00:00:00',0,0,0),(54,33,'Kentucky Derby, Taste NY, & More!','2024-05-05 09:15:50',2,'2024-05-05 09:15:50',0,'0000-00-00 00:00:00',0,'0000-00-00 00:00:00',0,0,0),(55,33,'Verified','2024-05-05 09:15:50',2,'2024-05-05 09:15:50',0,'0000-00-00 00:00:00',0,'0000-00-00 00:00:00',0,0,0),(56,33,'Smarter AI = Smarter Content','2024-05-05 09:15:51',2,'2024-05-05 09:15:51',0,'0000-00-00 00:00:00',0,'0000-00-00 00:00:00',0,0,0),(57,33,'Your latest Quarterly Commentary','2024-05-05 09:15:51',2,'2024-05-05 09:15:51',0,'0000-00-00 00:00:00',0,'0000-00-00 00:00:00',0,0,0),(58,33,'CIPC Annual Return Document: M2008008444','2024-05-05 09:15:51',2,'2024-05-05 09:15:51',0,'0000-00-00 00:00:00',0,'0000-00-00 00:00:00',0,0,0),(59,33,'Forex Rates','2024-05-05 09:15:51',2,'2024-05-05 09:15:51',0,'0000-00-00 00:00:00',0,'0000-00-00 00:00:00',0,0,0),(60,33,'Creditor payment batch authorisation','2024-05-05 09:15:51',2,'2024-05-05 09:15:51',0,'0000-00-00 00:00:00',0,'0000-00-00 00:00:00',0,0,0),(61,33,'New Voice Message For mypiggy.co.za','2024-05-05 09:15:51',2,'2024-05-05 09:15:51',0,'0000-00-00 00:00:00',0,'0000-00-00 00:00:00',0,0,0),(62,33,'New live event. Katt Williams: Woke Foke','2024-05-05 09:15:52',2,'2024-05-05 09:15:52',0,'0000-00-00 00:00:00',0,'0000-00-00 00:00:00',0,0,0),(63,33,'Gold Jewellery Gifts','2024-05-05 09:15:52',2,'2024-05-05 09:15:52',0,'0000-00-00 00:00:00',0,'0000-00-00 00:00:00',0,0,0),(64,33,'Deposit confirmation','2024-05-05 09:15:52',2,'2024-05-05 09:15:52',0,'0000-00-00 00:00:00',0,'0000-00-00 00:00:00',0,0,0),(65,33,'The looting of Prasa and the price we\'ve paid','2024-05-05 09:15:52',2,'2024-05-05 09:15:52',0,'0000-00-00 00:00:00',0,'0000-00-00 00:00:00',0,0,0),(66,33,'LAUNCH IT3-D FOR PBOs','2024-05-05 09:15:52',2,'2024-05-05 09:15:52',0,'0000-00-00 00:00:00',0,'0000-00-00 00:00:00',0,0,0),(67,33,'Great things can happen when you play LOTTO, LOTTO PLUS 1 & LOTTO PLUS 2 for R42 MILLION in total GUARANTEED jackpots this Saturday!','2024-05-05 09:15:52',2,'2024-05-05 09:15:52',0,'0000-00-00 00:00:00',0,'0000-00-00 00:00:00',0,0,0),(68,33,'103 Validation return from Netcash. SO-20240503-1318 52950329564 Welgelegen BC','2024-05-05 09:15:53',2,'2024-05-05 09:15:53',0,'0000-00-00 00:00:00',0,'0000-00-00 00:00:00',0,0,0),(69,33,'Bi-Weekly Parent Report - Christian Jansen van Rensburg','2024-05-05 09:15:53',2,'2024-05-05 09:15:53',0,'0000-00-00 00:00:00',0,'0000-00-00 00:00:00',0,0,0),(70,33,'Newsletter: 3 May 2024','2024-05-05 09:15:53',2,'2024-05-05 09:15:53',0,'0000-00-00 00:00:00',0,'0000-00-00 00:00:00',0,0,0),(71,33,'Join Daily Maverick Live: The Premier Debate - Gauteng Edition!','2024-05-05 09:15:53',2,'2024-05-05 09:15:53',0,'0000-00-00 00:00:00',0,'0000-00-00 00:00:00',0,0,0),(72,33,'Petrus , read how a simple challenge started a parkrun adventure  for Annie! ','2024-05-05 09:15:53',2,'2024-05-05 09:15:53',0,'0000-00-00 00:00:00',0,'0000-00-00 00:00:00',0,0,0),(73,33,'info requested via Timothy','2024-05-05 09:15:53',2,'2024-05-05 09:15:53',0,'0000-00-00 00:00:00',0,'0000-00-00 00:00:00',0,0,0),(74,33,'Looking for an adventure-packed holiday? This island is the answer.','2024-05-05 09:15:54',2,'2024-05-05 09:15:54',0,'0000-00-00 00:00:00',0,'0000-00-00 00:00:00',0,0,0),(75,33,'Mindshift by COVER: Insights Unpacked - Shipping Hazards, Climate Challenges, and Economic Struggles','2024-05-05 09:15:54',2,'2024-05-05 09:15:54',0,'0000-00-00 00:00:00',0,'0000-00-00 00:00:00',0,0,0),(76,33,'Living annuity revision letters for Mr PETRUS JANSEN VAN RENSBURG','2024-05-05 09:15:54',2,'2024-05-05 09:15:54',0,'0000-00-00 00:00:00',0,'0000-00-00 00:00:00',0,0,0),(77,33,'Job Alert from CareerJunction','2024-05-05 09:15:54',2,'2024-05-05 09:15:54',0,'0000-00-00 00:00:00',0,'0000-00-00 00:00:00',0,0,0),(78,33,'Alert: Your Electronic Shipment is Currently On Hold','2024-05-05 09:15:54',2,'2024-05-05 09:15:54',0,'0000-00-00 00:00:00',0,'0000-00-00 00:00:00',0,0,0),(79,33,'Invitation: Multi-Asset investing in focus','2024-05-05 09:15:55',2,'2024-05-05 09:15:55',0,'0000-00-00 00:00:00',0,'0000-00-00 00:00:00',0,0,0),(80,33,'PETERUSE, Style your weekend spot ','2024-05-05 09:15:55',2,'2024-05-05 09:15:55',0,'0000-00-00 00:00:00',0,'0000-00-00 00:00:00',0,0,0),(81,33,'PEET, swipe and save now!','2024-05-05 09:15:55',2,'2024-05-05 09:15:55',0,'0000-00-00 00:00:00',0,'0000-00-00 00:00:00',0,0,0),(82,33,'Forex Rates','2024-05-05 09:15:55',2,'2024-05-05 09:15:55',0,'0000-00-00 00:00:00',0,'0000-00-00 00:00:00',0,0,0),(83,33,'Which deals should we notify you about, Peet ? ','2024-05-05 09:15:55',2,'2024-05-05 09:15:55',0,'0000-00-00 00:00:00',0,'0000-00-00 00:00:00',0,0,0),(84,33,'Daily Views & News - Apple\'s afterhours surge','2024-05-05 09:15:55',2,'2024-05-05 09:15:55',0,'0000-00-00 00:00:00',0,'0000-00-00 00:00:00',0,0,0),(85,33,'Available Balance Notification','2024-05-05 09:15:56',2,'2024-05-05 09:15:56',0,'0000-00-00 00:00:00',0,'0000-00-00 00:00:00',0,0,0),(86,33,'Your Next Best Sellers Await!','2024-05-05 09:15:56',2,'2024-05-05 09:15:56',0,'0000-00-00 00:00:00',0,'0000-00-00 00:00:00',0,0,0),(87,33,'FPI CPD Webinars 2024- May','2024-05-05 09:15:56',2,'2024-05-05 09:15:56',0,'0000-00-00 00:00:00',0,'0000-00-00 00:00:00',0,0,0),(88,33,'ArcelorMittal warns against steel pay rises','2024-05-05 09:15:56',2,'2024-05-05 09:15:56',0,'0000-00-00 00:00:00',0,'0000-00-00 00:00:00',0,0,0),(89,33,'Download our free eBook Philosopy','2024-05-05 09:15:56',2,'2024-05-05 09:15:56',0,'0000-00-00 00:00:00',0,'0000-00-00 00:00:00',0,0,0),(90,33,'Creditor payment batch authorisation','2024-05-05 09:15:56',2,'2024-05-05 09:15:56',0,'0000-00-00 00:00:00',0,'0000-00-00 00:00:00',0,0,0),(91,33,'Zuma hauled before ANC disciplinary','2024-05-05 09:15:57',2,'2024-05-05 09:15:57',0,'0000-00-00 00:00:00',0,'0000-00-00 00:00:00',0,0,0),(92,33,'Natural extension is changing the game!','2024-05-05 09:15:57',2,'2024-05-05 09:15:57',0,'0000-00-00 00:00:00',0,'0000-00-00 00:00:00',0,0,0),(93,33,'We have received your claim(s) -MailRef#3186474251#-','2024-05-05 09:15:57',2,'2024-05-05 09:15:57',0,'0000-00-00 00:00:00',0,'0000-00-00 00:00:00',0,0,0),(94,33,'Welgelegen BC: Window in hallway - Storm Damages','2024-05-05 09:15:57',2,'2024-05-05 09:15:57',0,'0000-00-00 00:00:00',0,'0000-00-00 00:00:00',0,0,0),(95,33,'Sleek and comfortable | Get R20% off when spending R1200 or more','2024-05-05 09:15:57',2,'2024-05-05 09:15:57',0,'0000-00-00 00:00:00',0,'0000-00-00 00:00:00',0,0,0),(96,33,'Forex Rates','2024-05-05 09:15:58',2,'2024-05-05 09:15:58',0,'0000-00-00 00:00:00',0,'0000-00-00 00:00:00',0,0,0),(97,33,'Do you want to upskill in Sectional Title Financial Management?','2024-05-05 09:15:58',2,'2024-05-05 09:15:58',0,'0000-00-00 00:00:00',0,'0000-00-00 00:00:00',0,0,0),(98,33,'Transform Your Space: Upgrade with Essential Tools and Paints!','2024-05-05 09:15:58',2,'2024-05-05 09:15:58',0,'0000-00-00 00:00:00',0,'0000-00-00 00:00:00',0,0,0),(99,33,'Download our free eBook Philosopy','2024-05-05 09:15:58',2,'2024-05-05 09:15:58',0,'0000-00-00 00:00:00',0,'0000-00-00 00:00:00',0,0,0),(100,33,'Last chance to register: In the Room with Coronation','2024-05-05 09:15:58',2,'2024-05-05 09:15:58',0,'0000-00-00 00:00:00',0,'0000-00-00 00:00:00',0,0,0),(101,33,'Exciting News: I\'m Launching NEW Free Excel Training','2024-05-05 09:15:58',2,'2024-05-05 09:15:58',0,'0000-00-00 00:00:00',0,'0000-00-00 00:00:00',0,0,0),(102,33,'Homebru 2024 - There\'s No Place Like Homebru','2024-05-05 09:15:59',2,'2024-05-05 09:15:59',0,'0000-00-00 00:00:00',0,'0000-00-00 00:00:00',0,0,0),(103,33,'Taxi strike brings N2 to a halt ','2024-05-05 09:15:59',2,'2024-05-05 09:15:59',0,'0000-00-00 00:00:00',0,'0000-00-00 00:00:00',0,0,0),(104,33,'Integritax Weekly - 2 May 2024','2024-05-05 09:15:59',2,'2024-05-05 09:15:59',0,'0000-00-00 00:00:00',0,'0000-00-00 00:00:00',0,0,0),(105,33,'MS-PL300T00 Microsoft Power BI Data Analyst Training Workshop 2024','2024-05-05 09:15:59',2,'2024-05-05 09:15:59',0,'0000-00-00 00:00:00',0,'0000-00-00 00:00:00',0,0,0),(106,33,'Your voice matters | PPS Graduate Professional Index','2024-05-05 09:15:59',2,'2024-05-05 09:15:59',0,'0000-00-00 00:00:00',0,'0000-00-00 00:00:00',0,0,0),(107,33,'New Haval Jolion and H6 driven in China, Ford Territory launch','2024-05-05 09:15:59',2,'2024-05-05 09:15:59',0,'0000-00-00 00:00:00',0,'0000-00-00 00:00:00',0,0,0),(108,33,'Accfin Sky PBO','2024-05-05 09:16:00',2,'2024-05-05 09:16:00',0,'0000-00-00 00:00:00',0,'0000-00-00 00:00:00',0,0,0),(109,33,'PPS Notice of Virtual Annual General Meeting','2024-05-05 09:16:00',2,'2024-05-05 09:16:00',0,'0000-00-00 00:00:00',0,'0000-00-00 00:00:00',0,0,0),(110,33,'Discover Our Upcoming and On-Demand Content Today | SA Accounting Academy','2024-05-05 09:16:00',2,'2024-05-05 09:16:00',0,'0000-00-00 00:00:00',0,'0000-00-00 00:00:00',0,0,0),(111,33,'Living annuity revision letter for Mr JANSEN VAN RENSBURG - AGLA906475','2024-05-05 09:16:00',2,'2024-05-05 09:16:00',0,'0000-00-00 00:00:00',0,'0000-00-00 00:00:00',0,0,0),(112,33,'Section 12J Exit: Section 42 roll-over relief vs Section 12B solar investment','2024-05-05 09:16:00',2,'2024-05-05 09:16:00',0,'0000-00-00 00:00:00',0,'0000-00-00 00:00:00',0,0,0),(113,33,'Forex Rates','2024-05-05 09:16:01',2,'2024-05-05 09:16:01',0,'0000-00-00 00:00:00',0,'0000-00-00 00:00:00',0,0,0),(114,33,'Daily Views & News - Powell confirms the higher-for-longer story','2024-05-05 09:16:01',2,'2024-05-05 09:16:01',0,'0000-00-00 00:00:00',0,'0000-00-00 00:00:00',0,0,0),(115,33,'Game face on! CHALLENGERS serves up suspenseful drama with Zendaya @SK from 3 May.','2024-05-05 09:16:01',2,'2024-05-05 09:16:01',0,'0000-00-00 00:00:00',0,'0000-00-00 00:00:00',0,0,0),(116,33,'TODAY - CPD Points - Attend Jonathan Altman on Krugerrands Tax and Exchange Control Introduction by Rael Demby','2024-05-05 09:16:01',2,'2024-05-05 09:16:01',0,'0000-00-00 00:00:00',0,'0000-00-00 00:00:00',0,0,0),(117,33,'1,000+ NEW AI Prompts | Mobile Marketing | Explore Mastodon, and More!','2024-05-05 09:16:01',2,'2024-05-05 09:16:01',0,'0000-00-00 00:00:00',0,'0000-00-00 00:00:00',0,0,0),(118,33,'Beplan jou volgende Krugerwildtuin-kuier!','2024-05-05 09:16:01',2,'2024-05-05 09:16:01',0,'0000-00-00 00:00:00',0,'0000-00-00 00:00:00',0,0,0),(119,33,'Win tickets to these exciting FLF events!','2024-05-05 09:16:02',2,'2024-05-05 09:16:02',0,'0000-00-00 00:00:00',0,'0000-00-00 00:00:00',0,0,0),(120,33,'Happy Netcash Anniversary','2024-05-05 09:16:02',2,'2024-05-05 09:16:02',0,'0000-00-00 00:00:00',0,'0000-00-00 00:00:00',0,0,0),(121,33,'Going for gold','2024-05-05 09:16:02',2,'2024-05-05 09:16:02',0,'0000-00-00 00:00:00',0,'0000-00-00 00:00:00',0,0,0),(122,33,'Jonker Correspondence','2024-05-05 09:16:02',2,'2024-05-05 09:16:02',0,'0000-00-00 00:00:00',0,'0000-00-00 00:00:00',0,0,0),(123,33,'Fwd: NLA Lunch Menu 6 - 10 May 2024','2024-05-05 09:16:02',2,'2024-05-05 09:16:02',0,'0000-00-00 00:00:00',0,'0000-00-00 00:00:00',0,0,0),(124,33,'Download our free eBook','2024-05-05 09:16:02',2,'2024-05-05 09:16:02',0,'0000-00-00 00:00:00',0,'0000-00-00 00:00:00',0,0,0),(125,33,'102 Validation return from Netcash. SO-20240502-0640 52950329564 Welgelegen BC','2024-05-05 09:30:46',2,'2024-05-05 09:30:46',0,'0000-00-00 00:00:00',0,'0000-00-00 00:00:00',0,0,0),(126,33,'Files ready to be approved for Company: KELLOCK MANAGEMENT CONSULTANTS CC  (Company ID: 383965)','2024-05-05 09:30:46',2,'2024-05-05 09:30:46',0,'0000-00-00 00:00:00',0,'0000-00-00 00:00:00',0,0,0),(127,33,'Leaked audio exposes ANC election plan','2024-05-05 09:30:46',2,'2024-05-05 09:30:46',0,'0000-00-00 00:00:00',0,'0000-00-00 00:00:00',0,0,0),(128,33,'Scheduled Payment/Transfer Confirmation','2024-05-05 09:30:46',2,'2024-05-05 09:30:46',0,'0000-00-00 00:00:00',0,'0000-00-00 00:00:00',0,0,0),(129,33,'Scheduled Payment/Transfer Confirmation','2024-05-05 09:30:46',2,'2024-05-05 09:30:46',0,'0000-00-00 00:00:00',0,'0000-00-00 00:00:00',0,0,0),(130,33,'Scheduled Payment/Transfer Confirmation','2024-05-05 09:30:47',2,'2024-05-05 09:30:47',0,'0000-00-00 00:00:00',0,'0000-00-00 00:00:00',0,0,0),(131,33,'Scheduled Payment/Transfer Confirmation','2024-05-05 09:30:47',2,'2024-05-05 09:30:47',0,'0000-00-00 00:00:00',0,'0000-00-00 00:00:00',0,0,0),(132,33,'Scheduled Payment/Transfer Confirmation','2024-05-05 09:30:47',2,'2024-05-05 09:30:47',0,'0000-00-00 00:00:00',0,'0000-00-00 00:00:00',0,0,0),(133,33,'For Anti-Aging. Exclusive Internet Offers. Available to RSA Only','2024-05-05 09:30:47',2,'2024-05-05 09:30:47',0,'0000-00-00 00:00:00',0,'0000-00-00 00:00:00',0,0,0),(134,33,'New Research from CFA Institute Research and Policy Center','2024-05-05 09:30:47',2,'2024-05-05 09:30:47',0,'0000-00-00 00:00:00',0,'0000-00-00 00:00:00',0,0,0),(135,33,'Your Standard Bank Account is due for FICA [REF:20240417_29287087_002771]','2024-05-05 09:30:47',2,'2024-05-05 09:30:47',0,'0000-00-00 00:00:00',0,'0000-00-00 00:00:00',0,0,0),(136,33,'Forex Rates','2024-05-05 09:30:47',2,'2024-05-05 09:30:47',0,'0000-00-00 00:00:00',0,'0000-00-00 00:00:00',0,0,0),(137,33,'Ripe for sharing  Introducing NEW Pêche','2024-05-05 09:30:48',2,'2024-05-05 09:30:48',0,'0000-00-00 00:00:00',0,'0000-00-00 00:00:00',0,0,0),(138,33,'TOMORROW - CPD Points - Attend Jonathan Altman on Krugerrands Tax and Exchange Control Introduction by Rael Demby','2024-05-05 09:30:48',2,'2024-05-05 09:30:48',0,'0000-00-00 00:00:00',0,'0000-00-00 00:00:00',0,0,0),(139,33,'Job Alert from CareerJunction','2024-05-05 09:30:48',2,'2024-05-05 09:30:48',0,'0000-00-00 00:00:00',0,'0000-00-00 00:00:00',0,0,0),(140,33,'Files ready to be approved for Company: Welgelegen  (Company ID: 488776)','2024-05-05 09:30:48',2,'2024-05-05 09:30:48',0,'0000-00-00 00:00:00',0,'0000-00-00 00:00:00',0,0,0),(141,33,'Forex Rates','2024-05-05 09:30:48',2,'2024-05-05 09:30:48',0,'0000-00-00 00:00:00',0,'0000-00-00 00:00:00',0,0,0),(142,33,'RE: IRBI beneficiaries','2024-05-05 09:30:48',2,'2024-05-05 09:30:48',0,'0000-00-00 00:00:00',0,'0000-00-00 00:00:00',0,0,0),(143,33,'RE: RE: Welgelegen BC: Deed Search - SS no 22/1978','2024-05-05 09:30:49',2,'2024-05-05 09:30:49',0,'0000-00-00 00:00:00',0,'0000-00-00 00:00:00',0,0,0),(144,33,'Standard Bank: Account Greylisting','2024-05-05 09:30:49',2,'2024-05-05 09:30:49',0,'0000-00-00 00:00:00',0,'0000-00-00 00:00:00',0,0,0),(145,33,'We have received the withdrawal instruction for WELGELEGEN BODY CORPORATE - account AGLP1062329','2024-05-05 09:30:49',2,'2024-05-05 09:30:49',0,'0000-00-00 00:00:00',0,'0000-00-00 00:00:00',0,0,0),(146,33,'We have received the withdrawal instruction for WELGELEGEN BODY CORPORATE - account AGLP976335','2024-05-05 09:30:49',2,'2024-05-05 09:30:49',0,'0000-00-00 00:00:00',0,'0000-00-00 00:00:00',0,0,0),(147,33,'\"TRUSTEE RESOLUTION - block A drainage\" document has been completed by all participants','2024-05-05 09:30:49',2,'2024-05-05 09:30:49',0,'0000-00-00 00:00:00',0,'0000-00-00 00:00:00',0,0,0),(148,33,'\"WELGELEGEN ADMIN EXPENSE APPROVAL 30.04.2024\" document has been completed by all participants','2024-05-05 09:30:49',2,'2024-05-05 09:30:49',0,'0000-00-00 00:00:00',0,'0000-00-00 00:00:00',0,0,0),(149,33,'\"WELGELEGEN MRRP EXPENSE APPROVAL - 30.04.2024\" document has been completed by all participants','2024-05-05 09:30:49',2,'2024-05-05 09:30:49',0,'0000-00-00 00:00:00',0,'0000-00-00 00:00:00',0,0,0),(150,33,'Tax Invoice - INV0001520 - from MYPIGGY FINANCIAL PLANNING CC','2024-05-05 09:30:50',2,'2024-05-05 09:30:50',0,'0000-00-00 00:00:00',0,'0000-00-00 00:00:00',0,0,0),(151,33,'Tax Invoice - INV0001519 - from MYPIGGY FINANCIAL PLANNING CC','2024-05-05 09:30:50',2,'2024-05-05 09:30:50',0,'0000-00-00 00:00:00',0,'0000-00-00 00:00:00',0,0,0),(152,33,'Tax Invoice - CT008596','2024-05-05 09:30:50',2,'2024-05-05 09:30:50',0,'0000-00-00 00:00:00',0,'0000-00-00 00:00:00',0,0,0),(153,33,'Instant Two-Way Language Translator','2024-05-05 09:30:50',2,'2024-05-05 09:30:50',0,'0000-00-00 00:00:00',0,'0000-00-00 00:00:00',0,0,0),(154,33,'RiFF Market Update - Breakfast Invitation','2024-05-05 09:30:50',2,'2024-05-05 09:30:50',0,'0000-00-00 00:00:00',0,'0000-00-00 00:00:00',0,0,0),(155,33,'Your Standard Bank Account is due for FICA [REF:20240417_29287087_002771]','2024-05-05 09:30:50',2,'2024-05-05 09:30:50',0,'0000-00-00 00:00:00',0,'0000-00-00 00:00:00',0,0,0),(156,33,'Learn more about our updated Terms of Service','2024-05-05 09:30:51',2,'2024-05-05 09:30:51',0,'0000-00-00 00:00:00',0,'0000-00-00 00:00:00',0,0,0),(157,33,'Petrus, this is how you travel better and save more! ✈️','2024-05-05 09:30:51',2,'2024-05-05 09:30:51',0,'0000-00-00 00:00:00',0,'0000-00-00 00:00:00',0,0,0),(158,33,'Join the 2024 Autumn edition of the Healthy Weigh Challenge!','2024-05-05 09:30:51',2,'2024-05-05 09:30:51',0,'0000-00-00 00:00:00',0,'0000-00-00 00:00:00',0,0,0),(159,33,'Match your six lucky numbers & play LOTTO, LOTTOPLUS1 & LOTTOPLUS2 for R34 MILLION in total estimated jackpots this Wednesday!','2024-05-05 09:30:51',2,'2024-05-05 09:30:51',0,'0000-00-00 00:00:00',0,'0000-00-00 00:00:00',0,0,0),(160,33,'Creditor payment batch authorisation','2024-05-05 09:30:51',2,'2024-05-05 09:30:51',0,'0000-00-00 00:00:00',0,'0000-00-00 00:00:00',0,0,0),(161,33,'Creditor payment batch unauthorised','2024-05-05 09:30:51',2,'2024-05-05 09:30:51',0,'0000-00-00 00:00:00',0,'0000-00-00 00:00:00',0,0,0),(162,33,'Creditor payment batch authorisation','2024-05-05 09:30:51',2,'2024-05-05 09:30:51',0,'0000-00-00 00:00:00',0,'0000-00-00 00:00:00',0,0,0),(163,33,'The latest jobs by SA\'s top employers.','2024-05-05 09:30:52',2,'2024-05-05 09:30:52',0,'0000-00-00 00:00:00',0,'0000-00-00 00:00:00',0,0,0),(164,33,'Re: Something else','2024-05-05 09:30:52',2,'2024-05-05 09:30:52',0,'0000-00-00 00:00:00',0,'0000-00-00 00:00:00',0,0,0),(165,33,'Wish AI knew your company as well as you?','2024-05-05 09:30:52',2,'2024-05-05 09:30:52',0,'0000-00-00 00:00:00',0,'0000-00-00 00:00:00',0,0,0),(166,33,'Bolstering our distribution team','2024-05-05 09:30:52',2,'2024-05-05 09:30:52',0,'0000-00-00 00:00:00',0,'0000-00-00 00:00:00',0,0,0),(167,33,'Forex Rates','2024-05-05 09:30:52',2,'2024-05-05 09:30:52',0,'0000-00-00 00:00:00',0,'0000-00-00 00:00:00',0,0,0),(168,33,'Workers\' Day Public Holiday','2024-05-05 09:30:52',2,'2024-05-05 09:30:52',0,'0000-00-00 00:00:00',0,'0000-00-00 00:00:00',0,0,0),(169,33,'','2024-05-05 09:30:52',2,'2024-05-05 09:30:52',0,'0000-00-00 00:00:00',0,'0000-00-00 00:00:00',0,0,0),(170,33,'Property practitioner audits','2024-05-05 09:30:53',2,'2024-05-05 09:30:53',0,'0000-00-00 00:00:00',0,'0000-00-00 00:00:00',0,0,0),(171,33,'SARS eFiling Letter Notification for Welgelegen Body Corporate','2024-05-05 09:30:53',2,'2024-05-05 09:30:53',0,'0000-00-00 00:00:00',0,'0000-00-00 00:00:00',0,0,0),(172,33,'Re: IRBI beneficiaries','2024-05-05 09:30:53',2,'2024-05-05 09:30:53',0,'0000-00-00 00:00:00',0,'0000-00-00 00:00:00',0,0,0),(173,33,'Webinar - Your Next Job Awaits: Step up Your Caree r with the CFA Program','2024-05-05 09:30:53',2,'2024-05-05 09:30:53',0,'0000-00-00 00:00:00',0,'0000-00-00 00:00:00',0,0,0),(174,33,'RE: RE: Welgelegen BC: Deed Search - SS no 22/1978','2024-05-05 09:30:53',2,'2024-05-05 09:30:53',0,'0000-00-00 00:00:00',0,'0000-00-00 00:00:00',0,0,0),(175,33,'Ring. Ring. It’s your discounts calling.','2024-05-05 09:30:53',2,'2024-05-05 09:30:53',0,'0000-00-00 00:00:00',0,'0000-00-00 00:00:00',0,0,0),(176,33,'Re: IRBI beneficiaries','2024-05-05 09:30:54',2,'2024-05-05 09:30:54',0,'0000-00-00 00:00:00',0,'0000-00-00 00:00:00',0,0,0),(177,33,'Mont Blanc Body Corporate - Swimming Pool Closure','2024-05-05 09:30:54',2,'2024-05-05 09:30:54',0,'0000-00-00 00:00:00',0,'0000-00-00 00:00:00',0,0,0),(178,33,'7 Essential Habits of VLOOKUP Pros','2024-05-05 09:30:54',2,'2024-05-05 09:30:54',0,'0000-00-00 00:00:00',0,'0000-00-00 00:00:00',0,0,0),(179,33,'Over 60? You don’t automa tically get special votes','2024-05-05 09:30:54',2,'2024-05-05 09:30:54',0,'0000-00-00 00:00:00',0,'0000-00-00 00:00:00',0,0,0),(180,33,'What\'s been happening? Your monthly recap','2024-05-05 09:30:54',2,'2024-05-05 09:30:54',0,'0000-00-00 00:00:00',0,'0000-00-00 00:00:00',0,0,0),(181,33,'Mindshift by COVER: Expert Insights & Strategies inside','2024-05-05 09:30:54',2,'2024-05-05 09:30:54',0,'0000-00-00 00:00:00',0,'0000-00-00 00:00:00',0,0,0),(182,33,'SARS eFiling Letter Notification for Mrs','2024-05-05 09:30:54',2,'2024-05-05 09:30:54',0,'0000-00-00 00:00:00',0,'0000-00-00 00:00:00',0,0,0),(183,33,'Conversations with Coronation Webinar: Balanced Defensive and Capital Plus funds update','2024-05-05 09:30:55',2,'2024-05-05 09:30:55',0,'0000-00-00 00:00:00',0,'0000-00-00 00:00:00',0,0,0),(184,33,'Build trust with your followers','2024-05-05 09:30:55',2,'2024-05-05 09:30:55',0,'0000-00-00 00:00:00',0,'0000-00-00 00:00:00',0,0,0),(185,33,'Upgrade, connect and do better business with MTN Business','2024-05-05 09:30:55',2,'2024-05-05 09:30:55',0,'0000-00-00 00:00:00',0,'0000-00-00 00:00:00',0,0,0),(186,33,'Coming Thursday, May 2nd... Secrets of the Neanderthals','2024-05-05 09:30:55',2,'2024-05-05 09:30:55',0,'0000-00-00 00:00:00',0,'0000-00-00 00:00:00',0,0,0),(187,33,'Download our free eBook','2024-05-05 09:30:55',2,'2024-05-05 09:30:55',0,'0000-00-00 00:00:00',0,'0000-00-00 00:00:00',0,0,0),(188,33,'Tell us what you think.','2024-05-05 09:30:55',2,'2024-05-05 09:30:55',0,'0000-00-00 00:00:00',0,'0000-00-00 00:00:00',0,0,0),(189,33,'Join Daily Maverick Live: The Premier Debate - Gauteng Edition!','2024-05-05 09:30:56',2,'2024-05-05 09:30:56',0,'0000-00-00 00:00:00',0,'0000-00-00 00:00:00',0,0,0),(190,33,'New and exclusive scents to love right  now ','2024-05-05 09:30:56',2,'2024-05-05 09:30:56',0,'0000-00-00 00:00:00',0,'0000-00-00 00:00:00',0,0,0),(191,33,'Job Alert from CareerJunction','2024-05-05 09:30:56',2,'2024-05-05 09:30:56',0,'0000-00-00 00:00:00',0,'0000-00-00 00:00:00',0,0,0),(192,33,'PEET, clock\'s ticking on our one day only sale ','2024-05-05 09:30:56',2,'2024-05-05 09:30:56',0,'0000-00-00 00:00:00',0,'0000-00-00 00:00:00',0,0,0),(193,33,'New Fit & Proper Dashboard goes live this week!','2024-05-05 09:30:56',2,'2024-05-05 09:30:56',0,'0000-00-00 00:00:00',0,'0000-00-00 00:00:00',0,0,0),(194,33,'My Fair Lady is coming to Artscape!','2024-05-05 09:30:56',2,'2024-05-05 09:30:56',0,'0000-00-00 00:00:00',0,'0000-00-00 00:00:00',0,0,0),(195,33,'THURSDAY - CPD Points - Attend Jonathan Altman on Krugerrands Tax and Exchange Control Introduction by Rael Demby','2024-05-05 09:30:56',2,'2024-05-05 09:30:56',0,'0000-00-00 00:00:00',0,'0000-00-00 00:00:00',0,0,0),(196,33,'102 Validation return from Netcash. SO-20240430-0947 52950329564 Welgelegen BC','2024-05-05 09:30:57',2,'2024-05-05 09:30:57',0,'0000-00-00 00:00:00',0,'0000-00-00 00:00:00',0,0,0),(197,33,'PEET VAN RENSBURG sent you WELGELEGEN MRRP EXPENSE APPROVAL - 30.04.2024 via PandaDoc','2024-05-05 09:30:57',2,'2024-05-05 09:30:57',0,'0000-00-00 00:00:00',0,'0000-00-00 00:00:00',0,0,0),(198,33,'PEET VAN RENSBURG sent you WELGELEGEN ADMIN EXPENSE APPROVAL 30.04.2024 via PandaDoc','2024-05-05 09:30:57',2,'2024-05-05 09:30:57',0,'0000-00-00 00:00:00',0,'0000-00-00 00:00:00',0,0,0),(199,33,'2024 Retirement and Investment Masterclass - Meet the speakers','2024-05-05 09:30:57',2,'2024-05-05 09:30:57',0,'0000-00-00 00:00:00',0,'0000-00-00 00:00:00',0,0,0),(200,33,'Forex Rates','2024-05-05 09:30:57',2,'2024-05-05 09:30:57',0,'0000-00-00 00:00:00',0,'0000-00-00 00:00:00',0,0,0),(201,33,'Reminder to register | Equilibrium Quarterly Bulletin | 15 May 2024','2024-05-05 09:30:57',2,'2024-05-05 09:30:57',0,'0000-00-00 00:00:00',0,'0000-00-00 00:00:00',0,0,0),(202,33,'PEET VAN RENSBURG sent you TRUSTEE RESOLUTION - block A drainage via PandaDoc','2024-05-05 09:30:58',2,'2024-05-05 09:30:58',0,'0000-00-00 00:00:00',0,'0000-00-00 00:00:00',0,0,0),(203,33,'Daily Views & News - Meta moves','2024-05-05 09:30:58',2,'2024-05-05 09:30:58',0,'0000-00-00 00:00:00',0,'0000-00-00 00:00:00',0,0,0),(204,33,'Will SA Equities surprise on the upside in 2024? Find out more by attending Meet The Managers 2024.','2024-05-05 09:30:58',2,'2024-05-05 09:30:58',0,'0000-00-00 00:00:00',0,'0000-00-00 00:00:00',0,0,0),(205,33,'Amplify your impact,PETRUS : Refer a Colleague to the Sage Champions Program!','2024-05-05 09:30:58',2,'2024-05-05 09:30:58',0,'0000-00-00 00:00:00',0,'0000-00-00 00:00:00',0,0,0),(206,33,'SAA keen to engage with investors','2024-05-05 09:30:58',2,'2024-05-05 09:30:58',0,'0000-00-00 00:00:00',0,'0000-00-00 00:00:00',0,0,0),(207,33,'Gesinsvriendelike oorde vir jou wegbreek!','2024-05-05 09:30:58',2,'2024-05-05 09:30:58',0,'0000-00-00 00:00:00',0,'0000-00-00 00:00:00',0,0,0),(208,33,'Payment Letter','2024-05-05 09:30:59',2,'2024-05-05 09:30:59',0,'0000-00-00 00:00:00',0,'0000-00-00 00:00:00',0,0,0),(209,33,'Terrific Tuesday: Save R400 on a Calm Collection Mug Set ☕','2024-05-05 09:30:59',2,'2024-05-05 09:30:59',0,'0000-00-00 00:00:00',0,'0000-00-00 00:00:00',0,0,0),(210,33,'Preliminary Agenda AGM 2024','2024-05-05 09:30:59',2,'2024-05-05 09:30:59',0,'0000-00-00 00:00:00',0,'0000-00-00 00:00:00',0,0,0),(211,33,'ANC, the megachurch, and R200m vanished','2024-05-05 09:30:59',2,'2024-05-05 09:30:59',0,'0000-00-00 00:00:00',0,'0000-00-00 00:00:00',0,0,0),(212,33,'Scheduled Payment/Transfer Confirmation','2024-05-05 09:30:59',2,'2024-05-05 09:30:59',0,'0000-00-00 00:00:00',0,'0000-00-00 00:00:00',0,0,0),(213,33,'Do you need a loan?','2024-05-05 09:30:59',2,'2024-05-05 09:30:59',0,'0000-00-00 00:00:00',0,'0000-00-00 00:00:00',0,0,0),(214,33,'K2 am tax clearances','2024-05-05 09:31:00',2,'2024-05-05 09:31:00',0,'0000-00-00 00:00:00',0,'0000-00-00 00:00:00',0,0,0),(215,33,'Re: New Constitution','2024-05-05 09:31:00',2,'2024-05-05 09:31:00',0,'0000-00-00 00:00:00',0,'0000-00-00 00:00:00',0,0,0),(216,33,'⏰ Last day to claim your FREE month of Vitality HealthyWeight!','2024-05-05 09:31:00',2,'2024-05-05 09:31:00',0,'0000-00-00 00:00:00',0,'0000-00-00 00:00:00',0,0,0),(217,33,'IMG_0004.pdf','2024-05-05 09:31:00',2,'2024-05-05 09:31:00',0,'0000-00-00 00:00:00',0,'0000-00-00 00:00:00',0,0,0),(218,33,'DirectAxis PULSE Special Lending Offer','2024-05-05 09:31:00',2,'2024-05-05 09:31:00',0,'0000-00-00 00:00:00',0,'0000-00-00 00:00:00',0,0,0),(219,33,'We have received your claim(s) -MailRef#3178490100#-','2024-05-05 09:31:00',2,'2024-05-05 09:31:00',0,'0000-00-00 00:00:00',0,'0000-00-00 00:00:00',0,0,0),(220,33,'IMG_0002.pdf','2024-05-05 09:31:01',2,'2024-05-05 09:31:01',0,'0000-00-00 00:00:00',0,'0000-00-00 00:00:00',0,0,0),(221,33,'IMG_0001.pdf','2024-05-05 09:31:01',2,'2024-05-05 09:31:01',0,'0000-00-00 00:00:00',0,'0000-00-00 00:00:00',0,0,0),(222,33,'Coming Wednesday, May 1st... Psych','2024-05-05 09:31:01',2,'2024-05-05 09:31:01',0,'0000-00-00 00:00:00',0,'0000-00-00 00:00:00',0,0,0),(223,33,'M&G Q1 Fund Commentary is ready, Petrus','2024-05-05 09:31:01',2,'2024-05-05 09:31:01',0,'0000-00-00 00:00:00',0,'0000-00-00 00:00:00',0,0,0),(224,33,'Forex Rates','2024-05-05 09:31:01',2,'2024-05-05 09:31:01',0,'0000-00-00 00:00:00',0,'0000-00-00 00:00:00',0,0,0),(225,33,'Re: Statement for Northern Wholesale Tiles CC - 1001','2024-05-05 09:31:03',2,'2024-05-05 09:31:03',0,'0000-00-00 00:00:00',0,'0000-00-00 00:00:00',0,0,0),(226,33,'FW: Booktalk Commissionable Sales Report 01-2024 and 02-2024.xlsx','2024-05-05 09:31:03',2,'2024-05-05 09:31:03',0,'0000-00-00 00:00:00',0,'0000-00-00 00:00:00',0,0,0),(227,33,'FW: Booktalk Commissionable Sales Report 11-30-2023.xlsx','2024-05-05 09:31:04',2,'2024-05-05 09:31:04',0,'0000-00-00 00:00:00',0,'0000-00-00 00:00:00',0,0,0),(228,33,'Statement for Tower UPS Distribution (Pty) Ltd','2024-05-05 09:31:04',2,'2024-05-05 09:31:04',0,'2024-05-05 09:46:53',2,'0000-00-00 00:00:00',0,0,0),(229,33,'Statement for Transamine SA (Pty) Ltd - 1150','2024-05-05 09:31:04',2,'2024-05-05 09:31:04',0,'2024-05-05 09:46:53',2,'0000-00-00 00:00:00',0,0,0),(230,33,'Statement for Tower Electronic Systems (Pty) Ltd - 0099','2024-05-05 09:31:04',2,'2024-05-05 09:31:04',0,'2024-05-05 09:46:53',2,'0000-00-00 00:00:00',0,0,0),(231,33,'Statement for Tegnal Projects (Pty) Ltd','2024-05-05 09:31:04',2,'2024-05-05 09:31:04',0,'2024-05-05 09:46:53',2,'0000-00-00 00:00:00',0,0,0),(232,33,'Statement for Spa Professionals CC - 0960','2024-05-05 09:31:04',2,'2024-05-05 09:31:04',0,'2024-05-05 09:46:53',2,'0000-00-00 00:00:00',0,0,0),(233,33,'Statement for Sandton Dive Centre CC t/a O2 Scuba - 1136','2024-05-05 09:31:04',2,'2024-05-05 09:31:05',0,'2024-05-05 09:46:53',2,'0000-00-00 00:00:00',0,0,0),(234,33,'Statement for Mypiggy Financial Planning CC - 1040','2024-05-05 09:31:05',2,'2024-05-05 09:31:05',0,'2024-05-05 09:46:53',2,'0000-00-00 00:00:00',0,0,0),(235,33,'Statement for Northern Wholesale Tiles CC - 1001','2024-05-05 09:31:05',2,'2024-05-05 09:31:05',0,'2024-05-05 09:46:53',2,'0000-00-00 00:00:00',0,0,0),(236,33,'Statement for Move on Up 1157 CC - 1004','2024-05-05 09:31:05',2,'2024-05-05 09:31:05',0,'2024-05-05 09:46:53',2,'0000-00-00 00:00:00',0,0,0),(237,33,'Statement for Lifestyle Management Agents (Pty) Ltd','2024-05-05 09:31:05',2,'2024-05-05 09:31:05',0,'2024-05-05 09:46:53',2,'0000-00-00 00:00:00',0,0,0),(238,33,'Statement for K2 CAPITAL (PTY) LTD - 1098','2024-05-05 09:31:05',2,'2024-05-05 09:31:05',0,'2024-05-05 09:46:53',2,'0000-00-00 00:00:00',0,0,0),(239,33,'Statement for IRBI Trust - 1047','2024-05-05 09:31:05',2,'2024-05-05 09:31:05',0,'2024-05-05 09:46:53',2,'0000-00-00 00:00:00',0,0,0),(240,33,'Statement for K2 Asset Management (Pty) Ltd - (1098A)','2024-05-05 09:31:06',2,'2024-05-05 09:31:06',0,'2024-05-05 09:46:53',2,'0000-00-00 00:00:00',0,0,0),(241,33,'Statement for Harcourts Real Estate Midrand CC','2024-05-05 09:31:06',2,'2024-05-05 09:31:06',0,'2024-05-05 09:46:53',2,'0000-00-00 00:00:00',0,0,0),(242,33,'Statement for Greenside Kwekery BK - 1246','2024-05-05 09:31:06',2,'2024-05-05 09:31:06',0,'2024-05-05 09:46:53',2,'0000-00-00 00:00:00',0,0,0),(243,33,'Statement for Dr E Bue Medical Practice - 0822','2024-05-05 09:31:06',2,'2024-05-05 09:31:06',0,'2024-05-05 09:46:53',2,'0000-00-00 00:00:00',0,0,0),(244,33,'Statement for Dermafix Skincare Cosmeceuticals CC (0960)','2024-05-05 09:31:06',2,'2024-05-05 09:31:06',0,'2024-05-05 09:46:54',2,'0000-00-00 00:00:00',0,0,0),(245,33,'Statement for Booktalk (Pty) Ltd - 1162','2024-05-05 09:31:06',2,'2024-05-05 09:31:06',0,'2024-05-05 09:46:54',2,'0000-00-00 00:00:00',0,0,0),(246,33,'Statement for Buccaneer Communications CC - 0989','2024-05-05 09:31:07',2,'2024-05-05 09:31:07',0,'2024-05-05 09:46:54',2,'0000-00-00 00:00:00',0,0,0),(247,33,'Warning: message 1s2ODA-00000004UgR-0SyG delayed 72 hours','2024-05-05 09:31:07',2,'2024-05-05 09:31:07',0,'2024-05-05 09:46:54',2,'0000-00-00 00:00:00',0,0,0),(248,33,'e-Billing','2024-05-05 09:31:07',2,'2024-05-05 09:31:07',0,'2024-05-05 09:46:54',2,'0000-00-00 00:00:00',0,0,0),(249,33,'Bank Statements','2024-05-05 09:31:07',2,'2024-05-05 09:31:07',0,'2024-05-05 09:46:54',2,'0000-00-00 00:00:00',0,0,0),(250,33,'Alert: Your Electronic Shipment is Currently On Hold','2024-05-05 09:31:07',2,'2024-05-05 09:31:07',0,'2024-05-05 09:46:54',2,'0000-00-00 00:00:00',0,0,0),(251,33,'Unclaimed Fund!!!!!','2024-05-05 09:31:07',2,'2024-05-05 09:31:07',0,'0000-00-00 00:00:00',0,'0000-00-00 00:00:00',0,0,0),(252,33,'Warning: message 1s2ODA-00000004UgR-0SyG delayed 48 hours','2024-05-05 09:31:08',2,'2024-05-05 09:31:08',0,'2024-05-05 09:46:54',2,'0000-00-00 00:00:00',0,0,0),(253,33,'Tax Invoice - CT008626','2024-05-05 09:31:08',2,'2024-05-05 09:31:08',0,'0000-00-00 00:00:00',0,'0000-00-00 00:00:00',0,0,0),(254,33,'Tax Invoice - CT008625','2024-05-05 09:31:08',2,'2024-05-05 09:31:08',0,'0000-00-00 00:00:00',0,'0000-00-00 00:00:00',0,0,0),(255,33,'Tax Invoice - CT008624','2024-05-05 09:31:08',2,'2024-05-05 09:31:08',0,'0000-00-00 00:00:00',0,'0000-00-00 00:00:00',0,0,0),(256,33,'Tax Invoice - CT008623','2024-05-05 09:31:08',2,'2024-05-05 09:31:08',0,'0000-00-00 00:00:00',0,'0000-00-00 00:00:00',0,0,0),(257,33,'Tax Invoice - CT008622','2024-05-05 09:31:08',2,'2024-05-05 09:31:08',0,'0000-00-00 00:00:00',0,'0000-00-00 00:00:00',0,0,0),(258,33,'Tax Invoice - CT008621','2024-05-05 09:31:08',2,'2024-05-05 09:31:08',0,'0000-00-00 00:00:00',0,'0000-00-00 00:00:00',0,0,0),(259,33,'Tax Invoice - CT008620','2024-05-05 09:31:09',2,'2024-05-05 09:31:09',0,'0000-00-00 00:00:00',0,'0000-00-00 00:00:00',0,0,0),(260,33,'Tax Invoice - CT008619','2024-05-05 09:31:09',2,'2024-05-05 09:31:09',0,'0000-00-00 00:00:00',0,'0000-00-00 00:00:00',0,0,0),(261,33,'Tax Invoice - CT008618','2024-05-05 09:31:09',2,'2024-05-05 09:31:09',0,'0000-00-00 00:00:00',0,'0000-00-00 00:00:00',0,0,0),(262,33,'Tax Invoice - CT008617','2024-05-05 09:31:09',2,'2024-05-05 09:31:09',0,'0000-00-00 00:00:00',0,'0000-00-00 00:00:00',0,0,0),(263,33,'Tax Invoice - CT008616','2024-05-05 09:31:09',2,'2024-05-05 09:31:09',0,'0000-00-00 00:00:00',0,'0000-00-00 00:00:00',0,0,0),(264,33,'Tax Invoice - CT008615','2024-05-05 09:31:09',2,'2024-05-05 09:31:09',0,'0000-00-00 00:00:00',0,'0000-00-00 00:00:00',0,0,0),(265,33,'Tax Invoice - CT008614','2024-05-05 09:31:10',2,'2024-05-05 09:31:10',0,'0000-00-00 00:00:00',0,'0000-00-00 00:00:00',0,0,0),(266,33,'Tax Invoice - CT008613','2024-05-05 09:31:10',2,'2024-05-05 09:31:10',0,'0000-00-00 00:00:00',0,'0000-00-00 00:00:00',0,0,0),(267,33,'Tax Invoice - CT008612','2024-05-05 09:31:10',2,'2024-05-05 09:31:10',0,'0000-00-00 00:00:00',0,'0000-00-00 00:00:00',0,0,0),(268,33,'Tax Invoice - CT008611','2024-05-05 09:31:10',2,'2024-05-05 09:31:10',0,'0000-00-00 00:00:00',0,'0000-00-00 00:00:00',0,0,0),(269,33,'Tax Invoice - CT008610','2024-05-05 09:31:10',2,'2024-05-05 09:31:10',0,'0000-00-00 00:00:00',0,'0000-00-00 00:00:00',0,0,0),(270,33,'Tax Invoice - CT008609','2024-05-05 09:31:10',2,'2024-05-05 09:31:10',0,'0000-00-00 00:00:00',0,'0000-00-00 00:00:00',0,0,0),(271,33,'Tax Invoice - CT008608','2024-05-05 09:31:10',2,'2024-05-05 09:31:10',0,'0000-00-00 00:00:00',0,'0000-00-00 00:00:00',0,0,0),(272,33,'Tax Invoice - CT008607','2024-05-05 09:31:11',2,'2024-05-05 09:31:11',0,'0000-00-00 00:00:00',0,'0000-00-00 00:00:00',0,0,0),(273,33,'Payroll: Rollover completed for 0989 - Buccaneer Communications CC','2024-05-05 09:31:11',2,'2024-05-05 09:31:11',0,'0000-00-00 00:00:00',0,'0000-00-00 00:00:00',0,0,0),(274,33,'FW: Leaving the Arklow community and 20 Arklow Road','2024-05-05 09:31:11',2,'2024-05-05 09:31:11',0,'0000-00-00 00:00:00',0,'0000-00-00 00:00:00',0,0,0),(275,33,'RE: Continuing infringement of DermaFix TM in Nigeria','2024-05-05 09:31:11',2,'2024-05-05 09:31:11',0,'0000-00-00 00:00:00',0,'0000-00-00 00:00:00',0,0,0),(276,33,'Re: Welgelegen BC: HRS Customs - Final Payment','2024-05-05 09:31:11',2,'2024-05-05 09:31:11',0,'0000-00-00 00:00:00',0,'0000-00-00 00:00:00',0,0,0),(277,33,'Your latest Quarterly Commentary','2024-05-05 09:31:11',2,'2024-05-05 09:31:11',0,'0000-00-00 00:00:00',0,'0000-00-00 00:00:00',0,0,0),(278,33,'RE: Welgelegen BC: HRS Customs - Final Payment','2024-05-05 09:31:12',2,'2024-05-05 09:31:12',0,'0000-00-00 00:00:00',0,'0000-00-00 00:00:00',0,0,0),(279,33,'Re: Welgelegen BC: HRS Customs - Final Payment','2024-05-05 09:31:12',2,'2024-05-05 09:31:12',0,'0000-00-00 00:00:00',0,'0000-00-00 00:00:00',0,0,0),(280,33,'FW: Welgelegen BC: Revolving door - 3500188769','2024-05-05 09:31:13',2,'2024-05-05 09:31:13',0,'0000-00-00 00:00:00',0,'0000-00-00 00:00:00',0,0,0),(281,33,'Age Analysis','2024-05-05 09:31:13',2,'2024-05-05 09:31:13',0,'0000-00-00 00:00:00',0,'0000-00-00 00:00:00',0,0,0),(282,33,'Re: Welgelegen BC: HRS Customs - Final Payment','2024-05-05 09:31:13',2,'2024-05-05 09:31:13',0,'0000-00-00 00:00:00',0,'0000-00-00 00:00:00',0,0,0),(283,33,'wages 030524','2024-05-05 09:31:13',2,'2024-05-05 09:31:13',0,'0000-00-00 00:00:00',0,'0000-00-00 00:00:00',0,0,0),(284,33,'FW: Confirmation of your living annuity income for the upcoming year - AGLA515669','2024-05-05 09:31:13',2,'2024-05-05 09:31:13',0,'0000-00-00 00:00:00',0,'0000-00-00 00:00:00',0,0,0),(285,33,'Re: Payroll and Taxes','2024-05-05 09:31:13',2,'2024-05-05 09:31:13',0,'0000-00-00 00:00:00',0,'0000-00-00 00:00:00',0,0,0),(286,33,'Payroll: Rollover completed for 1035 - 3 ID Idea Development CC','2024-05-05 09:31:14',2,'2024-05-05 09:31:14',0,'0000-00-00 00:00:00',0,'0000-00-00 00:00:00',0,0,0),(287,33,'Declarations','2024-05-05 09:31:14',2,'2024-05-05 09:31:14',0,'0000-00-00 00:00:00',0,'0000-00-00 00:00:00',0,0,0),(288,33,'Declarations','2024-05-05 09:31:14',2,'2024-05-05 09:31:14',0,'0000-00-00 00:00:00',0,'0000-00-00 00:00:00',0,0,0),(289,33,'info requested via Timothy','2024-05-05 09:31:14',2,'2024-05-05 09:31:14',0,'0000-00-00 00:00:00',0,'0000-00-00 00:00:00',0,0,0),(290,33,'RE: Welgelegen BC: HRS Customs - Final Payment','2024-05-05 09:31:14',2,'2024-05-05 09:31:14',0,'0000-00-00 00:00:00',0,'0000-00-00 00:00:00',0,0,0),(291,33,'Warning: message 1s2ODA-00000004UgR-0SyG delayed 24 hours','2024-05-05 09:31:14',2,'2024-05-05 09:31:14',0,'0000-00-00 00:00:00',0,'0000-00-00 00:00:00',0,0,0),(292,33,'FW: Leaving the Arklow community and 20 Arklow Road','2024-05-05 09:31:14',2,'2024-05-05 09:31:15',0,'0000-00-00 00:00:00',0,'0000-00-00 00:00:00',0,0,0),(293,33,'Payroll: Rollover completed for 1004 - Move on Up 1157 CC t/a SCUBA.CO.ZA','2024-05-05 09:31:15',2,'2024-05-05 09:31:15',0,'0000-00-00 00:00:00',0,'0000-00-00 00:00:00',0,0,0),(294,33,'Declarations','2024-05-05 09:31:15',2,'2024-05-05 09:31:15',0,'0000-00-00 00:00:00',0,'0000-00-00 00:00:00',0,0,0),(295,33,'It’s that easy. Fly from R1,299','2024-05-05 09:31:15',2,'2024-05-05 09:31:15',0,'0000-00-00 00:00:00',0,'0000-00-00 00:00:00',0,0,0),(296,33,'FW: Invoices from Sastel: 011711,011712','2024-05-05 09:31:15',2,'2024-05-05 09:31:15',0,'0000-00-00 00:00:00',0,'0000-00-00 00:00:00',0,0,0),(297,33,'Greetings','2024-05-05 09:31:15',2,'2024-05-05 09:31:15',0,'0000-00-00 00:00:00',0,'0000-00-00 00:00:00',0,0,0),(298,33,'3 weeks to go to the deadline for the 2024 Hello Elgin Valley & Grabouw A-Z','2024-05-05 09:31:15',2,'2024-05-05 09:31:15',0,'0000-00-00 00:00:00',0,'0000-00-00 00:00:00',0,0,0),(299,33,'FW: FNB Statement: *LIFESTYLE MANAGEMEN - 2024-05-02 - 63087034947','2024-05-05 09:31:16',2,'2024-05-05 09:31:16',0,'0000-00-00 00:00:00',0,'0000-00-00 00:00:00',0,0,0),(300,33,'RE: pls help with allocations','2024-05-05 09:31:16',2,'2024-05-05 09:31:16',0,'0000-00-00 00:00:00',0,'0000-00-00 00:00:00',0,0,0),(301,33,'Lenovo ThinkPad X390 2-in-1 Laptop - The Perfect Travelling Partner','2024-05-05 09:31:16',2,'2024-05-05 09:31:16',0,'0000-00-00 00:00:00',0,'0000-00-00 00:00:00',0,0,0),(302,33,'RE: Welgelegen BC: Revolving door - 3500188769','2024-05-05 09:31:16',2,'2024-05-05 09:31:16',0,'0000-00-00 00:00:00',0,'0000-00-00 00:00:00',0,0,0),(303,33,'Re: Welgelegen BC: HRS Customs - Final Payment','2024-05-05 09:31:16',2,'2024-05-05 09:31:17',0,'0000-00-00 00:00:00',0,'0000-00-00 00:00:00',0,0,0),(304,33,'Re: Welgelegen BC: HRS Customs - Final Payment','2024-05-05 09:31:16',2,'2024-05-05 09:31:16',0,'0000-00-00 00:00:00',0,'0000-00-00 00:00:00',0,0,0),(305,33,'RE: Continuing infringement of DermaFix TM in Nigeria','2024-05-05 09:31:17',2,'2024-05-05 09:31:17',0,'0000-00-00 00:00:00',0,'0000-00-00 00:00:00',0,0,0),(306,33,'FW: SBSA Business Current Account Statement *****6865_2024-04-30','2024-05-05 09:31:17',2,'2024-05-05 09:31:17',0,'0000-00-00 00:00:00',0,'0000-00-00 00:00:00',0,0,0),(307,33,'Re: Welgelegen BC: HRS Customs - Final Payment','2024-05-05 09:31:17',2,'2024-05-05 09:31:17',0,'0000-00-00 00:00:00',0,'0000-00-00 00:00:00',0,0,0),(308,33,'FW: Invoices from Sastel: 011709,011710','2024-05-05 09:31:17',2,'2024-05-05 09:31:17',0,'0000-00-00 00:00:00',0,'0000-00-00 00:00:00',0,0,0),(309,33,'Statement of Account - Scheme: TOWER ELECTRONIC SYSTEMS (PTY) LTD','2024-05-05 09:31:17',2,'2024-05-05 09:31:17',0,'0000-00-00 00:00:00',0,'0000-00-00 00:00:00',0,0,0),(310,33,'Peet, thanks for being a valued member','2024-05-05 09:31:17',2,'2024-05-05 09:31:17',0,'0000-00-00 00:00:00',0,'0000-00-00 00:00:00',0,0,0),(311,33,'POP R560.63','2024-05-05 09:31:17',2,'2024-05-05 09:31:18',0,'0000-00-00 00:00:00',0,'0000-00-00 00:00:00',0,0,0),(312,33,'Logged Message uifrefno : 15933058.178','2024-05-05 09:31:18',2,'2024-05-05 09:31:18',0,'0000-00-00 00:00:00',0,'0000-00-00 00:00:00',0,0,0),(313,33,'Welgelegen BC: Window in hallway - Storm Damages','2024-05-05 09:31:18',2,'2024-05-05 09:31:18',0,'0000-00-00 00:00:00',0,'0000-00-00 00:00:00',0,0,0),(314,33,'FW: AFEOS Invoice Dec 23','2024-05-05 09:31:18',2,'2024-05-05 09:31:18',0,'0000-00-00 00:00:00',0,'0000-00-00 00:00:00',0,0,0),(315,33,'Do you want to upskill in Sectional Title Financial Management?','2024-05-05 09:31:18',2,'2024-05-05 09:31:18',0,'0000-00-00 00:00:00',0,'0000-00-00 00:00:00',0,0,0),(316,33,'RE: Weekly stock count 02.05.2024','2024-05-05 09:31:19',2,'2024-05-05 09:31:19',0,'0000-00-00 00:00:00',0,'0000-00-00 00:00:00',0,0,0),(317,33,'Weekly stock count 02.05.2024','2024-05-05 09:31:19',2,'2024-05-05 09:31:19',0,'0000-00-00 00:00:00',0,'0000-00-00 00:00:00',0,0,0),(318,33,'Welgelegen Body Corporate: Block A - Stormwater Drainage Project','2024-05-05 09:31:19',2,'2024-05-05 09:31:19',0,'0000-00-00 00:00:00',0,'0000-00-00 00:00:00',0,0,0),(319,33,'Speed Point Card Machine Batch 421','2024-05-05 09:31:19',2,'2024-05-05 09:31:19',0,'0000-00-00 00:00:00',0,'0000-00-00 00:00:00',0,0,0),(320,33,'Re: Welgelegen BC: A1 Aluminium - Payment of Deposit','2024-05-05 09:31:19',2,'2024-05-05 09:31:19',0,'0000-00-00 00:00:00',0,'0000-00-00 00:00:00',0,0,0),(321,33,'FW: Invoice Gordon\'s Bay Security Trust INV850180','2024-05-05 09:31:19',2,'2024-05-05 09:31:20',0,'0000-00-00 00:00:00',0,'0000-00-00 00:00:00',0,0,0),(322,33,'Invoice Gordon\'s Bay Security Trust INV850175','2024-05-05 09:31:20',2,'2024-05-05 09:31:20',0,'0000-00-00 00:00:00',0,'0000-00-00 00:00:00',0,0,0),(323,33,'Document from Momentum DE000826287 - L JOHNSON','2024-05-05 09:31:20',2,'2024-05-05 09:31:20',0,'0000-00-00 00:00:00',0,'0000-00-00 00:00:00',0,0,0),(324,33,'Re: Fwd: RE: DE000826287','2024-05-05 09:31:20',2,'2024-05-05 09:31:20',0,'0000-00-00 00:00:00',0,'0000-00-00 00:00:00',0,0,0),(325,16,'','2024-05-05 09:36:06',2,'2024-05-05 09:36:06',2,'0000-00-00 00:00:00',0,'0000-00-00 00:00:00',0,419,7200),(326,33,'test','2024-05-05 09:36:06',2,'2024-05-05 09:40:16',2,'0000-00-00 00:00:00',0,'0000-00-00 00:00:00',0,419,7200),(327,33,'test2','2024-05-05 09:36:57',2,'2024-05-05 09:40:18',2,'0000-00-00 00:00:00',0,'0000-00-00 00:00:00',0,419,7200),(328,33,'sal apr','2024-05-05 09:37:26',2,'2024-05-05 09:37:26',2,'0000-00-00 00:00:00',0,'0000-00-00 00:00:00',0,419,7200),(329,33,'testers','2024-05-05 09:40:24',2,'2024-05-05 09:45:42',2,'0000-00-00 00:00:00',0,'0000-00-00 00:00:00',0,419,7200),(330,33,'test3','2024-05-05 09:44:44',2,'2024-05-05 09:45:44',2,'0000-00-00 00:00:00',0,'0000-00-00 00:00:00',0,419,7200),(331,33,'APPLY','2024-05-05 10:15:44',2,'2024-05-05 10:15:44',0,'0000-00-00 00:00:00',0,'0000-00-00 00:00:00',0,0,0),(332,33,'Alert: Your Electronic Shipment is Currently On Hold','2024-05-05 11:15:43',2,'2024-05-05 11:15:43',0,'0000-00-00 00:00:00',0,'0000-00-00 00:00:00',0,0,0),(333,33,'FW: Netstar Invoice/Statement - BOOKTALK (PTY) LTD','2024-05-05 12:50:49',2,'2024-05-05 12:50:49',0,'0000-00-00 00:00:00',0,'0000-00-00 00:00:00',0,0,0),(334,33,'Fw: FNB Statement: BOOKTALK (PTY) LTD - 2024-05-02 - 50370050467','2024-05-05 12:50:49',2,'2024-05-05 12:50:49',0,'0000-00-00 00:00:00',0,'0000-00-00 00:00:00',0,0,0),(335,16,'','2024-05-05 12:58:57',2,'2024-05-05 12:58:57',2,'0000-00-00 00:00:00',0,'0000-00-00 00:00:00',0,419,7200),(336,33,'Re: Statement for Northern Wholesale Tiles CC - 1001','2024-05-05 12:58:57',2,'2024-05-05 13:00:19',2,'0000-00-00 00:00:00',0,'0000-00-00 00:00:00',0,419,7200),(337,33,'Re: test3','2024-05-05 13:05:48',2,'2024-05-05 13:05:48',0,'0000-00-00 00:00:00',0,'0000-00-00 00:00:00',0,0,0),(338,33,'Re: test2','2024-05-05 13:05:49',2,'2024-05-05 13:05:49',0,'0000-00-00 00:00:00',0,'0000-00-00 00:00:00',0,0,0),(339,1,'0001 - PJA','2024-05-05 13:10:25',2,'2024-05-05 13:50:04',2,'0000-00-00 00:00:00',0,'0000-00-00 00:00:00',0,419,7200),(340,33,'FW: Updated Lifestyle PMTS made to the office.','2024-05-05 13:20:47',2,'2024-05-05 13:20:47',0,'0000-00-00 00:00:00',0,'0000-00-00 00:00:00',0,0,0),(341,1,'0010 - KMC','2024-05-05 13:21:25',2,'2024-05-05 13:50:13',2,'0000-00-00 00:00:00',0,'0000-00-00 00:00:00',0,419,7200),(342,1,'0099 - Noel D Hulley','2024-05-05 13:31:07',2,'2024-05-05 13:31:07',2,'0000-00-00 00:00:00',0,'0000-00-00 00:00:00',0,419,7200),(343,1,'1236 - Harcourts','2024-05-05 13:34:48',2,'2024-05-05 13:34:48',2,'0000-00-00 00:00:00',0,'0000-00-00 00:00:00',0,419,7200),(344,33,'Statement for Harcourts Real Estate Midrand CC','2024-05-05 13:35:45',2,'2024-05-05 13:35:45',0,'0000-00-00 00:00:00',0,'0000-00-00 00:00:00',0,0,0),(345,16,'Anton Rudolf Kruger','2024-05-05 13:35:52',2,'2024-05-05 13:35:52',2,'0000-00-00 00:00:00',0,'0000-00-00 00:00:00',0,419,7200),(346,1,'1150 - Transamine','2024-05-05 13:40:46',2,'2024-05-05 13:40:46',2,'0000-00-00 00:00:00',0,'0000-00-00 00:00:00',0,419,7200),(347,6,'1150.ar.transamine.2024.pdf','2024-05-05 13:41:35',2,'2024-05-05 13:41:35',2,'0000-00-00 00:00:00',0,'0000-00-00 00:00:00',0,419,7200),(348,17,'','2024-05-05 13:41:35',2,'2024-05-05 13:41:35',2,'0000-00-00 00:00:00',0,'0000-00-00 00:00:00',0,419,7200),(349,1,'1162 - Booktalk','2024-05-05 13:43:17',2,'2024-05-05 13:43:17',2,'0000-00-00 00:00:00',0,'0000-00-00 00:00:00',0,419,7200),(350,6,'Booktalk Commissionable Sales Report 11-30-2023.xlsx','2024-05-05 13:43:41',2,'2024-05-05 13:43:41',2,'0000-00-00 00:00:00',0,'0000-00-00 00:00:00',0,419,7200),(351,17,'','2024-05-05 13:43:41',2,'2024-05-05 13:43:41',2,'0000-00-00 00:00:00',0,'0000-00-00 00:00:00',0,419,7200),(352,1,'0099 - Tower','2024-05-05 13:47:42',2,'2024-05-05 13:47:42',2,'0000-00-00 00:00:00',0,'0000-00-00 00:00:00',0,419,7200),(353,1,'1001 - NWT','2024-05-05 13:48:16',2,'2024-05-05 13:48:16',2,'0000-00-00 00:00:00',0,'0000-00-00 00:00:00',0,419,7200),(354,33,'Auto classify tester','2024-05-05 13:48:49',2,'2024-05-05 13:48:49',2,'0000-00-00 00:00:00',0,'0000-00-00 00:00:00',0,419,7200),(355,1,'0099 - Tower UPS','2024-05-05 13:50:57',2,'2024-05-05 13:50:57',2,'0000-00-00 00:00:00',0,'0000-00-00 00:00:00',0,419,7200),(356,1,'0440 - Petrus J Oosthuisen','2024-05-05 13:51:18',2,'2024-05-05 13:51:26',2,'0000-00-00 00:00:00',0,'0000-00-00 00:00:00',0,419,7200),(357,1,'0822 - Dr Eric C Bue','2024-05-05 13:51:49',2,'2024-05-05 13:51:49',2,'0000-00-00 00:00:00',0,'0000-00-00 00:00:00',0,419,7200),(358,1,'0960 - Spa Professionals','2024-05-05 13:52:08',2,'2024-05-05 13:52:08',2,'0000-00-00 00:00:00',0,'0000-00-00 00:00:00',0,419,7200),(359,1,'0962 - Dermafix','2024-05-05 13:52:33',2,'2024-05-05 13:52:33',2,'0000-00-00 00:00:00',0,'0000-00-00 00:00:00',0,419,7200),(360,1,'0965 - Quiddity','2024-05-05 13:52:53',2,'2024-05-05 13:52:53',2,'0000-00-00 00:00:00',0,'0000-00-00 00:00:00',0,419,7200),(361,1,'0989 - Buccaneer','2024-05-05 13:53:08',2,'2024-05-05 13:53:08',2,'0000-00-00 00:00:00',0,'0000-00-00 00:00:00',0,419,7200),(362,1,'1002 - Reynolds Prop Inv','2024-05-05 13:53:31',2,'2024-05-05 13:53:31',2,'0000-00-00 00:00:00',0,'0000-00-00 00:00:00',0,419,7200),(363,1,'1004 - Move on Up','2024-05-05 13:53:48',2,'2024-05-05 13:53:48',2,'0000-00-00 00:00:00',0,'0000-00-00 00:00:00',0,419,7200),(364,1,'1019 - Arklow HOA','2024-05-05 13:54:06',2,'2024-05-05 13:54:06',2,'0000-00-00 00:00:00',0,'0000-00-00 00:00:00',0,419,7200),(365,1,'1029 - Craig J McMurray','2024-05-05 13:54:26',2,'2024-05-05 13:54:26',2,'0000-00-00 00:00:00',0,'0000-00-00 00:00:00',0,419,7200),(366,1,'0440 - Brenda Oosthuisen','2024-05-05 13:55:20',2,'2024-05-05 13:55:20',2,'0000-00-00 00:00:00',0,'0000-00-00 00:00:00',0,419,7200),(368,1,'0001 - Abibail Rose','2024-05-05 13:58:06',2,'2024-05-05 13:58:06',2,'0000-00-00 00:00:00',0,'0000-00-00 00:00:00',0,419,7200),(369,1,'0001 - Christian Alexander','2024-05-05 13:58:31',2,'2024-05-05 13:58:31',2,'0000-00-00 00:00:00',0,'0000-00-00 00:00:00',0,419,7200),(370,1,'0001 - Lucille E JvR Petersen','2024-05-05 13:59:03',2,'2024-05-05 13:59:03',2,'0000-00-00 00:00:00',0,'0000-00-00 00:00:00',0,419,7200),(371,1,'0099 - Glynis Hulley','2024-05-05 14:00:38',2,'2024-05-05 14:00:38',2,'0000-00-00 00:00:00',0,'0000-00-00 00:00:00',0,419,7200),(372,1,'0099 - Andre J Joubert','2024-05-05 14:01:17',2,'2024-05-05 14:01:17',2,'0000-00-00 00:00:00',0,'0000-00-00 00:00:00',0,419,7200),(373,1,'0099 - Jenny Ecgroignard','2024-05-05 14:01:57',2,'2024-05-05 14:01:57',2,'0000-00-00 00:00:00',0,'0000-00-00 00:00:00',0,419,7200),(374,1,'0822 - Tracey H Bue','2024-05-05 14:04:37',2,'2024-05-05 14:04:37',2,'0000-00-00 00:00:00',0,'0000-00-00 00:00:00',0,419,7200),(375,1,'0822 - Jaqueline du Randt','2024-05-05 14:05:04',2,'2024-05-05 14:05:04',2,'0000-00-00 00:00:00',0,'0000-00-00 00:00:00',0,419,7200),(376,33,'Re: FW: REGISTRASIE: JORDAAN.ELEVATED 104 PROP INV PTY LTD - FGJ2049','2024-05-05 15:05:50',2,'2024-05-05 15:05:50',0,'0000-00-00 00:00:00',0,'0000-00-00 00:00:00',0,0,0),(377,33,'RE: Welgelegen BC: Johan Venter & Associates','2024-05-05 15:05:50',2,'2024-05-05 15:05:50',0,'0000-00-00 00:00:00',0,'0000-00-00 00:00:00',0,0,0),(378,33,'Do you need a loan?','2024-05-05 21:05:42',2,'2024-05-05 21:05:42',0,'0000-00-00 00:00:00',0,'0000-00-00 00:00:00',0,0,0),(379,33,'DirectAxis 5% Fixed Flexible Loans>\"','2024-05-05 22:20:43',2,'2024-05-05 22:20:43',0,'0000-00-00 00:00:00',0,'0000-00-00 00:00:00',0,0,0),(380,33,'【Recover Important Data】Recover files  any time, no more fears of data loss!','2024-05-06 01:15:47',2,'2024-05-06 01:15:47',0,'0000-00-00 00:00:00',0,'0000-00-00 00:00:00',0,0,0),(381,33,'ANC’s path to hobbling the EFF','2024-05-06 04:08:04',2,'2024-05-06 04:08:04',0,'0000-00-00 00:00:00',0,'0000-00-00 00:00:00',0,0,0),(382,33,'Liberty Life Commission Report','2024-05-06 04:08:04',2,'2024-05-06 04:08:04',0,'0000-00-00 00:00:00',0,'0000-00-00 00:00:00',0,0,0),(383,33,'Liberty Life Commission Report','2024-05-06 04:08:04',2,'2024-05-06 04:08:04',0,'0000-00-00 00:00:00',0,'0000-00-00 00:00:00',0,0,0),(384,1,'1040 - Mypiggy','2024-05-06 04:38:23',2,'2024-05-06 04:38:23',2,'0000-00-00 00:00:00',0,'0000-00-00 00:00:00',0,419,7200),(385,33,'New Clients','2024-05-06 04:40:18',2,'2024-05-06 04:40:18',0,'0000-00-00 00:00:00',0,'0000-00-00 00:00:00',0,0,0),(386,33,'Ad-hoc Payment Confirmation','2024-05-06 04:54:49',2,'2024-05-06 04:54:49',2,'0000-00-00 00:00:00',0,'0000-00-00 00:00:00',0,419,7200),(387,33,'Generated OTP To Open Letter Of Good Standing','2024-05-06 04:55:02',2,'2024-05-06 04:55:02',2,'0000-00-00 00:00:00',0,'0000-00-00 00:00:00',0,419,7200),(388,1,'1098 - K2 Capital','2024-05-06 04:56:51',2,'2024-05-06 04:56:51',2,'0000-00-00 00:00:00',0,'0000-00-00 00:00:00',0,419,7200),(389,16,'','2024-05-06 04:57:56',2,'2024-05-06 04:57:56',2,'0000-00-00 00:00:00',0,'0000-00-00 00:00:00',0,419,7200),(390,33,'Cirtificate of good Standing','2024-05-06 04:57:56',2,'2024-05-06 04:58:56',2,'0000-00-00 00:00:00',0,'0000-00-00 00:00:00',0,419,7200),(391,33,'','2024-05-06 04:59:16',2,'2024-05-06 04:59:16',2,'0000-00-00 00:00:00',0,'0000-00-00 00:00:00',0,419,7200),(392,6,'1098.LOGS.K2.20240430.pdf','2024-05-06 04:59:30',2,'2024-05-06 05:00:18',2,'0000-00-00 00:00:00',0,'0000-00-00 00:00:00',0,419,7200),(393,17,'','2024-05-06 04:59:30',2,'2024-05-06 04:59:30',2,'0000-00-00 00:00:00',0,'0000-00-00 00:00:00',0,419,7200),(394,33,'2024 LOGS','2024-05-06 05:00:18',2,'2024-05-06 05:00:48',2,'0000-00-00 00:00:00',0,'0000-00-00 00:00:00',0,419,7200),(395,33,'FW: Lead Laundry & Catering Tax Invoice','2024-05-06 05:15:44',2,'2024-05-06 05:15:44',0,'0000-00-00 00:00:00',0,'0000-00-00 00:00:00',0,0,0),(396,33,'FW: SecureRite std SLA\'s and Monitoring Agreements','2024-05-06 05:15:45',2,'2024-05-06 05:15:45',0,'0000-00-00 00:00:00',0,'0000-00-00 00:00:00',0,0,0),(397,33,'Automatic reply: 2024 LOGS','2024-05-06 05:15:45',2,'2024-05-06 05:15:45',0,'0000-00-00 00:00:00',0,'0000-00-00 00:00:00',0,0,0),(398,33,'RE: Welgelegen BC: Johan Venter & Associates','2024-05-06 05:35:50',2,'2024-05-06 05:35:50',0,'0000-00-00 00:00:00',0,'0000-00-00 00:00:00',0,0,0),(399,33,'Mail delivery failed: returning message to sender','2024-05-06 05:35:50',2,'2024-05-06 05:35:50',0,'0000-00-00 00:00:00',0,'0000-00-00 00:00:00',0,0,0),(400,33,'LAUNCH IT3-D FOR PBOs','2024-05-06 05:50:46',2,'2024-05-06 05:50:46',0,'0000-00-00 00:00:00',0,'0000-00-00 00:00:00',0,0,0),(401,33,'It all starts with you, womens knitwear from R199.99','2024-05-06 06:05:48',2,'2024-05-06 06:05:48',0,'0000-00-00 00:00:00',0,'0000-00-00 00:00:00',0,0,0),(402,33,'EC medicinal cannabis economy boost','2024-05-06 06:05:48',2,'2024-05-06 06:05:48',0,'0000-00-00 00:00:00',0,'0000-00-00 00:00:00',0,0,0),(403,1,'1279 - Welgelegen','2024-05-06 06:08:17',2,'2024-05-06 06:08:17',2,'0000-00-00 00:00:00',0,'0000-00-00 00:00:00',0,419,7200),(404,16,'','2024-05-06 06:10:53',2,'2024-05-06 06:10:53',2,'0000-00-00 00:00:00',0,'0000-00-00 00:00:00',0,419,7200),(405,33,'Fwd: FW: Lead Laundry & Catering Tax Invoice','2024-05-06 06:10:53',2,'2024-05-06 06:14:05',2,'0000-00-00 00:00:00',0,'0000-00-00 00:00:00',0,419,7200),(406,33,'Fwd: sal apr','2024-05-06 06:11:54',2,'2024-05-06 06:14:07',2,'0000-00-00 00:00:00',0,'0000-00-00 00:00:00',0,419,7200),(407,33,'Available Balance Notification','2024-05-06 06:20:47',2,'2024-05-06 06:20:47',0,'0000-00-00 00:00:00',0,'0000-00-00 00:00:00',0,0,0),(408,33,'PIGGYBANK INVESTMENT PLANNING CC T/A PIGGYBANK – Your Liberty Commission Statement','2024-05-06 06:20:48',2,'2024-05-06 06:20:48',0,'0000-00-00 00:00:00',0,'0000-00-00 00:00:00',0,0,0),(409,33,'FW: Compensation Commissioner POP','2024-05-06 06:20:49',2,'2024-05-06 06:20:50',0,'0000-00-00 00:00:00',0,'0000-00-00 00:00:00',0,0,0),(410,33,'','2024-05-06 06:34:12',2,'2024-05-06 06:34:12',2,'0000-00-00 00:00:00',0,'0000-00-00 00:00:00',0,419,7200),(411,33,'Payroll: Rollover completed for 1000 - Northern Wholesale Tiles CC','2024-05-06 06:34:12',2,'2024-05-06 06:34:12',2,'0000-00-00 00:00:00',0,'0000-00-00 00:00:00',0,419,7200),(412,6,'1001.EMP201.nwt.202404.pdf','2024-05-06 06:34:25',2,'2024-05-06 06:34:56',2,'0000-00-00 00:00:00',0,'0000-00-00 00:00:00',0,419,7200),(413,17,'','2024-05-06 06:34:25',2,'2024-05-06 06:34:25',2,'0000-00-00 00:00:00',0,'0000-00-00 00:00:00',0,419,7200),(414,6,'1001.NettPayList.nwt.202404.pdf','2024-05-06 06:34:25',2,'2024-05-06 06:34:56',2,'0000-00-00 00:00:00',0,'0000-00-00 00:00:00',0,419,7200),(415,17,'','2024-05-06 06:34:25',2,'2024-05-06 06:34:25',2,'0000-00-00 00:00:00',0,'0000-00-00 00:00:00',0,419,7200),(416,6,'1001.PlainPaperPayslip.nwt.202404.pdf','2024-05-06 06:34:25',2,'2024-05-06 06:34:56',2,'0000-00-00 00:00:00',0,'0000-00-00 00:00:00',0,419,7200),(417,17,'','2024-05-06 06:34:25',2,'2024-05-06 06:34:25',2,'0000-00-00 00:00:00',0,'0000-00-00 00:00:00',0,419,7200),(418,33,'april payroll reports ','2024-05-06 06:34:56',2,'2024-05-06 06:35:24',2,'0000-00-00 00:00:00',0,'0000-00-00 00:00:00',0,419,7200),(419,33,'Allan Gray Adviser Fee Statement','2024-05-06 06:35:33',2,'2024-05-06 06:35:33',2,'0000-00-00 00:00:00',0,'0000-00-00 00:00:00',0,419,7200),(420,33,'CoCT remittance advices - Mar-April','2024-05-06 06:50:50',2,'2024-05-06 06:50:50',0,'0000-00-00 00:00:00',0,'0000-00-00 00:00:00',0,0,0),(421,6,'2024-04-11 - 00000010512174620240411.pdf','2024-05-06 06:50:50',2,'2024-05-06 06:50:50',0,'0000-00-00 00:00:00',0,'0000-00-00 00:00:00',0,0,0),(422,17,'','2024-05-06 06:50:50',2,'2024-05-06 06:50:50',0,'0000-00-00 00:00:00',0,'0000-00-00 00:00:00',0,0,0),(423,6,'2024-03-20 - 00000010512167620240320.pdf','2024-05-06 06:50:50',2,'2024-05-06 06:50:50',0,'0000-00-00 00:00:00',0,'0000-00-00 00:00:00',0,0,0),(424,17,'','2024-05-06 06:50:50',2,'2024-05-06 06:50:50',0,'0000-00-00 00:00:00',0,'0000-00-00 00:00:00',0,0,0),(425,6,'2024-03-14 - 00000010512165820240314.pdf','2024-05-06 06:50:50',2,'2024-05-06 06:50:50',0,'0000-00-00 00:00:00',0,'0000-00-00 00:00:00',0,0,0),(426,17,'','2024-05-06 06:50:50',2,'2024-05-06 06:50:50',0,'0000-00-00 00:00:00',0,'0000-00-00 00:00:00',0,0,0),(427,33,'RE: Welgelegen BC: Johan Venter & Associates','2024-05-06 06:50:50',2,'2024-05-06 06:50:50',0,'0000-00-00 00:00:00',0,'0000-00-00 00:00:00',0,0,0),(428,33,'FW: REQUEST FOR UPDATED  STATEMENT','2024-05-06 06:50:50',2,'2024-05-06 06:50:50',0,'0000-00-00 00:00:00',0,'0000-00-00 00:00:00',0,0,0),(429,33,'Help feed hungry tummies with every swipe, Peet ✨✨','2024-05-06 07:05:46',2,'2024-05-06 07:05:46',0,'0000-00-00 00:00:00',0,'0000-00-00 00:00:00',0,0,0),(430,33,'Client instruction confirmations for Mr JANSEN VAN RENSBURG','2024-05-06 07:05:47',2,'2024-05-06 07:05:47',0,'0000-00-00 00:00:00',0,'0000-00-00 00:00:00',0,0,0),(431,6,'AllanGray_20240504_Daily Confirmation.zip','2024-05-06 07:05:47',2,'2024-05-06 07:05:47',0,'0000-00-00 00:00:00',0,'0000-00-00 00:00:00',0,0,0),(432,17,'','2024-05-06 07:05:47',2,'2024-05-06 07:05:47',0,'0000-00-00 00:00:00',0,'0000-00-00 00:00:00',0,0,0),(433,33,'Some documents could not be processed','2024-05-06 07:20:47',2,'2024-05-06 07:20:47',0,'0000-00-00 00:00:00',0,'0000-00-00 00:00:00',0,0,0),(434,33,'Forex Rates','2024-05-06 07:20:47',2,'2024-05-06 07:20:47',0,'0000-00-00 00:00:00',0,'0000-00-00 00:00:00',0,0,0),(435,33,'RE: Welgelegen BC: Revolving door - 3500188769','2024-05-06 07:20:49',2,'2024-05-06 07:20:49',0,'0000-00-00 00:00:00',0,'0000-00-00 00:00:00',0,0,0),(436,33,'Don\'t miss: New weekly digest on global market updates','2024-05-06 07:35:50',2,'2024-05-06 07:35:50',0,'0000-00-00 00:00:00',0,'0000-00-00 00:00:00',0,0,0),(437,33,'Pearls for Mom','2024-05-06 08:05:46',2,'2024-05-06 08:05:46',0,'0000-00-00 00:00:00',0,'0000-00-00 00:00:00',0,0,0),(438,33,'SARS eFiling SARS IT Assessment (ITA34)','2024-05-06 08:05:46',2,'2024-05-06 08:05:46',0,'0000-00-00 00:00:00',0,'0000-00-00 00:00:00',0,0,0),(439,33,'SARS eFiling Letter Notification for Welgelegen Body Corporate','2024-05-06 08:20:52',2,'2024-05-06 08:20:52',0,'0000-00-00 00:00:00',0,'0000-00-00 00:00:00',0,0,0),(440,33,'SARS eFiling Letter Notification for Welgelegen Body Corporate','2024-05-06 08:20:52',2,'2024-05-06 08:20:52',0,'0000-00-00 00:00:00',0,'0000-00-00 00:00:00',0,0,0),(441,33,'Final two weeks to see Amadeus.','2024-05-06 08:35:50',2,'2024-05-06 08:35:50',0,'0000-00-00 00:00:00',0,'0000-00-00 00:00:00',0,0,0),(442,33,'RE: FW: REGISTRASIE: JORDAAN.ELEVATED 104 PROP INV PTY LTD - FGJ2049','2024-05-06 08:50:52',2,'2024-05-06 08:50:52',0,'0000-00-00 00:00:00',0,'0000-00-00 00:00:00',0,0,0),(443,33,'RE: WINE SPECIAL','2024-05-06 08:50:52',2,'2024-05-06 08:50:52',0,'0000-00-00 00:00:00',0,'0000-00-00 00:00:00',0,0,0),(444,33,'NOW IN STOCK @ UNIVERSE DIRECT - Lenovo ThinkCentre M710Q','2024-05-06 08:50:52',2,'2024-05-06 08:50:52',0,'0000-00-00 00:00:00',0,'0000-00-00 00:00:00',0,0,0),(445,33,'JOIN SK Club & dive into drama with CHALLENGERS at Half-Price tomorrow!','2024-05-06 09:05:59',2,'2024-05-06 09:05:59',0,'0000-00-00 00:00:00',0,'0000-00-00 00:00:00',0,0,0),(446,33,'Macro Monday - Good news on the SOE front','2024-05-06 09:05:59',2,'2024-05-06 09:05:59',0,'0000-00-00 00:00:00',0,'0000-00-00 00:00:00',0,0,0),(447,33,'My Piggy Financial Planning compliance meeting','2024-05-06 09:21:08',2,'2024-05-06 09:21:08',0,'0000-00-00 00:00:00',0,'0000-00-00 00:00:00',0,0,0),(448,33,'Re: ***SPAM*** Statement for Transamine SA (Pty) Ltd - 1150','2024-05-06 09:21:09',2,'2024-05-06 09:21:09',0,'0000-00-00 00:00:00',0,'0000-00-00 00:00:00',0,0,0),(451,16,'','2024-05-06 09:26:41',2,'2024-05-06 09:26:41',2,'0000-00-00 00:00:00',0,'0000-00-00 00:00:00',0,419,7200),(452,33,'Re: ***SPAM*** Statement for Transamine SA (Pty) Ltd - 1150','2024-05-06 09:26:41',2,'2024-05-06 09:30:22',2,'0000-00-00 00:00:00',0,'0000-00-00 00:00:00',0,419,7200),(453,16,'','2024-05-06 09:28:37',2,'2024-05-06 09:28:37',2,'0000-00-00 00:00:00',0,'0000-00-00 00:00:00',0,419,7200),(454,33,'Re: My Piggy Financial Planning compliance meeting','2024-05-06 09:28:37',2,'2024-05-06 09:30:20',2,'0000-00-00 00:00:00',0,'0000-00-00 00:00:00',0,419,7200),(455,5,'FW: REQUEST FOR UPDATED  STATEMENT','2024-05-06 09:31:13',2,'2024-05-09 15:17:30',2,'0000-00-00 00:00:00',0,'0000-00-00 00:00:00',0,419,7200),(456,6,'1279.itcc.welgelegen.20240506.pdf','2024-05-06 09:36:56',2,'2024-05-06 09:37:38',2,'0000-00-00 00:00:00',0,'0000-00-00 00:00:00',0,419,7200),(457,17,'','2024-05-06 09:36:56',2,'2024-05-06 09:36:56',2,'0000-00-00 00:00:00',0,'0000-00-00 00:00:00',0,419,7200),(458,16,'','2024-05-06 09:37:38',2,'2024-05-06 09:37:38',2,'0000-00-00 00:00:00',0,'0000-00-00 00:00:00',0,419,7200),(459,33,'tax clearance for seesa','2024-05-06 09:37:38',2,'2024-05-06 09:40:41',2,'0000-00-00 00:00:00',0,'0000-00-00 00:00:00',0,419,7200),(460,5,'1040 - megan task list see below','2024-05-06 09:39:41',2,'2024-05-06 09:40:10',2,'0000-00-00 00:00:00',0,'0000-00-00 00:00:00',0,419,7200),(461,33,'Management report and feedback','2024-05-06 09:56:00',2,'2024-05-06 09:56:00',0,'0000-00-00 00:00:00',0,'0000-00-00 00:00:00',0,0,0),(462,33,'K2 Capital - 2024 Audit','2024-05-06 09:56:02',2,'2024-05-06 09:56:02',0,'0000-00-00 00:00:00',0,'0000-00-00 00:00:00',0,0,0),(463,33,'Masthead | Annuity & Investment Rates','2024-05-06 10:11:03',2,'2024-05-06 10:11:03',0,'0000-00-00 00:00:00',0,'0000-00-00 00:00:00',0,0,0),(464,33,'Thrawn was killed in the original Extended History of Star Wars.  But this has been erased, with a different version of Thrawn a ctive in the Ahsoka ...','2024-05-06 10:26:01',2,'2024-05-06 10:26:01',0,'0000-00-00 00:00:00',0,'0000-00-00 00:00:00',0,0,0),(465,33,'Mercedes-AMG C63 S E Performance (2024) & Polo GTI Reviews','2024-05-06 10:26:01',2,'2024-05-06 10:26:01',0,'0000-00-00 00:00:00',0,'0000-00-00 00:00:00',0,0,0),(466,33,'Insurance Fraud Investigation_(Jun2024)','2024-05-06 10:26:01',2,'2024-05-06 10:26:01',0,'0000-00-00 00:00:00',0,'0000-00-00 00:00:00',0,0,0),(467,33,'RE: Welgelegen BC: HRS Customs - Final Payment','2024-05-06 10:26:03',2,'2024-05-06 10:26:03',0,'0000-00-00 00:00:00',0,'0000-00-00 00:00:00',0,0,0),(468,33,'Join us for these marvellous May events! ','2024-05-06 10:41:01',2,'2024-05-06 10:41:01',0,'0000-00-00 00:00:00',0,'0000-00-00 00:00:00',0,0,0),(469,33,'Re: Management report and feedback','2024-05-06 10:41:01',2,'2024-05-06 10:41:01',0,'0000-00-00 00:00:00',0,'0000-00-00 00:00:00',0,0,0),(470,33,'FW: IRP5','2024-05-06 10:41:03',2,'2024-05-06 10:41:03',0,'0000-00-00 00:00:00',0,'0000-00-00 00:00:00',0,0,0),(471,33,'Transactor role at RMB - Rand Merchant Bank: Actively recruiting','2024-05-06 11:26:06',2,'2024-05-06 11:26:06',0,'0000-00-00 00:00:00',0,'0000-00-00 00:00:00',0,0,0),(472,16,'','2024-05-06 12:07:02',2,'2024-05-06 12:07:02',2,'0000-00-00 00:00:00',0,'0000-00-00 00:00:00',0,419,7200),(473,33,'Re: FW: IRP5','2024-05-06 12:07:02',2,'2024-05-06 12:10:59',2,'0000-00-00 00:00:00',0,'0000-00-00 00:00:00',0,419,7200),(474,16,'','2024-05-06 12:09:15',2,'2024-05-06 12:09:15',2,'0000-00-00 00:00:00',0,'0000-00-00 00:00:00',0,419,7200),(475,33,'Re: K2 Capital - 2024 Audit','2024-05-06 12:09:15',2,'2024-05-06 12:11:02',2,'0000-00-00 00:00:00',0,'0000-00-00 00:00:00',0,419,7200),(476,33,'Bodies pile up in Nyanga','2024-05-06 12:11:06',2,'2024-05-06 12:11:06',0,'0000-00-00 00:00:00',0,'0000-00-00 00:00:00',0,0,0),(477,33,'Sterns Diamond 50% off selected Diamonds sale Launches May 8th!','2024-05-06 12:11:06',2,'2024-05-06 12:11:06',0,'0000-00-00 00:00:00',0,'0000-00-00 00:00:00',0,0,0),(478,33,'FW: Tax Invoice - CT008623','2024-05-06 12:11:08',2,'2024-05-06 12:11:08',0,'0000-00-00 00:00:00',0,'0000-00-00 00:00:00',0,0,0),(479,6,'Tax Invoice - CT008623 - 04_05_2024.pdf','2024-05-06 12:11:08',2,'2024-05-06 12:11:08',0,'0000-00-00 00:00:00',0,'0000-00-00 00:00:00',0,0,0),(480,17,'','2024-05-06 12:11:08',2,'2024-05-06 12:11:08',0,'0000-00-00 00:00:00',0,'0000-00-00 00:00:00',0,0,0),(481,33,'FW: KONE Invoice 0866060170','2024-05-06 12:11:08',2,'2024-05-06 12:11:08',0,'0000-00-00 00:00:00',0,'0000-00-00 00:00:00',0,0,0),(482,33,'','2024-05-06 12:16:54',2,'2024-05-06 12:16:54',2,'0000-00-00 00:00:00',0,'0000-00-00 00:00:00',0,419,7200),(483,33,'FW: Eskom IT3(b) Certificate: 6525250000 Southern Comfort Trust','2024-05-06 12:16:54',2,'2024-05-06 12:16:54',2,'0000-00-00 00:00:00',0,'0000-00-00 00:00:00',0,419,7200),(484,6,'Eskom_IT3b_6525250000.pdf','2024-05-06 12:16:54',2,'2024-05-06 12:16:54',2,'0000-00-00 00:00:00',0,'0000-00-00 00:00:00',0,419,7200),(485,17,'','2024-05-06 12:16:54',2,'2024-05-06 12:16:54',2,'0000-00-00 00:00:00',0,'0000-00-00 00:00:00',0,419,7200),(486,33,'Important Notice: Rate Increase Effective 3 June 2024','2024-05-06 12:16:55',2,'2024-05-06 12:16:55',2,'0000-00-00 00:00:00',0,'0000-00-00 00:00:00',0,419,7200),(487,6,'queries_2024_5_6_12_15_36_41359.pdf','2024-05-06 12:17:06',2,'2024-05-06 12:18:46',2,'0000-00-00 00:00:00',0,'0000-00-00 00:00:00',0,419,7200),(488,17,'','2024-05-06 12:17:06',2,'2024-05-06 12:17:06',2,'0000-00-00 00:00:00',0,'0000-00-00 00:00:00',0,419,7200),(489,16,'','2024-05-06 12:18:14',2,'2024-05-06 12:18:14',2,'0000-00-00 00:00:00',0,'0000-00-00 00:00:00',0,419,7200),(490,33,'auidt 2024 queries','2024-05-06 12:18:14',2,'2024-05-06 12:20:09',2,'0000-00-00 00:00:00',0,'0000-00-00 00:00:00',0,419,7200),(491,33,'Re: FW: Tax Invoice - CT008623','2024-05-06 12:19:19',2,'2024-05-06 12:20:11',2,'0000-00-00 00:00:00',0,'0000-00-00 00:00:00',0,419,7200),(492,33,'Fwd: FW: KONE Invoice 0866060170','2024-05-06 12:19:53',2,'2024-05-06 12:20:14',2,'0000-00-00 00:00:00',0,'0000-00-00 00:00:00',0,419,7200),(493,33,'Chairman\'s report','2024-05-06 12:40:59',2,'2024-05-06 12:40:59',0,'0000-00-00 00:00:00',0,'0000-00-00 00:00:00',0,0,0),(494,33,'Sabinet','2024-05-06 12:40:59',2,'2024-05-06 12:40:59',0,'0000-00-00 00:00:00',0,'0000-00-00 00:00:00',0,0,0),(495,33,'RE: K2 Capital - 2024 Audit','2024-05-06 12:41:00',2,'2024-05-06 12:41:00',0,'0000-00-00 00:00:00',0,'0000-00-00 00:00:00',0,0,0),(496,33,'Eight of the best books on the brain','2024-05-06 12:56:01',2,'2024-05-06 12:56:01',0,'0000-00-00 00:00:00',0,'0000-00-00 00:00:00',0,0,0),(497,33,'RE: SOUTHBROOM ELITE CC - CIPC Records.','2024-05-06 12:56:01',2,'2024-05-06 12:56:01',0,'0000-00-00 00:00:00',0,'0000-00-00 00:00:00',0,0,0),(498,33,'Invitation: 2024 May Peer to Peer','2024-05-06 13:11:07',2,'2024-05-06 13:11:07',0,'0000-00-00 00:00:00',0,'0000-00-00 00:00:00',0,0,0),(499,33,'Toshiba Printer Rentals','2024-05-06 13:46:04',2,'2024-05-06 13:46:04',0,'0000-00-00 00:00:00',0,'0000-00-00 00:00:00',0,0,0),(500,33,'PETERUSE, as a valued @HOME customer, up to R80 000 could be yours within minutes.','2024-05-06 14:00:57',2,'2024-05-06 14:00:57',0,'0000-00-00 00:00:00',0,'0000-00-00 00:00:00',0,0,0),(501,33,'Forex Rates','2024-05-06 14:21:03',2,'2024-05-06 14:21:03',0,'0000-00-00 00:00:00',0,'0000-00-00 00:00:00',0,0,0),(502,33,'Palladium May 2024 - Free Weekly Online Training','2024-05-06 14:36:04',2,'2024-05-06 14:36:04',0,'0000-00-00 00:00:00',0,'0000-00-00 00:00:00',0,0,0),(503,33,'If an interviewer asks me to prove that I am honest, what can I  reply?','2024-05-06 14:50:59',2,'2024-05-06 14:50:59',0,'0000-00-00 00:00:00',0,'0000-00-00 00:00:00',0,0,0),(504,33,'FW: Registration of Transfer // Roscher Incorporated Botes and Associates RL 11350','2024-05-06 14:51:02',2,'2024-05-06 14:51:02',0,'0000-00-00 00:00:00',0,'0000-00-00 00:00:00',0,0,0),(505,6,'Sroscher in24050616323.pdf','2024-05-06 14:51:02',2,'2024-05-06 14:51:02',0,'0000-00-00 00:00:00',0,'0000-00-00 00:00:00',0,0,0),(506,17,'','2024-05-06 14:51:02',2,'2024-05-06 14:51:02',0,'0000-00-00 00:00:00',0,'0000-00-00 00:00:00',0,0,0),(507,6,'SQ_62524.pdf','2024-05-06 14:51:02',2,'2024-05-06 14:51:02',0,'0000-00-00 00:00:00',0,'0000-00-00 00:00:00',0,0,0),(508,17,'','2024-05-06 14:51:02',2,'2024-05-06 14:51:02',0,'0000-00-00 00:00:00',0,'0000-00-00 00:00:00',0,0,0),(509,6,'Sroscher in24050616380.pdf','2024-05-06 14:51:02',2,'2024-05-06 14:51:02',0,'0000-00-00 00:00:00',0,'0000-00-00 00:00:00',0,0,0),(510,17,'','2024-05-06 14:51:02',2,'2024-05-06 14:51:02',0,'0000-00-00 00:00:00',0,'0000-00-00 00:00:00',0,0,0),(511,33,'PETERUSE, Thank you for your loyalty!','2024-05-06 15:05:59',2,'2024-05-06 15:05:59',0,'0000-00-00 00:00:00',0,'0000-00-00 00:00:00',0,0,0),(512,33,'GREAT THINGS HAPPEN WHEN YOU PHANDA PUSHA PLAY!','2024-05-06 15:05:59',2,'2024-05-06 15:05:59',0,'0000-00-00 00:00:00',0,'0000-00-00 00:00:00',0,0,0),(513,33,'Practice Note 395: The Orbis SICAV Global Cautious Fund will be added to the Offshore Platform','2024-05-06 15:40:56',2,'2024-05-06 15:40:56',0,'0000-00-00 00:00:00',0,'0000-00-00 00:00:00',0,0,0),(514,33,'Generated OTP To Open Letter Of Good Standing','2024-05-06 15:40:58',2,'2024-05-06 15:40:58',0,'0000-00-00 00:00:00',0,'0000-00-00 00:00:00',0,0,0),(515,33,'You have (1) pending package','2024-05-06 15:40:58',2,'2024-05-06 15:40:58',0,'0000-00-00 00:00:00',0,'0000-00-00 00:00:00',0,0,0),(516,33,'Due task reminder: FW: REQUEST FOR UPDATED  STATEMENT','2024-05-06 16:15:56',2,'2024-05-06 16:15:56',0,'0000-00-00 00:00:00',0,'0000-00-00 00:00:00',0,0,0),(517,33,'RE: FW: REGISTRASIE: JORDAAN.ELEVATED 104 PROP INV PTY LTD - FGJ2049','2024-05-06 16:15:57',2,'2024-05-06 16:15:57',0,'0000-00-00 00:00:00',0,'0000-00-00 00:00:00',0,0,0),(518,33,'DirectAxis PULSE Special Lending Offer','2024-05-06 16:45:57',2,'2024-05-06 16:45:57',0,'0000-00-00 00:00:00',0,'0000-00-00 00:00:00',0,0,0),(519,33,'Sales Leads PLUS CRM Platform','2024-05-06 17:06:00',2,'2024-05-06 17:06:00',0,'0000-00-00 00:00:00',0,'0000-00-00 00:00:00',0,0,0),(520,33,'Generated OTP To Open Letter Of Good Standing','2024-05-06 17:35:59',2,'2024-05-06 17:35:59',0,'0000-00-00 00:00:00',0,'0000-00-00 00:00:00',0,0,0),(521,33,'Generated OTP To Open Letter Of Good Standing','2024-05-06 18:05:59',2,'2024-05-06 18:05:59',0,'0000-00-00 00:00:00',0,'0000-00-00 00:00:00',0,0,0),(522,33,'Nous voulons vous récompenser pour votre fidélité.','2024-05-06 19:21:12',2,'2024-05-06 19:21:12',0,'0000-00-00 00:00:00',0,'0000-00-00 00:00:00',0,0,0),(523,33,'Re: Chairman\'s report','2024-05-06 19:21:12',2,'2024-05-06 19:21:12',0,'0000-00-00 00:00:00',0,'0000-00-00 00:00:00',0,0,0),(524,33,'WAITING TO HEAR FROM YOU','2024-05-06 19:50:58',2,'2024-05-06 19:50:58',0,'0000-00-00 00:00:00',0,'0000-00-00 00:00:00',0,0,0),(525,33,'Alert: Incorrect Address for Your Scheduled Monday Shipment','2024-05-06 20:05:54',2,'2024-05-06 20:05:54',0,'0000-00-00 00:00:00',0,'0000-00-00 00:00:00',0,0,0),(526,33,'Instant Two-Way Language Translator','2024-05-06 20:35:56',2,'2024-05-06 20:35:56',0,'0000-00-00 00:00:00',0,'0000-00-00 00:00:00',0,0,0),(527,33,'Alert: Incorrect Address for Your Scheduled Monday Shipment','2024-05-06 21:05:56',2,'2024-05-06 21:05:56',0,'0000-00-00 00:00:00',0,'0000-00-00 00:00:00',0,0,0),(528,33,'Powerful natural relief!','2024-05-06 23:06:03',2,'2024-05-06 23:06:03',0,'0000-00-00 00:00:00',0,'0000-00-00 00:00:00',0,0,0),(529,33,'Scheduled Payment/Transfer Confirmation','2024-05-06 23:36:06',2,'2024-05-06 23:36:06',0,'0000-00-00 00:00:00',0,'0000-00-00 00:00:00',0,0,0),(530,33,'Scheduled Payment/Transfer Confirmation','2024-05-06 23:36:06',2,'2024-05-06 23:36:06',0,'0000-00-00 00:00:00',0,'0000-00-00 00:00:00',0,0,0),(531,33,'Scheduled Payment/Transfer Confirmation','2024-05-06 23:36:06',2,'2024-05-06 23:36:06',0,'0000-00-00 00:00:00',0,'0000-00-00 00:00:00',0,0,0),(532,33,'DA flag ad, Hamas wants ceasefire','2024-05-07 04:18:49',2,'2024-05-07 04:18:49',0,'0000-00-00 00:00:00',0,'0000-00-00 00:00:00',0,0,0),(533,1,'1285 - Welko HOA','2024-05-07 04:47:43',2,'2024-05-07 04:48:48',2,'0000-00-00 00:00:00',0,'0000-00-00 00:00:00',0,419,7200),(534,16,'','2024-05-07 04:52:28',2,'2024-05-07 04:52:28',2,'0000-00-00 00:00:00',0,'0000-00-00 00:00:00',0,419,7200),(535,33,'RE: FW: REGISTRASIE: JORDAAN.ELEVATED 104 PROP INV PTY LTD - FGJ2049','2024-05-07 04:52:28',2,'2024-05-07 05:06:06',2,'0000-00-00 00:00:00',0,'0000-00-00 00:00:00',0,419,7200),(536,33,'oodrags prosedure','2024-05-07 05:03:53',2,'2024-05-07 05:06:08',2,'0000-00-00 00:00:00',0,'0000-00-00 00:00:00',0,419,7200),(537,5,'Sabinet','2024-05-07 05:05:05',2,'2024-05-09 15:59:22',2,'0000-00-00 00:00:00',0,'0000-00-00 00:00:00',0,419,7200),(538,5,'RE: SOUTHBROOM ELITE CC - CIPC Records.','2024-05-07 05:05:20',2,'2024-05-12 10:28:30',2,'0000-00-00 00:00:00',0,'0000-00-00 00:00:00',0,419,7200),(539,33,'Due task reminder: RE: SOUTHBROOM ELITE CC - CIPC Records.','2024-05-07 05:06:10',2,'2024-05-07 05:06:10',0,'0000-00-00 00:00:00',0,'0000-00-00 00:00:00',0,0,0),(540,33,'Due task reminder: Sabinet','2024-05-07 05:06:11',2,'2024-05-07 05:06:11',0,'0000-00-00 00:00:00',0,'0000-00-00 00:00:00',0,0,0),(541,33,'RE: oodrags prosedure','2024-05-07 05:51:03',2,'2024-05-07 05:51:04',0,'0000-00-00 00:00:00',0,'0000-00-00 00:00:00',0,0,0),(542,33,' Welcome back, Sage Champions! ','2024-05-07 06:06:01',2,'2024-05-07 06:06:01',0,'0000-00-00 00:00:00',0,'0000-00-00 00:00:00',0,0,0),(543,33,'Shell confirms intention to divest','2024-05-07 06:06:01',2,'2024-05-07 06:06:01',0,'0000-00-00 00:00:00',0,'0000-00-00 00:00:00',0,0,0),(544,33,'RE: oodrags prosedure','2024-05-07 06:16:11',2,'2024-05-07 06:20:59',2,'0000-00-00 00:00:00',0,'0000-00-00 00:00:00',0,419,7200),(545,33,'Jeugdag: Nóg ’n lekke langnaweek!','2024-05-07 06:16:28',2,'2024-05-07 06:16:28',2,'0000-00-00 00:00:00',0,'0000-00-00 00:00:00',0,419,7200),(546,33,'SARS eFiling Letter Notification for Welgelegen Body Corporate','2024-05-07 06:16:28',2,'2024-05-07 06:16:28',2,'0000-00-00 00:00:00',0,'0000-00-00 00:00:00',0,419,7200),(547,33,'SARS eFiling Letter Notification for Welgelegen Body Corporate','2024-05-07 06:16:28',2,'2024-05-07 06:16:28',2,'0000-00-00 00:00:00',0,'0000-00-00 00:00:00',0,419,7200),(548,33,'SARS eFiling Letter Notification for Welgelegen Body Corporate','2024-05-07 06:16:28',2,'2024-05-07 06:16:28',2,'0000-00-00 00:00:00',0,'0000-00-00 00:00:00',0,419,7200),(549,33,'SARS eFiling Letter Notification for Welgelegen Body Corporate','2024-05-07 06:16:28',2,'2024-05-07 06:16:28',2,'0000-00-00 00:00:00',0,'0000-00-00 00:00:00',0,419,7200),(550,33,'Your business deserves simple funding, fast.','2024-05-07 06:16:30',2,'2024-05-07 06:16:30',2,'0000-00-00 00:00:00',0,'0000-00-00 00:00:00',0,419,7200),(551,33,'Collection time: June Exams 2024','2024-05-07 06:36:03',2,'2024-05-07 06:36:03',0,'0000-00-00 00:00:00',0,'0000-00-00 00:00:00',0,0,0),(552,33,'Konsep skrywe re 702 oordrag','2024-05-07 06:36:05',2,'2024-05-07 06:36:05',0,'0000-00-00 00:00:00',0,'0000-00-00 00:00:00',0,0,0),(553,33,'Transaction completed for Miss KARIN KROHN - account number AGRA1088174','2024-05-07 06:51:06',2,'2024-05-07 06:51:06',0,'0000-00-00 00:00:00',0,'0000-00-00 00:00:00',0,0,0),(554,6,'AllanGray_20240507_Daily Confirmation.zip','2024-05-07 06:51:06',2,'2024-05-07 06:51:06',0,'0000-00-00 00:00:00',0,'0000-00-00 00:00:00',0,0,0),(555,17,'','2024-05-07 06:51:06',2,'2024-05-07 06:51:06',0,'0000-00-00 00:00:00',0,'0000-00-00 00:00:00',0,0,0),(556,33,'Sage Business Cloud Payroll - Q & A Session','2024-05-07 06:51:07',2,'2024-05-07 06:51:07',0,'0000-00-00 00:00:00',0,'0000-00-00 00:00:00',0,0,0),(557,33,'FW: Eskom IT3(b) Certificate: 9840267793','2024-05-07 06:51:07',2,'2024-05-07 06:51:07',0,'0000-00-00 00:00:00',0,'0000-00-00 00:00:00',0,0,0),(558,33,'RE: Konsep skrywe re 702 oordrag','2024-05-07 06:51:07',2,'2024-05-07 06:51:08',0,'0000-00-00 00:00:00',0,'0000-00-00 00:00:00',0,0,0),(559,33,'RE: Konsep skrywe re 702 oordrag','2024-05-07 07:06:14',2,'2024-05-07 07:11:00',2,'0000-00-00 00:00:00',0,'0000-00-00 00:00:00',0,419,7200),(560,33,'Re: Chairman\'s report','2024-05-07 07:11:03',2,'2024-05-07 07:11:03',0,'0000-00-00 00:00:00',0,'0000-00-00 00:00:00',0,0,0),(561,6,'Welko Estate HOA Chairman Report 2024.docx','2024-05-07 07:11:03',2,'2024-05-07 07:11:03',0,'0000-00-00 00:00:00',0,'0000-00-00 00:00:00',0,0,0),(562,17,'','2024-05-07 07:11:04',2,'2024-05-07 07:11:04',0,'0000-00-00 00:00:00',0,'0000-00-00 00:00:00',0,0,0),(563,33,'Daily Views & News - The rally continues','2024-05-07 07:11:04',2,'2024-05-07 07:11:04',0,'0000-00-00 00:00:00',0,'0000-00-00 00:00:00',0,0,0),(564,33,'','2024-05-07 07:11:05',2,'2024-05-07 07:11:05',0,'0000-00-00 00:00:00',0,'0000-00-00 00:00:00',0,0,0),(565,33,'','2024-05-07 07:11:06',2,'2024-05-07 07:11:06',0,'0000-00-00 00:00:00',0,'0000-00-00 00:00:00',0,0,0),(566,33,'RE: auidt 2024 queries','2024-05-07 07:11:06',2,'2024-05-07 07:11:06',0,'0000-00-00 00:00:00',0,'0000-00-00 00:00:00',0,0,0),(567,16,'','2024-05-07 07:17:35',2,'2024-05-07 07:17:35',2,'0000-00-00 00:00:00',0,'0000-00-00 00:00:00',0,419,7200),(568,33,'Re: Chairman\'s report','2024-05-07 07:17:35',2,'2024-05-07 07:20:20',2,'0000-00-00 00:00:00',0,'0000-00-00 00:00:00',0,419,7200),(569,6,'VAT RETURNS 2024.zip','2024-05-07 07:17:57',2,'2024-05-07 07:24:04',2,'0000-00-00 00:00:00',0,'0000-00-00 00:00:00',0,419,7200),(570,17,'','2024-05-07 07:17:57',2,'2024-05-07 07:17:57',2,'0000-00-00 00:00:00',0,'0000-00-00 00:00:00',0,419,7200),(571,6,'EMP RETURNS 2024.zip','2024-05-07 07:17:57',2,'2024-05-07 07:24:04',2,'0000-00-00 00:00:00',0,'0000-00-00 00:00:00',0,419,7200),(572,17,'','2024-05-07 07:17:57',2,'2024-05-07 07:17:57',2,'0000-00-00 00:00:00',0,'0000-00-00 00:00:00',0,419,7200),(573,6,'1098.YEFS.K2.2024.xlsx','2024-05-07 07:17:57',2,'2024-05-07 07:23:00',2,'0000-00-00 00:00:00',0,'0000-00-00 00:00:00',0,419,7200),(574,17,'','2024-05-07 07:17:57',2,'2024-05-07 07:17:57',2,'0000-00-00 00:00:00',0,'0000-00-00 00:00:00',0,419,7200),(575,6,'1098.it34.k2.2023.pdf','2024-05-07 07:18:08',2,'2024-05-07 07:23:00',2,'0000-00-00 00:00:00',0,'0000-00-00 00:00:00',0,419,7200),(576,17,'','2024-05-07 07:18:08',2,'2024-05-07 07:18:08',2,'0000-00-00 00:00:00',0,'0000-00-00 00:00:00',0,419,7200),(577,6,'1098.it14.k2.2023.pdf','2024-05-07 07:18:08',2,'2024-05-07 07:23:00',2,'0000-00-00 00:00:00',0,'0000-00-00 00:00:00',0,419,7200),(578,17,'','2024-05-07 07:18:08',2,'2024-05-07 07:18:08',2,'0000-00-00 00:00:00',0,'0000-00-00 00:00:00',0,419,7200),(579,33,'Forex Rates','2024-05-07 07:20:49',2,'2024-05-07 07:20:49',2,'0000-00-00 00:00:00',0,'0000-00-00 00:00:00',0,419,7200),(580,33,'','2024-05-07 07:20:51',2,'2024-05-07 07:20:51',2,'0000-00-00 00:00:00',0,'0000-00-00 00:00:00',0,419,7200),(581,33,'','2024-05-07 07:20:52',2,'2024-05-07 07:20:52',2,'0000-00-00 00:00:00',0,'0000-00-00 00:00:00',0,419,7200),(582,33,'RE: FW: Tax Invoice - CT008623','2024-05-07 07:20:52',2,'2024-05-07 07:20:52',2,'0000-00-00 00:00:00',0,'0000-00-00 00:00:00',0,419,7200),(583,6,'1098.AUDIT.K2.DOCUMENTS.PART1OF2.pdf','2024-05-07 07:21:15',2,'2024-05-07 07:24:35',2,'0000-00-00 00:00:00',0,'0000-00-00 00:00:00',0,419,7200),(584,17,'','2024-05-07 07:21:15',2,'2024-05-07 07:21:15',2,'0000-00-00 00:00:00',0,'0000-00-00 00:00:00',0,419,7200),(585,6,'1098.AUDIT.K2.DOCUMENTS.PART2OF2.pdf','2024-05-07 07:21:25',2,'2024-05-07 07:25:14',2,'0000-00-00 00:00:00',0,'0000-00-00 00:00:00',0,419,7200),(586,17,'','2024-05-07 07:21:25',2,'2024-05-07 07:21:25',2,'0000-00-00 00:00:00',0,'0000-00-00 00:00:00',0,419,7200),(587,33,'Re: K2 Capital - 2024 Audit','2024-05-07 07:23:00',2,'2024-05-07 07:25:49',2,'0000-00-00 00:00:00',0,'0000-00-00 00:00:00',0,419,7200),(588,33,'Re: K2 Capital - 2024 Audit','2024-05-07 07:24:04',2,'2024-05-07 07:25:52',2,'0000-00-00 00:00:00',0,'0000-00-00 00:00:00',0,419,7200),(589,33,'Re: K2 Capital - 2024 Audit','2024-05-07 07:24:35',2,'2024-05-07 07:25:55',2,'0000-00-00 00:00:00',0,'0000-00-00 00:00:00',0,419,7200),(590,33,'Re: K2 Capital - 2024 Audit','2024-05-07 07:25:14',2,'2024-05-07 07:25:59',2,'0000-00-00 00:00:00',0,'0000-00-00 00:00:00',0,419,7200),(591,33,'Ditch the office from R10,109.','2024-05-07 07:26:05',2,'2024-05-07 07:26:05',0,'0000-00-00 00:00:00',0,'0000-00-00 00:00:00',0,0,0),(592,33,'paye due today','2024-05-07 07:33:02',2,'2024-05-07 07:35:20',2,'0000-00-00 00:00:00',0,'0000-00-00 00:00:00',0,419,7200),(593,33,'EXTRA PAYE FOR ARREARS','2024-05-07 07:36:36',2,'2024-05-07 07:46:05',2,'0000-00-00 00:00:00',0,'0000-00-00 00:00:00',0,419,7200),(594,33,'Last chance to register for Meet The Managers 2024.','2024-05-07 08:00:50',2,'2024-05-07 08:00:50',0,'0000-00-00 00:00:00',0,'0000-00-00 00:00:00',0,0,0),(595,33,'You\'re missing out on these game-changing features and a new product launch! ','2024-05-07 08:00:50',2,'2024-05-07 08:00:50',0,'0000-00-00 00:00:00',0,'0000-00-00 00:00:00',0,0,0),(596,33,'DRONE & UNMANNED AVIATION CONFERENCE . 6-7 JUNE 2024, EMPERORS PALACE CONVENTION CENTRE, JOHANNESBURG, RSA','2024-05-07 08:00:51',2,'2024-05-07 08:00:51',0,'0000-00-00 00:00:00',0,'0000-00-00 00:00:00',0,0,0),(597,33,'You\'re missing out on these game-changing features and a new product launch! ','2024-05-07 08:00:52',2,'2024-05-07 08:00:52',0,'0000-00-00 00:00:00',0,'0000-00-00 00:00:00',0,0,0),(598,33,'Greenside Betaling Compensation Fund 2024','2024-05-07 08:00:52',2,'2024-05-07 08:00:53',0,'0000-00-00 00:00:00',0,'0000-00-00 00:00:00',0,0,0),(599,33,'RE: auidt 2024 queries','2024-05-07 08:00:53',2,'2024-05-07 08:00:53',0,'0000-00-00 00:00:00',0,'0000-00-00 00:00:00',0,0,0),(600,6,'Confirmation of Investment - Four Nine Fiduciary (Pty) Ltd.pdf','2024-05-07 08:00:53',2,'2024-05-07 08:00:53',0,'0000-00-00 00:00:00',0,'0000-00-00 00:00:00',0,0,0),(601,17,'','2024-05-07 08:00:53',2,'2024-05-07 08:00:53',0,'0000-00-00 00:00:00',0,'0000-00-00 00:00:00',0,0,0),(602,6,'Confirmation of Investment - Salestalk 414 (Pty) Ltd.pdf','2024-05-07 08:00:53',2,'2024-05-07 08:00:53',0,'0000-00-00 00:00:00',0,'0000-00-00 00:00:00',0,0,0),(603,17,'','2024-05-07 08:00:53',2,'2024-05-07 08:00:53',0,'0000-00-00 00:00:00',0,'0000-00-00 00:00:00',0,0,0),(604,6,'Ledger Account - Sales Talk 414 & K2 Capital.pdf','2024-05-07 08:00:53',2,'2024-05-07 08:00:53',0,'0000-00-00 00:00:00',0,'0000-00-00 00:00:00',0,0,0),(605,17,'','2024-05-07 08:00:53',2,'2024-05-07 08:00:53',0,'0000-00-00 00:00:00',0,'0000-00-00 00:00:00',0,0,0),(606,33,'RE: Welgelegen BC: Johan Venter & Associates','2024-05-07 08:00:53',2,'2024-05-07 08:00:53',0,'0000-00-00 00:00:00',0,'0000-00-00 00:00:00',0,0,0),(607,33,'Watch Gifts for Mom','2024-05-07 08:20:53',2,'2024-05-07 08:20:53',0,'0000-00-00 00:00:00',0,'0000-00-00 00:00:00',0,0,0),(608,33,'RE: K2 Capital - 2024 Audit','2024-05-07 08:20:54',2,'2024-05-07 08:20:54',0,'0000-00-00 00:00:00',0,'0000-00-00 00:00:00',0,0,0),(609,33,'RE: Konsep skrywe re 702 oordrag','2024-05-07 08:20:54',2,'2024-05-07 08:20:54',0,'0000-00-00 00:00:00',0,'0000-00-00 00:00:00',0,0,0),(610,33,'Last chance to register for Meet The Managers 2024.','2024-05-07 08:20:55',2,'2024-05-07 08:20:55',0,'0000-00-00 00:00:00',0,'0000-00-00 00:00:00',0,0,0),(611,33,'Introducing Our Stellar Lineup of Speakers for Infrastructure Africa','2024-05-07 08:50:48',2,'2024-05-07 08:50:48',0,'0000-00-00 00:00:00',0,'0000-00-00 00:00:00',0,0,0),(612,33,'Introducing Our Stellar Lineup of Speakers for Infrastructure Africa','2024-05-07 08:50:49',2,'2024-05-07 08:50:49',0,'0000-00-00 00:00:00',0,'0000-00-00 00:00:00',0,0,0),(613,33,'Re: Chairman\'s report','2024-05-07 09:05:48',2,'2024-05-07 09:05:48',0,'0000-00-00 00:00:00',0,'0000-00-00 00:00:00',0,0,0),(614,33,'Imagine a world without milk','2024-05-07 09:05:48',2,'2024-05-07 09:05:48',0,'0000-00-00 00:00:00',0,'0000-00-00 00:00:00',0,0,0),(615,33,'RE: K2 Capital - 2024 Audit','2024-05-07 09:14:03',2,'2024-05-07 09:18:22',2,'0000-00-00 00:00:00',0,'0000-00-00 00:00:00',0,419,7200),(616,1,'1246 - Greenside','2024-05-07 09:15:21',2,'2024-05-07 09:15:21',2,'0000-00-00 00:00:00',0,'0000-00-00 00:00:00',0,419,7200),(617,6,'SKM_C300i24050710000.pdf','2024-05-07 09:15:50',2,'2024-05-07 09:15:50',2,'0000-00-00 00:00:00',0,'0000-00-00 00:00:00',0,419,7200),(618,17,'','2024-05-07 09:15:50',2,'2024-05-07 09:15:50',2,'0000-00-00 00:00:00',0,'0000-00-00 00:00:00',0,419,7200),(619,5,'Greenside Betaling Compensation Fund 2024','2024-05-07 09:15:57',2,'2024-05-13 04:57:24',2,'0000-00-00 00:00:00',0,'0000-00-00 00:00:00',0,419,7200),(620,33,'2024 Retirement and Investment Masterclass - Agenda and CPD','2024-05-07 09:20:53',2,'2024-05-07 09:20:53',0,'0000-00-00 00:00:00',0,'0000-00-00 00:00:00',0,0,0),(621,33,'CPD Points - Attend Edwin Selbst on NOCLAR','2024-05-07 09:35:49',2,'2024-05-07 09:35:50',0,'0000-00-00 00:00:00',0,'0000-00-00 00:00:00',0,0,0),(622,33,'RE: K2 Capital - 2024 Audit','2024-05-07 09:35:51',2,'2024-05-07 09:35:51',0,'0000-00-00 00:00:00',0,'0000-00-00 00:00:00',0,0,0),(623,6,'Copy of 1279.adminbudget.welgelegen.2025.xlsx','2024-05-07 09:48:10',2,'2024-05-07 09:48:26',2,'0000-00-00 00:00:00',0,'0000-00-00 00:00:00',0,419,7200),(624,17,'','2024-05-07 09:48:10',2,'2024-05-07 09:48:10',2,'0000-00-00 00:00:00',0,'0000-00-00 00:00:00',0,419,7200),(625,33,'','2024-05-07 09:48:26',2,'2024-05-07 09:48:34',2,'0000-00-00 00:00:00',0,'0000-00-00 00:00:00',0,419,7200),(626,33,'Job Alert from CareerJunction','2024-05-07 09:55:54',2,'2024-05-07 09:55:54',0,'0000-00-00 00:00:00',0,'0000-00-00 00:00:00',0,0,0),(627,33,'We\'ll appreciate your feedback','2024-05-07 10:10:52',2,'2024-05-07 10:10:52',0,'0000-00-00 00:00:00',0,'0000-00-00 00:00:00',0,0,0),(628,33,'Tell us what you think.','2024-05-07 10:10:52',2,'2024-05-07 10:10:52',0,'0000-00-00 00:00:00',0,'0000-00-00 00:00:00',0,0,0),(629,33,'Databases available for all African Countries','2024-05-07 10:10:53',2,'2024-05-07 10:10:53',0,'0000-00-00 00:00:00',0,'0000-00-00 00:00:00',0,0,0),(630,33,'Dell Latitude 7400 ultraportable - excellent performance','2024-05-07 10:10:54',2,'2024-05-07 10:10:54',0,'0000-00-00 00:00:00',0,'0000-00-00 00:00:00',0,0,0),(631,5,'rose  started jan 2023 ra must have increase jan 2024 so need to fix asap with backpay also do George','2024-05-07 10:13:28',2,'2024-05-13 04:55:10',2,'0000-00-00 00:00:00',0,'0000-00-00 00:00:00',0,419,7200),(632,33,'MyCURRENCY News | Week 19','2024-05-07 10:30:52',2,'2024-05-07 10:30:52',0,'0000-00-00 00:00:00',0,'0000-00-00 00:00:00',0,0,0),(633,33,'budgets 2025 - urgent','2024-05-07 10:43:12',2,'2024-05-07 10:43:12',2,'0000-00-00 00:00:00',0,'0000-00-00 00:00:00',0,419,7200),(634,33,'budgets 2025 - urgent','2024-05-07 10:43:14',2,'2024-05-07 10:45:46',2,'0000-00-00 00:00:00',0,'0000-00-00 00:00:00',0,419,7200),(635,33,'Instant CASH for your car, get PAID today!','2024-05-07 10:45:49',2,'2024-05-07 10:45:49',0,'0000-00-00 00:00:00',0,'0000-00-00 00:00:00',0,0,0),(636,33,'FW: auidt 2024 queries','2024-05-07 10:45:50',2,'2024-05-07 10:45:50',0,'0000-00-00 00:00:00',0,'0000-00-00 00:00:00',0,0,0),(637,33,'Re: FW: auidt 2024 queries','2024-05-07 11:00:25',2,'2024-05-07 11:00:50',2,'0000-00-00 00:00:00',0,'0000-00-00 00:00:00',0,419,7200),(638,33,'Unlimited User Licence reduces the cost','2024-05-07 11:00:53',2,'2024-05-07 11:00:53',0,'0000-00-00 00:00:00',0,'0000-00-00 00:00:00',0,0,0),(639,33,'booking agent','2024-05-07 11:00:53',2,'2024-05-07 11:00:53',0,'0000-00-00 00:00:00',0,'0000-00-00 00:00:00',0,0,0),(640,33,'Coming Thursday, May 9th... Bodkin','2024-05-07 11:15:49',2,'2024-05-07 11:15:49',0,'0000-00-00 00:00:00',0,'0000-00-00 00:00:00',0,0,0),(641,33,'Ask Richard: At this stage in your life, what motivates you?','2024-05-07 11:15:51',2,'2024-05-07 11:15:51',0,'0000-00-00 00:00:00',0,'0000-00-00 00:00:00',0,0,0),(642,33,'RE: FW: auidt 2024 queries','2024-05-07 11:51:01',2,'2024-05-07 11:51:01',0,'0000-00-00 00:00:00',0,'0000-00-00 00:00:00',0,0,0),(643,6,'CO005 K2 CAPITAL DESIGN FURNITURE & INTERIORS PROPOSAL FOR NEW OFFICES AT ALPHEN PARK.pdf','2024-05-07 11:51:01',2,'2024-05-07 11:51:01',0,'0000-00-00 00:00:00',0,'0000-00-00 00:00:00',0,0,0),(644,17,'','2024-05-07 11:51:01',2,'2024-05-07 11:51:01',0,'0000-00-00 00:00:00',0,'0000-00-00 00:00:00',0,0,0),(645,6,'CO001 K2 CAPITAL PAINTING WORK REVISED QUOTE.pdf','2024-05-07 11:51:01',2,'2024-05-07 11:51:01',0,'0000-00-00 00:00:00',0,'0000-00-00 00:00:00',0,0,0),(646,17,'','2024-05-07 11:51:01',2,'2024-05-07 11:51:01',0,'0000-00-00 00:00:00',0,'0000-00-00 00:00:00',0,0,0),(647,33,'Send SMS - Reach New Customers','2024-05-07 12:20:52',2,'2024-05-07 12:20:52',0,'0000-00-00 00:00:00',0,'0000-00-00 00:00:00',0,0,0),(648,33,'Race against time to r escue George workers ⛑️','2024-05-07 12:20:52',2,'2024-05-07 12:20:52',0,'0000-00-00 00:00:00',0,'0000-00-00 00:00:00',0,0,0),(649,33,'Mindshift by COVER: Across Markets and Continents','2024-05-07 12:35:59',2,'2024-05-07 12:35:59',0,'0000-00-00 00:00:00',0,'0000-00-00 00:00:00',0,0,0),(650,33,'RE: AGM 14 May 2024','2024-05-07 12:50:53',2,'2024-05-07 12:50:53',0,'0000-00-00 00:00:00',0,'0000-00-00 00:00:00',0,0,0),(651,33,'Some documents could not be processed','2024-05-07 12:50:53',2,'2024-05-07 12:50:53',0,'0000-00-00 00:00:00',0,'0000-00-00 00:00:00',0,0,0),(652,33,'Fwd: Welgelegen BC: Applications/Upgrades in Units 702 & 411','2024-05-07 12:50:55',2,'2024-05-07 12:50:55',0,'0000-00-00 00:00:00',0,'0000-00-00 00:00:00',0,0,0),(653,33,'You’re Invited: Mastering De als: Before, During and After','2024-05-07 13:11:01',2,'2024-05-07 13:11:01',0,'0000-00-00 00:00:00',0,'0000-00-00 00:00:00',0,0,0),(654,33,'Kommunikasie?','2024-05-07 13:11:03',2,'2024-05-07 13:11:03',0,'0000-00-00 00:00:00',0,'0000-00-00 00:00:00',0,0,0),(655,16,'','2024-05-07 13:26:27',2,'2024-05-07 13:26:27',2,'0000-00-00 00:00:00',0,'0000-00-00 00:00:00',0,419,7200),(656,33,'Re: Fwd: Welgelegen BC: Applications/Upgrades in Units 702 & 411','2024-05-07 13:26:27',2,'2024-05-07 13:30:18',2,'0000-00-00 00:00:00',0,'0000-00-00 00:00:00',0,419,7200),(657,33,'Re: Kommunikasie?','2024-05-07 13:28:50',2,'2024-05-07 13:30:20',2,'0000-00-00 00:00:00',0,'0000-00-00 00:00:00',0,419,7200),(658,6,'CO005 K2 CAPITAL DESIGN FURNITURE & INTERIORS PROPOSAL FOR NEW OFFICES AT ALPHEN PARK.pdf','2024-05-07 13:30:35',2,'2024-05-07 13:30:35',2,'0000-00-00 00:00:00',0,'0000-00-00 00:00:00',0,419,7200),(659,17,'','2024-05-07 13:30:35',2,'2024-05-07 13:30:35',2,'0000-00-00 00:00:00',0,'0000-00-00 00:00:00',0,419,7200),(660,6,'CO001 K2 CAPITAL PAINTING WORK REVISED QUOTE.pdf','2024-05-07 13:30:35',2,'2024-05-07 13:30:35',2,'0000-00-00 00:00:00',0,'0000-00-00 00:00:00',0,419,7200),(661,17,'','2024-05-07 13:30:35',2,'2024-05-07 13:30:35',2,'0000-00-00 00:00:00',0,'0000-00-00 00:00:00',0,419,7200),(662,6,'Mindspace #2 26-01-2024 (CT office for asset register).PDF','2024-05-07 13:30:35',2,'2024-05-07 13:30:35',2,'0000-00-00 00:00:00',0,'0000-00-00 00:00:00',0,419,7200),(663,17,'','2024-05-07 13:30:35',2,'2024-05-07 13:30:35',2,'0000-00-00 00:00:00',0,'0000-00-00 00:00:00',0,419,7200),(664,6,'Mindspace #2 19-02-2024.PDF','2024-05-07 13:30:35',2,'2024-05-07 13:30:35',2,'0000-00-00 00:00:00',0,'0000-00-00 00:00:00',0,419,7200),(665,17,'','2024-05-07 13:30:35',2,'2024-05-07 13:30:35',2,'0000-00-00 00:00:00',0,'0000-00-00 00:00:00',0,419,7200),(666,5,'need to amend asset register','2024-05-07 13:30:56',2,'2024-05-12 10:29:06',2,'0000-00-00 00:00:00',0,'0000-00-00 00:00:00',0,419,7200),(667,18,'sent','2024-05-07 13:31:43',2,'2024-05-09 15:59:22',2,'0000-00-00 00:00:00',0,'0000-00-00 00:00:00',0,419,7200),(668,33,'Fwd: RE: SOUTHBROOM ELITE CC - CIPC Records.','2024-05-07 13:38:57',2,'2024-05-07 13:38:57',2,'0000-00-00 00:00:00',0,'0000-00-00 00:00:00',0,419,7200),(669,6,'southbrook reinstatement application.pdf','2024-05-07 13:39:13',2,'2024-05-07 13:45:41',2,'0000-00-00 00:00:00',0,'0000-00-00 00:00:00',0,419,7200),(670,17,'','2024-05-07 13:39:13',2,'2024-05-07 13:39:13',2,'0000-00-00 00:00:00',0,'0000-00-00 00:00:00',0,419,7200),(671,6,'image001.png','2024-05-07 13:39:13',2,'2024-05-07 13:39:13',2,'0000-00-00 00:00:00',0,'0000-00-00 00:00:00',0,419,7200),(672,17,'','2024-05-07 13:39:13',2,'2024-05-07 13:39:13',2,'0000-00-00 00:00:00',0,'0000-00-00 00:00:00',0,419,7200),(673,6,'image002.png','2024-05-07 13:39:13',2,'2024-05-07 13:39:13',2,'0000-00-00 00:00:00',0,'0000-00-00 00:00:00',0,419,7200),(674,17,'','2024-05-07 13:39:13',2,'2024-05-07 13:39:13',2,'0000-00-00 00:00:00',0,'0000-00-00 00:00:00',0,419,7200),(675,6,'image003.png','2024-05-07 13:39:13',2,'2024-05-07 13:39:13',2,'0000-00-00 00:00:00',0,'0000-00-00 00:00:00',0,419,7200),(676,17,'','2024-05-07 13:39:13',2,'2024-05-07 13:39:13',2,'0000-00-00 00:00:00',0,'0000-00-00 00:00:00',0,419,7200),(677,33,'cover page','2024-05-07 13:42:46',2,'2024-05-07 13:42:46',2,'0000-00-00 00:00:00',0,'0000-00-00 00:00:00',0,419,7200),(678,16,'','2024-05-07 13:44:13',2,'2024-05-07 13:44:13',2,'0000-00-00 00:00:00',0,'0000-00-00 00:00:00',0,419,7200),(679,33,'SOUTHBROOM ELITE REG 1996/053706/23','2024-05-07 13:44:13',2,'2024-05-07 13:46:41',2,'0000-00-00 00:00:00',0,'0000-00-00 00:00:00',0,419,7200),(680,6,'cover_2024_5_7_13_41_37_1031.pdf','2024-05-07 13:45:55',2,'2024-05-07 13:46:36',2,'0000-00-00 00:00:00',0,'0000-00-00 00:00:00',0,419,7200),(681,17,'','2024-05-07 13:45:55',2,'2024-05-07 13:45:55',2,'0000-00-00 00:00:00',0,'0000-00-00 00:00:00',0,419,7200),(682,16,'','2024-05-07 13:46:36',2,'2024-05-07 13:46:36',2,'0000-00-00 00:00:00',0,'0000-00-00 00:00:00',0,419,7200),(683,16,'','2024-05-07 13:48:12',2,'2024-05-07 13:48:12',2,'0000-00-00 00:00:00',0,'0000-00-00 00:00:00',0,419,7200),(684,33,'RE: SOUTHBROOM ELITE CC - CIPC Records.','2024-05-07 13:48:12',2,'2024-05-07 13:50:20',2,'0000-00-00 00:00:00',0,'0000-00-00 00:00:00',0,419,7200),(685,33,'RE: PETRUS JACOBUS JOHANNES JANSEN VAN RENSBURG // WINONA JOAN JANSEN VAN RENSBURG','2024-05-07 14:10:54',2,'2024-05-07 14:10:54',0,'0000-00-00 00:00:00',0,'0000-00-00 00:00:00',0,0,0),(686,33,'RE: PETRUS JACOBUS JOHANNES JANSEN VAN RENSBURG // WINONA JOAN JANSEN VAN RENSBURG','2024-05-07 14:10:55',2,'2024-05-07 14:10:55',0,'0000-00-00 00:00:00',0,'0000-00-00 00:00:00',0,0,0),(687,33,'RE: PETRUS JACOBUS JOHANNES JANSEN VAN RENSBURG // WINONA JOAN JANSEN VAN RENSBURG','2024-05-07 14:10:57',2,'2024-05-07 14:10:57',0,'0000-00-00 00:00:00',0,'0000-00-00 00:00:00',0,0,0),(688,33,'RE: PETRUS JACOBUS JOHANNES JANSEN VAN RENSBURG // WINONA JOAN JANSEN VAN RENSBURG','2024-05-07 14:10:57',2,'2024-05-07 14:10:57',0,'0000-00-00 00:00:00',0,'0000-00-00 00:00:00',0,0,0),(689,33,'FW: April Commisison','2024-05-07 14:10:57',2,'2024-05-07 14:10:57',0,'0000-00-00 00:00:00',0,'0000-00-00 00:00:00',0,0,0),(690,6,'Booktalk 04-2024.xlsx','2024-05-07 14:10:57',2,'2024-05-07 14:10:57',0,'0000-00-00 00:00:00',0,'0000-00-00 00:00:00',0,0,0),(691,17,'','2024-05-07 14:10:57',2,'2024-05-07 14:10:57',0,'0000-00-00 00:00:00',0,'0000-00-00 00:00:00',0,0,0),(692,33,'FW: TRANSFER: NAMSO DISTRIBUTORS (PTY) LTD / I GOOLAM - SECTION 47, WELGELEGEN BODY CORPORATE, STRAND','2024-05-07 14:10:58',2,'2024-05-07 14:10:58',0,'0000-00-00 00:00:00',0,'0000-00-00 00:00:00',0,0,0),(693,33,'Peet, you\'re now a member of Gay Movies, Series and Books','2024-05-07 14:25:53',2,'2024-05-07 14:25:53',0,'0000-00-00 00:00:00',0,'0000-00-00 00:00:00',0,0,0),(694,33,'Forex Rates','2024-05-07 14:25:54',2,'2024-05-07 14:25:54',0,'0000-00-00 00:00:00',0,'0000-00-00 00:00:00',0,0,0),(695,33,'WhatsApp navrae','2024-05-07 14:46:02',2,'2024-05-07 14:46:02',0,'0000-00-00 00:00:00',0,'0000-00-00 00:00:00',0,0,0),(696,33,'Reminder to register | The Times with Allan Gray','2024-05-07 14:46:03',2,'2024-05-07 14:46:03',0,'0000-00-00 00:00:00',0,'0000-00-00 00:00:00',0,0,0),(697,33,'RE: budgets 2025 - urgent','2024-05-07 14:46:04',2,'2024-05-07 14:46:04',0,'0000-00-00 00:00:00',0,'0000-00-00 00:00:00',0,0,0),(698,33,'Mail delivery failed: returning message to sender','2024-05-07 14:46:04',2,'2024-05-07 14:46:04',0,'0000-00-00 00:00:00',0,'0000-00-00 00:00:00',0,0,0),(699,33,'RE: Continuing infringement of DermaFix TM in Nigeria','2024-05-07 15:01:00',2,'2024-05-07 15:01:00',0,'0000-00-00 00:00:00',0,'0000-00-00 00:00:00',0,0,0),(700,12,'Permissions Report','2024-05-07 15:10:26',0,'2024-05-07 15:10:26',0,'0000-00-00 00:00:00',0,'0000-00-00 00:00:00',0,0,0),(701,33,'RE: Management report and feedback','2024-05-07 15:21:01',2,'2024-05-07 15:21:01',0,'0000-00-00 00:00:00',0,'0000-00-00 00:00:00',0,0,0),(702,33,'RE: FW: REGISTRASIE: JORDAAN.ELEVATED 104 PROP INV PTY LTD - FGJ2049','2024-05-07 15:21:02',2,'2024-05-07 15:21:02',0,'0000-00-00 00:00:00',0,'0000-00-00 00:00:00',0,0,0),(703,33,'Reminder to RSVP - RiFF Market Update - Breakfast Invitation','2024-05-07 15:35:52',2,'2024-05-07 15:35:52',0,'0000-00-00 00:00:00',0,'0000-00-00 00:00:00',0,0,0),(704,33,'RE: Coding batch','2024-05-07 15:35:53',2,'2024-05-07 15:35:53',0,'0000-00-00 00:00:00',0,'0000-00-00 00:00:00',0,0,0),(705,33,'RE: SOUTHBROOM ELITE CC - CIPC Records.','2024-05-07 15:55:59',2,'2024-05-07 15:55:59',0,'0000-00-00 00:00:00',0,'0000-00-00 00:00:00',0,0,0),(706,33,'Due task reminder: RE: SOUTHBROOM ELITE CC - CIPC Records.','2024-05-07 16:11:09',2,'2024-05-07 16:11:09',0,'0000-00-00 00:00:00',0,'0000-00-00 00:00:00',0,0,0),(707,33,'Due task reminder: FW: REQUEST FOR UPDATED  STATEMENT','2024-05-07 16:11:09',2,'2024-05-07 16:11:09',0,'0000-00-00 00:00:00',0,'0000-00-00 00:00:00',0,0,0),(708,33,'Due task reminder: need to amend asset register','2024-05-07 16:11:09',2,'2024-05-07 16:11:09',0,'0000-00-00 00:00:00',0,'0000-00-00 00:00:00',0,0,0),(709,33,'Due task reminder: rose  started jan 2023 ra must have increase jan 2024 so need to fix asap with backpay also do George','2024-05-07 16:11:09',2,'2024-05-07 16:11:09',0,'0000-00-00 00:00:00',0,'0000-00-00 00:00:00',0,0,0),(710,33,'Due task reminder: Greenside Betaling Compensation Fund 2024','2024-05-07 16:11:09',2,'2024-05-07 16:11:09',0,'0000-00-00 00:00:00',0,'0000-00-00 00:00:00',0,0,0),(711,33,'You have (1) pending package','2024-05-07 16:30:56',2,'2024-05-07 16:30:56',0,'0000-00-00 00:00:00',0,'0000-00-00 00:00:00',0,0,0),(712,33,'You have (1) pending package','2024-05-07 16:30:57',2,'2024-05-07 16:30:57',0,'0000-00-00 00:00:00',0,'0000-00-00 00:00:00',0,0,0),(713,33,'People\'s Keto Gummies - powerful New Formula triggers Fat-Burning ketosis!','2024-05-07 18:45:57',2,'2024-05-07 18:45:57',0,'0000-00-00 00:00:00',0,'0000-00-00 00:00:00',0,0,0),(714,33,'Play PowerBall & PowerBall PLUS for your winning chance at R40 MILLION in total estimated jackpots this Tuesday! PLAY NOW!!!','2024-05-07 19:30:54',2,'2024-05-07 19:30:54',0,'0000-00-00 00:00:00',0,'0000-00-00 00:00:00',0,0,0),(715,33,'Become a CIPM Professional','2024-05-07 22:10:59',2,'2024-05-07 22:10:59',0,'0000-00-00 00:00:00',0,'0000-00-00 00:00:00',0,0,0),(716,33,'Cheque Statement - 07/05/2024 ****7619','2024-05-08 01:20:56',2,'2024-05-08 01:20:56',0,'0000-00-00 00:00:00',0,'0000-00-00 00:00:00',0,0,0),(717,33,'Tegnal emp201','2024-05-08 02:25:56',2,'2024-05-08 02:25:56',0,'0000-00-00 00:00:00',0,'0000-00-00 00:00:00',0,0,0),(718,33,'George building collapse latest','2024-05-08 04:10:56',2,'2024-05-08 04:10:56',0,'0000-00-00 00:00:00',0,'0000-00-00 00:00:00',0,0,0),(719,1,'1047 - IRBI','2024-05-08 04:25:54',2,'2024-05-08 04:25:54',2,'0000-00-00 00:00:00',0,'0000-00-00 00:00:00',0,419,7200),(720,1,'1293 - Tegnal Group','2024-05-08 04:28:02',2,'2024-05-08 04:28:02',2,'0000-00-00 00:00:00',0,'0000-00-00 00:00:00',0,419,7200),(721,33,'Rosalie whatsup query','2024-05-08 04:28:23',2,'2024-05-08 04:28:23',0,'0000-00-00 00:00:00',0,'0000-00-00 00:00:00',0,0,0),(722,33,'RE: FW: REGISTRASIE: JORDAAN.ELEVATED 104 PROP INV PTY LTD - FGJ2049','2024-05-08 04:28:24',2,'2024-05-08 04:28:24',0,'0000-00-00 00:00:00',0,'0000-00-00 00:00:00',0,0,0),(723,33,'Mech redt bank files','2024-05-08 04:28:25',2,'2024-05-08 04:28:25',0,'0000-00-00 00:00:00',0,'0000-00-00 00:00:00',0,0,0),(724,33,'Re: WhatsApp navrae','2024-05-08 04:35:49',2,'2024-05-08 04:35:51',2,'0000-00-00 00:00:00',0,'0000-00-00 00:00:00',0,419,7200),(725,5,'Mail delivery failed: returning message to sender','2024-05-08 04:36:17',2,'2024-05-12 10:29:18',2,'0000-00-00 00:00:00',0,'0000-00-00 00:00:00',0,419,7200),(726,33,'Fwd: SOUTHBROOM ELITE REG 1996/053706/23','2024-05-08 04:37:07',2,'2024-05-08 04:37:09',2,'0000-00-00 00:00:00',0,'0000-00-00 00:00:00',0,419,7200),(727,33,'Re: FW: TRANSFER: NAMSO DISTRIBUTORS (PTY) LTD / I GOOLAM - SECTION 47, WELGELEGEN BODY CORPORATE, STRAND','2024-05-08 04:40:32',2,'2024-05-08 04:40:34',2,'0000-00-00 00:00:00',0,'0000-00-00 00:00:00',0,419,7200),(728,33,'Due task reminder: Mail delivery failed: returning message to sender','2024-05-08 04:45:22',2,'2024-05-08 04:45:22',0,'0000-00-00 00:00:00',0,'0000-00-00 00:00:00',0,0,0),(729,33,'RE: FW: REGISTRASIE: JORDAAN.ELEVATED 104 PROP INV PTY LTD - FGJ2049','2024-05-08 04:48:41',2,'2024-05-08 04:50:15',2,'0000-00-00 00:00:00',0,'0000-00-00 00:00:00',0,419,7200),(730,33,'AutoEntry - Statements processing completed','2024-05-08 05:00:18',2,'2024-05-08 05:00:18',0,'0000-00-00 00:00:00',0,'0000-00-00 00:00:00',0,0,0),(731,33,'Yoco statement','2024-05-08 05:00:18',2,'2024-05-08 05:00:18',0,'0000-00-00 00:00:00',0,'0000-00-00 00:00:00',0,0,0),(732,33,'RE: Continuing infringement of DermaFix TM in Nigeria','2024-05-08 05:10:21',2,'2024-05-08 05:10:21',0,'0000-00-00 00:00:00',0,'0000-00-00 00:00:00',0,0,0),(733,1,'1294 - Gourmet Mechanics','2024-05-08 05:15:46',2,'2024-05-08 05:15:46',2,'0000-00-00 00:00:00',0,'0000-00-00 00:00:00',0,419,7200),(734,33,'Fwd: RE: PETRUS JACOBUS JOHANNES JANSEN VAN RENSBURG // WINONA JOAN JANSEN VAN RENSBURG','2024-05-08 05:31:40',2,'2024-05-08 05:31:42',2,'0000-00-00 00:00:00',0,'0000-00-00 00:00:00',0,419,7200),(735,33,'Fwd: RE: PETRUS JACOBUS JOHANNES JANSEN VAN RENSBURG // WINONA JOAN JANSEN VAN RENSBURG','2024-05-08 05:31:57',2,'2024-05-08 05:32:00',2,'0000-00-00 00:00:00',0,'0000-00-00 00:00:00',0,419,7200),(736,33,'Files ready to be approved for Company: Gourmet Mechanics  (Company ID: 562531)','2024-05-08 05:36:00',2,'2024-05-08 05:36:00',0,'0000-00-00 00:00:00',0,'0000-00-00 00:00:00',0,0,0),(737,33,'Mail delivery failed: returning message to sender','2024-05-08 05:36:02',2,'2024-05-08 05:36:02',0,'0000-00-00 00:00:00',0,'0000-00-00 00:00:00',0,0,0),(738,33,'Files ready to be approved for Company: Gourmet Mechanics  (Company ID: 562531)','2024-05-08 05:55:57',2,'2024-05-08 05:55:57',0,'0000-00-00 00:00:00',0,'0000-00-00 00:00:00',0,0,0),(739,33,'50x100 Purchase Order R1#267804_24','2024-05-08 05:55:57',2,'2024-05-08 05:55:57',0,'0000-00-00 00:00:00',0,'0000-00-00 00:00:00',0,0,0),(740,33,'Files ready to be approved for Company: Gourmet Mechanics  (Company ID: 562531)','2024-05-08 05:55:57',2,'2024-05-08 05:55:57',0,'0000-00-00 00:00:00',0,'0000-00-00 00:00:00',0,0,0),(741,33,'RE: Continuing infringement of DermaFix TM in Nigeria','2024-05-08 05:55:59',2,'2024-05-08 05:55:59',0,'0000-00-00 00:00:00',0,'0000-00-00 00:00:00',0,0,0),(742,33,'UK ministers face grilling over Russian Antarctic ship','2024-05-08 06:10:59',2,'2024-05-08 06:11:00',0,'0000-00-00 00:00:00',0,'0000-00-00 00:00:00',0,0,0),(743,16,'','2024-05-08 06:11:07',2,'2024-05-08 06:11:07',2,'0000-00-00 00:00:00',0,'0000-00-00 00:00:00',0,419,7200),(744,33,'Fwd: SOUTHBROOM ELITE REG 1996/053706/23','2024-05-08 06:11:07',2,'2024-05-08 06:11:09',2,'0000-00-00 00:00:00',0,'0000-00-00 00:00:00',0,419,7200),(745,33,'SALE Alert ⚡️ Save 20% on everything','2024-05-08 06:28:19',2,'2024-05-08 06:28:19',2,'0000-00-00 00:00:00',0,'0000-00-00 00:00:00',0,419,7200),(746,33,'','2024-05-08 06:28:20',2,'2024-05-08 06:28:20',2,'0000-00-00 00:00:00',0,'0000-00-00 00:00:00',0,419,7200),(747,6,'New Microsoft Word Document.docx','2024-05-08 06:33:50',2,'2024-05-08 06:33:50',2,'0000-00-00 00:00:00',0,'0000-00-00 00:00:00',0,419,7200),(748,17,'','2024-05-08 06:33:50',2,'2024-05-08 06:33:50',2,'0000-00-00 00:00:00',0,'0000-00-00 00:00:00',0,419,7200),(749,6,'NOTICE-TO-CUSTOMERS-BO-FA-INTEGRATION.pdf','2024-05-08 06:33:50',2,'2024-05-08 06:37:30',2,'0000-00-00 00:00:00',0,'0000-00-00 00:00:00',0,419,7200),(750,17,'','2024-05-08 06:33:50',2,'2024-05-08 06:33:50',2,'0000-00-00 00:00:00',0,'0000-00-00 00:00:00',0,419,7200),(751,33,'CIPC foreign verification','2024-05-08 06:34:56',2,'2024-05-08 06:37:32',2,'0000-00-00 00:00:00',0,'0000-00-00 00:00:00',0,419,7200),(752,16,'','2024-05-08 06:42:32',2,'2024-05-08 06:42:32',2,'0000-00-00 00:00:00',0,'0000-00-00 00:00:00',0,419,7200),(753,33,'copy id and address details','2024-05-08 06:42:32',2,'2024-05-08 06:43:07',2,'0000-00-00 00:00:00',0,'0000-00-00 00:00:00',0,419,7200),(754,33,'Transaction completed for Miss KARIN KROHN - account number AGRA1088174','2024-05-08 07:01:00',2,'2024-05-08 07:01:00',0,'0000-00-00 00:00:00',0,'0000-00-00 00:00:00',0,0,0),(755,6,'AllanGray_20240508_Daily Confirmation.zip','2024-05-08 07:01:00',2,'2024-05-08 07:01:00',0,'0000-00-00 00:00:00',0,'0000-00-00 00:00:00',0,0,0),(756,17,'','2024-05-08 07:01:00',2,'2024-05-08 07:01:00',0,'0000-00-00 00:00:00',0,'0000-00-00 00:00:00',0,0,0),(757,33,'Re: CIPC foreign verification','2024-05-08 07:01:01',2,'2024-05-08 07:01:01',0,'0000-00-00 00:00:00',0,'0000-00-00 00:00:00',0,0,0),(758,33,'Re: CIPC foreign verification','2024-05-08 07:10:45',2,'2024-05-08 07:11:57',2,'0000-00-00 00:00:00',0,'0000-00-00 00:00:00',0,419,7200),(759,33,'Forex Rates','2024-05-08 07:12:06',2,'2024-05-08 07:12:06',2,'0000-00-00 00:00:00',0,'0000-00-00 00:00:00',0,419,7200),(760,33,'We have received the withdrawal instruction for Mrs LUCILLE JANSEN VAN RENSBURG-PETERSEN - AGLP897909','2024-05-08 07:12:06',2,'2024-05-08 07:12:06',2,'0000-00-00 00:00:00',0,'0000-00-00 00:00:00',0,419,7200),(761,33,'Daily Views & News - Killjoy Kashkari','2024-05-08 07:12:06',2,'2024-05-08 07:12:06',2,'0000-00-00 00:00:00',0,'0000-00-00 00:00:00',0,419,7200),(762,33,'Business Breakfast with Justice Malala: 7 June','2024-05-08 07:30:59',2,'2024-05-08 07:30:59',0,'0000-00-00 00:00:00',0,'0000-00-00 00:00:00',0,0,0),(763,33,'Re: CIPC foreign verification','2024-05-08 07:31:01',2,'2024-05-08 07:31:01',0,'0000-00-00 00:00:00',0,'0000-00-00 00:00:00',0,0,0),(764,33,'Re: CIPC foreign verification','2024-05-08 07:31:01',2,'2024-05-08 07:31:01',0,'0000-00-00 00:00:00',0,'0000-00-00 00:00:00',0,0,0),(765,33,'Gr 11 & 12 Business studies outing to Booba Beautea - Indemnity Form','2024-05-08 07:45:53',2,'2024-05-08 07:45:53',0,'0000-00-00 00:00:00',0,'0000-00-00 00:00:00',0,0,0),(766,33,'Cruise through life ⚓ ','2024-05-08 07:45:54',2,'2024-05-08 07:45:54',0,'0000-00-00 00:00:00',0,'0000-00-00 00:00:00',0,0,0),(767,33,'lease agreements ','2024-05-08 08:00:40',2,'2024-05-08 08:00:42',2,'0000-00-00 00:00:00',0,'0000-00-00 00:00:00',0,419,7200),(768,33,'André Schwartz - Any Dream Will Do.','2024-05-08 08:01:04',2,'2024-05-08 08:01:04',0,'0000-00-00 00:00:00',0,'0000-00-00 00:00:00',0,0,0),(769,33,'Invitation to the Megatrends Webinar: The Power of Private Markets: Best Opportunities for Investors Now','2024-05-08 08:01:05',2,'2024-05-08 08:01:05',0,'0000-00-00 00:00:00',0,'0000-00-00 00:00:00',0,0,0),(770,33,'RE: Continuing infringement of DermaFix TM in Nigeria','2024-05-08 08:01:06',2,'2024-05-08 08:01:06',0,'0000-00-00 00:00:00',0,'0000-00-00 00:00:00',0,0,0),(771,33,'Section 12B Investment Deadline','2024-05-08 08:15:59',2,'2024-05-08 08:15:59',0,'0000-00-00 00:00:00',0,'0000-00-00 00:00:00',0,0,0),(772,33,'Payment Notification','2024-05-08 08:30:58',2,'2024-05-08 08:30:58',0,'0000-00-00 00:00:00',0,'0000-00-00 00:00:00',0,0,0),(773,33,'AGM 14 May 2024 Information Pack','2024-05-08 08:30:59',2,'2024-05-08 08:30:59',0,'0000-00-00 00:00:00',0,'0000-00-00 00:00:00',0,0,0),(774,33,'Re: CIPC foreign verification','2024-05-08 08:38:54',2,'2024-05-08 08:38:56',2,'0000-00-00 00:00:00',0,'0000-00-00 00:00:00',0,419,7200),(775,33,'Win a dream cruise to Mozambique! ️','2024-05-08 08:39:16',2,'2024-05-08 08:39:16',2,'0000-00-00 00:00:00',0,'0000-00-00 00:00:00',0,419,7200),(776,33,'Re: CIPC foreign verification','2024-05-08 08:45:56',2,'2024-05-08 08:45:56',0,'0000-00-00 00:00:00',0,'0000-00-00 00:00:00',0,0,0),(777,33,'Job Alert from CareerJunction','2024-05-08 09:05:58',2,'2024-05-08 09:05:58',0,'0000-00-00 00:00:00',0,'0000-00-00 00:00:00',0,0,0),(778,33,'Welgelegen BC: Huur van saal','2024-05-08 09:05:59',2,'2024-05-08 09:05:59',0,'0000-00-00 00:00:00',0,'0000-00-00 00:00:00',0,0,0),(779,33,'FW: Invoices From Sastel: 011713, 011714','2024-05-08 09:05:59',2,'2024-05-08 09:05:59',0,'0000-00-00 00:00:00',0,'0000-00-00 00:00:00',0,0,0),(780,33,'RE: Cession of your Harcourts franchise agreement to Harcourts South Africa - new bank account details','2024-05-08 09:20:53',2,'2024-05-08 09:20:53',0,'0000-00-00 00:00:00',0,'0000-00-00 00:00:00',0,0,0),(781,33,'IT’S SNUGGLE SZN! sleepwear for the  family from 129.99 ❄️❄️','2024-05-08 09:40:58',2,'2024-05-08 09:40:58',0,'0000-00-00 00:00:00',0,'0000-00-00 00:00:00',0,0,0),(782,33,'RE: lease agreements','2024-05-08 09:41:00',2,'2024-05-08 09:41:00',0,'0000-00-00 00:00:00',0,'0000-00-00 00:00:00',0,0,0),(783,6,'20200619 Welgelegen W4 Signed Contract_Occupation 1 Aug 2020.pdf','2024-05-08 09:41:00',2,'2024-05-08 09:41:00',0,'0000-00-00 00:00:00',0,'0000-00-00 00:00:00',0,0,0),(784,17,'','2024-05-08 09:41:00',2,'2024-05-08 09:41:00',0,'0000-00-00 00:00:00',0,'0000-00-00 00:00:00',0,0,0),(785,6,'SKM_C3320i24050809040.pdf','2024-05-08 09:41:00',2,'2024-05-08 09:41:00',0,'0000-00-00 00:00:00',0,'0000-00-00 00:00:00',0,0,0),(786,17,'','2024-05-08 09:41:00',2,'2024-05-08 09:41:00',0,'0000-00-00 00:00:00',0,'0000-00-00 00:00:00',0,0,0),(787,33,'Some documents could not be processed','2024-05-08 10:10:59',2,'2024-05-08 10:10:59',0,'0000-00-00 00:00:00',0,'0000-00-00 00:00:00',0,0,0),(788,33,'Mont Blanc Body Corporate - CHANGE IF INSURANCE FROM SANTAM TO IUM','2024-05-08 10:11:00',2,'2024-05-08 10:11:00',0,'0000-00-00 00:00:00',0,'0000-00-00 00:00:00',0,0,0),(789,33,'Expenses and expense claims for APRIL 2024','2024-05-08 10:11:02',2,'2024-05-08 10:11:03',0,'0000-00-00 00:00:00',0,'0000-00-00 00:00:00',0,0,0),(790,33,'RE: Welgelegen BC: Revolving door - 3500188769','2024-05-08 10:11:03',2,'2024-05-08 10:11:03',0,'0000-00-00 00:00:00',0,'0000-00-00 00:00:00',0,0,0),(791,33,'Income and Commissions for APRIL 2024','2024-05-08 10:11:03',2,'2024-05-08 10:11:03',0,'0000-00-00 00:00:00',0,'0000-00-00 00:00:00',0,0,0),(792,33,'RE: lease agreements','2024-05-08 10:14:31',2,'2024-05-08 10:14:32',2,'0000-00-00 00:00:00',0,'0000-00-00 00:00:00',0,419,7200),(793,33,'FW: PEST CONTROL INVOICE','2024-05-08 10:55:58',2,'2024-05-08 10:55:58',0,'0000-00-00 00:00:00',0,'0000-00-00 00:00:00',0,0,0),(794,5,'Some documents could not be processed','2024-05-08 10:56:00',2,'2024-05-08 10:56:00',2,'0000-00-00 00:00:00',0,'0000-00-00 00:00:00',0,419,7200),(795,33,'Fwd: FW: PEST CONTROL INVOICE','2024-05-08 10:56:31',2,'2024-05-08 10:56:34',2,'0000-00-00 00:00:00',0,'0000-00-00 00:00:00',0,419,7200),(796,1,'1275 - Lecar','2024-05-08 10:59:15',2,'2024-05-08 10:59:15',2,'0000-00-00 00:00:00',0,'0000-00-00 00:00:00',0,419,7200),(797,5,'Mont Blanc Body Corporate - CHANGE IF INSURANCE FROM SANTAM TO IUM','2024-05-08 10:59:48',2,'2024-05-08 10:59:48',2,'0000-00-00 00:00:00',0,'0000-00-00 00:00:00',0,419,7200),(798,33,'RE: Bank Confirmation','2024-05-08 10:59:57',2,'2024-05-08 10:59:57',2,'0000-00-00 00:00:00',0,'0000-00-00 00:00:00',0,419,7200),(799,33,'RE: Bank Confirmation','2024-05-08 11:00:52',2,'2024-05-08 11:00:54',2,'0000-00-00 00:00:00',0,'0000-00-00 00:00:00',0,419,7200),(800,5,'1019 - arklow audit adj','2024-05-08 11:04:27',2,'2024-05-09 15:55:12',2,'0000-00-00 00:00:00',0,'0000-00-00 00:00:00',0,419,7200),(801,5,'0099 - process tower bank fiels on auto entry','2024-05-08 11:11:59',2,'2024-05-12 10:28:10',2,'0000-00-00 00:00:00',0,'0000-00-00 00:00:00',0,419,7200),(802,33,'MyCURRENCY Views | May 2024','2024-05-08 11:16:06',2,'2024-05-08 11:16:06',0,'0000-00-00 00:00:00',0,'0000-00-00 00:00:00',0,0,0),(803,33,'We have received your claim(s) -MailRef#3190394056#-','2024-05-08 11:23:45',2,'2024-05-08 11:23:45',2,'0000-00-00 00:00:00',0,'0000-00-00 00:00:00',0,419,7200),(804,33,'','2024-05-08 11:23:47',2,'2024-05-08 11:23:47',2,'0000-00-00 00:00:00',0,'0000-00-00 00:00:00',0,419,7200),(805,6,'INDIVIDUAL IRP5 2024.zip','2024-05-08 11:24:35',2,'2024-05-08 11:26:10',2,'0000-00-00 00:00:00',0,'0000-00-00 00:00:00',0,419,7200),(806,17,'','2024-05-08 11:24:35',2,'2024-05-08 11:24:35',2,'0000-00-00 00:00:00',0,'0000-00-00 00:00:00',0,419,7200),(807,33,'2024 Individual IRP5','2024-05-08 11:25:43',2,'2024-05-08 11:26:13',2,'0000-00-00 00:00:00',0,'0000-00-00 00:00:00',0,419,7200),(808,33,'Part-Time Pay Per Click Ninja role at Remote Recruitment: Actively recruiting','2024-05-08 11:31:00',2,'2024-05-08 11:31:00',0,'0000-00-00 00:00:00',0,'0000-00-00 00:00:00',0,0,0),(809,33,'Unlimited User Licence reduces the cost','2024-05-08 11:51:04',2,'2024-05-08 11:51:04',0,'0000-00-00 00:00:00',0,'0000-00-00 00:00:00',0,0,0),(810,33,'AutoEntry - Statements processing completed','2024-05-08 11:51:04',2,'2024-05-08 11:51:04',0,'0000-00-00 00:00:00',0,'0000-00-00 00:00:00',0,0,0),(811,33,'Generation Z is unprecedentedly rich','2024-05-08 11:51:06',2,'2024-05-08 11:51:06',0,'0000-00-00 00:00:00',0,'0000-00-00 00:00:00',0,0,0),(812,33,'Turmoil at SA’s varsities','2024-05-08 12:20:58',2,'2024-05-08 12:20:58',0,'0000-00-00 00:00:00',0,'0000-00-00 00:00:00',0,0,0),(813,33,'Mastering Efficiency with Sky Time','2024-05-08 12:35:57',2,'2024-05-08 12:35:57',0,'0000-00-00 00:00:00',0,'0000-00-00 00:00:00',0,0,0),(814,33,'Statements','2024-05-08 12:35:58',2,'2024-05-08 12:35:58',0,'0000-00-00 00:00:00',0,'0000-00-00 00:00:00',0,0,0),(815,33,'Volantra - Quotation to install new cable in foyer','2024-05-08 12:50:59',2,'2024-05-08 12:50:59',0,'0000-00-00 00:00:00',0,'0000-00-00 00:00:00',0,0,0),(816,33,'RE: FW: auidt 2024 queries','2024-05-08 12:51:00',2,'2024-05-08 12:51:00',0,'0000-00-00 00:00:00',0,'0000-00-00 00:00:00',0,0,0),(817,16,'','2024-05-08 13:00:18',2,'2024-05-08 13:00:18',2,'0000-00-00 00:00:00',0,'0000-00-00 00:00:00',0,419,7200),(818,33,'Re: Volantra - Quotation to install new cable in foyer','2024-05-08 13:00:18',2,'2024-05-08 13:00:21',2,'0000-00-00 00:00:00',0,'0000-00-00 00:00:00',0,419,7200),(819,33,'PEET VAN RENSBURG sent you TRUSTEE RESOLUTION 2024/05-01 via PandaDoc','2024-05-08 13:01:21',2,'2024-05-08 13:01:21',2,'0000-00-00 00:00:00',0,'0000-00-00 00:00:00',0,419,7200),(820,33,'RE: lease agreements','2024-05-08 13:01:22',2,'2024-05-08 13:01:22',2,'0000-00-00 00:00:00',0,'0000-00-00 00:00:00',0,419,7200),(821,33,'Welgelegen Garden Committee: Garden Expenses','2024-05-08 13:01:23',2,'2024-05-08 13:01:23',2,'0000-00-00 00:00:00',0,'0000-00-00 00:00:00',0,419,7200),(822,6,'SKM_C3320i24050813370.pdf','2024-05-08 13:01:23',2,'2024-05-08 13:01:23',2,'0000-00-00 00:00:00',0,'0000-00-00 00:00:00',0,419,7200),(823,17,'','2024-05-08 13:01:23',2,'2024-05-08 13:01:23',2,'0000-00-00 00:00:00',0,'0000-00-00 00:00:00',0,419,7200),(824,6,'SKM_C3320i24050813360.pdf','2024-05-08 13:01:23',2,'2024-05-08 13:01:23',2,'0000-00-00 00:00:00',0,'0000-00-00 00:00:00',0,419,7200),(825,17,'','2024-05-08 13:01:23',2,'2024-05-08 13:01:23',2,'0000-00-00 00:00:00',0,'0000-00-00 00:00:00',0,419,7200),(826,6,'SKM_C3320i24050813350.pdf','2024-05-08 13:01:23',2,'2024-05-08 13:01:23',2,'0000-00-00 00:00:00',0,'0000-00-00 00:00:00',0,419,7200),(827,17,'','2024-05-08 13:01:23',2,'2024-05-08 13:01:23',2,'0000-00-00 00:00:00',0,'0000-00-00 00:00:00',0,419,7200),(828,33,'Fwd: RE: lease agreements','2024-05-08 13:01:51',2,'2024-05-08 13:01:53',2,'0000-00-00 00:00:00',0,'0000-00-00 00:00:00',0,419,7200),(829,33,'Re: Welgelegen Garden Committee: Garden Expenses','2024-05-08 13:02:51',2,'2024-05-08 13:02:52',2,'0000-00-00 00:00:00',0,'0000-00-00 00:00:00',0,419,7200),(830,5,'Welgelegen Garden Committee: Garden Expenses','2024-05-08 13:02:59',2,'2024-05-13 05:38:39',2,'0000-00-00 00:00:00',0,'0000-00-00 00:00:00',0,419,7200),(831,33,'Take Action. Final registration for August 2024 CFA exam closes 14 May','2024-05-08 13:06:08',2,'2024-05-08 13:06:08',0,'0000-00-00 00:00:00',0,'0000-00-00 00:00:00',0,0,0),(832,33,'RE: WhatsApp navrae','2024-05-08 13:06:08',2,'2024-05-08 13:06:08',0,'0000-00-00 00:00:00',0,'0000-00-00 00:00:00',0,0,0),(833,33,'Municipal Invoice-Acc# 232275787 ref# 240008912685','2024-05-08 13:25:58',2,'2024-05-08 13:25:58',0,'0000-00-00 00:00:00',0,'0000-00-00 00:00:00',0,0,0),(834,33,'NLA Lunch Menu 13 - 17 May 2024','2024-05-08 13:25:58',2,'2024-05-08 13:25:58',0,'0000-00-00 00:00:00',0,'0000-00-00 00:00:00',0,0,0),(835,33,'Do you need a Sectional Title Management expert guide?','2024-05-08 13:40:57',2,'2024-05-08 13:40:57',0,'0000-00-00 00:00:00',0,'0000-00-00 00:00:00',0,0,0),(836,33,'Do you need a Sectional Title Management expert guide?','2024-05-08 13:40:58',2,'2024-05-08 13:40:58',0,'0000-00-00 00:00:00',0,'0000-00-00 00:00:00',0,0,0),(837,33,'Equity team update: Unathi Loos joins M&G as Simon Kendall retires in August','2024-05-08 14:00:58',2,'2024-05-08 14:00:58',0,'0000-00-00 00:00:00',0,'0000-00-00 00:00:00',0,0,0),(838,33,'Re: Volantra - Quotation to install new cable in foyer','2024-05-08 14:15:59',2,'2024-05-08 14:15:59',0,'0000-00-00 00:00:00',0,'0000-00-00 00:00:00',0,0,0),(839,33,'Forex Rates','2024-05-08 14:15:59',2,'2024-05-08 14:15:59',0,'0000-00-00 00:00:00',0,'0000-00-00 00:00:00',0,0,0),(840,33,'Re: Welgelegen BC: Huur van saal','2024-05-08 14:31:01',2,'2024-05-08 14:31:01',0,'0000-00-00 00:00:00',0,'0000-00-00 00:00:00',0,0,0),(841,33,'RE: PEET VAN RENSBURG sent you TRUSTEE RESOLUTION 2024/05-01 via PandaDoc','2024-05-08 14:45:54',2,'2024-05-08 14:45:54',0,'0000-00-00 00:00:00',0,'0000-00-00 00:00:00',0,0,0),(842,33,'Unauthorised sectional title alterations','2024-05-08 15:01:00',2,'2024-05-08 15:01:00',0,'0000-00-00 00:00:00',0,'0000-00-00 00:00:00',0,0,0),(843,33,'Municipal Invoice-Acc# 233157415 ref# 180009618358','2024-05-08 15:15:56',2,'2024-05-08 15:15:56',0,'0000-00-00 00:00:00',0,'0000-00-00 00:00:00',0,0,0),(844,33,'The latest jobs by SA\'s top employers.','2024-05-08 15:45:55',2,'2024-05-08 15:45:55',0,'0000-00-00 00:00:00',0,'0000-00-00 00:00:00',0,0,0),(845,33,'Welgelegen','2024-05-08 15:45:55',2,'2024-05-08 15:45:55',0,'0000-00-00 00:00:00',0,'0000-00-00 00:00:00',0,0,0),(846,33,'Welgelegen Body Corporate: Manager - Letter of Resignation','2024-05-08 15:45:56',2,'2024-05-08 15:45:56',0,'0000-00-00 00:00:00',0,'0000-00-00 00:00:00',0,0,0),(847,6,'SKM_C3320i24050816320.pdf','2024-05-08 15:45:56',2,'2024-05-08 15:45:56',0,'0000-00-00 00:00:00',0,'0000-00-00 00:00:00',0,0,0),(848,17,'','2024-05-08 15:45:56',2,'2024-05-08 15:45:56',0,'0000-00-00 00:00:00',0,'0000-00-00 00:00:00',0,0,0),(849,33,'Due task reminder: Welgelegen Garden Committee: Garden Expenses','2024-05-08 16:06:01',2,'2024-05-08 16:06:01',0,'0000-00-00 00:00:00',0,'0000-00-00 00:00:00',0,0,0),(850,33,'Due task reminder: 0099 - process tower bank fiels on auto entry','2024-05-08 16:06:01',2,'2024-05-08 16:06:01',0,'0000-00-00 00:00:00',0,'0000-00-00 00:00:00',0,0,0),(851,33,'Tiger Brands Medical Scheme Statement - 04-2024','2024-05-08 17:16:01',2,'2024-05-08 17:16:01',0,'0000-00-00 00:00:00',0,'0000-00-00 00:00:00',0,0,0),(852,33,'Outstanding Account Reminder','2024-05-08 19:15:57',2,'2024-05-08 19:15:57',0,'0000-00-00 00:00:00',0,'0000-00-00 00:00:00',0,0,0),(853,33,'Outstanding Account Reminder','2024-05-08 19:15:58',2,'2024-05-08 19:15:58',0,'0000-00-00 00:00:00',0,'0000-00-00 00:00:00',0,0,0),(854,33,'Improve Your E-Mail Deliverability With These Tips','2024-05-08 19:45:55',2,'2024-05-08 19:45:55',0,'0000-00-00 00:00:00',0,'0000-00-00 00:00:00',0,0,0),(855,33,'Outstanding Account Reminder','2024-05-08 20:15:54',2,'2024-05-08 20:15:54',0,'0000-00-00 00:00:00',0,'0000-00-00 00:00:00',0,0,0),(856,33,'Why are Active Keto Gummies Gaining Popularity?','2024-05-08 20:50:53',2,'2024-05-08 20:50:53',0,'0000-00-00 00:00:00',0,'0000-00-00 00:00:00',0,0,0),(857,33,'Generate human-like AI content','2024-05-08 20:50:54',2,'2024-05-08 20:50:54',0,'0000-00-00 00:00:00',0,'0000-00-00 00:00:00',0,0,0),(858,33,'Peet, thanks for being a valued member','2024-05-08 22:31:02',2,'2024-05-08 22:31:02',0,'0000-00-00 00:00:00',0,'0000-00-00 00:00:00',0,0,0),(859,33,'Outstanding Account Reminder','2024-05-09 02:50:54',2,'2024-05-09 02:50:54',0,'0000-00-00 00:00:00',0,'0000-00-00 00:00:00',0,0,0),(860,33,'Outstanding Account Reminder','2024-05-09 02:50:55',2,'2024-05-09 02:50:55',0,'0000-00-00 00:00:00',0,'0000-00-00 00:00:00',0,0,0),(861,33,'Outstanding Account Reminder','2024-05-09 02:50:55',2,'2024-05-09 02:50:55',0,'0000-00-00 00:00:00',0,'0000-00-00 00:00:00',0,0,0),(862,33,'US pauses bomb exports to Israel','2024-05-09 04:05:57',2,'2024-05-09 04:05:57',0,'0000-00-00 00:00:00',0,'0000-00-00 00:00:00',0,0,0),(863,5,'Welgelegen Body Corporate: Manager - Letter of Resignation','2024-05-09 04:48:30',2,'2024-05-12 10:30:19',2,'0000-00-00 00:00:00',0,'0000-00-00 00:00:00',0,419,7200),(864,5,'Welgelegen petty cash','2024-05-09 04:48:53',2,'2024-05-13 10:09:11',2,'0000-00-00 00:00:00',0,'0000-00-00 00:00:00',0,419,7200),(865,33,'RE: PEET VAN RENSBURG sent you TRUSTEE RESOLUTION 2024/05-01 via PandaDoc','2024-05-09 04:50:16',2,'2024-05-09 04:50:18',2,'0000-00-00 00:00:00',0,'0000-00-00 00:00:00',0,419,7200),(866,33,'Due task reminder: Welgelegen','2024-05-09 04:51:39',2,'2024-05-09 04:51:39',0,'0000-00-00 00:00:00',0,'0000-00-00 00:00:00',0,0,0),(867,33,'tester','2024-05-09 04:51:40',2,'2024-05-09 04:51:40',0,'0000-00-00 00:00:00',0,'0000-00-00 00:00:00',0,0,0),(868,16,'','2024-05-09 04:54:29',2,'2024-05-09 04:54:29',2,'0000-00-00 00:00:00',0,'0000-00-00 00:00:00',0,419,7200),(869,33,'Fwd: Municipal Invoice-Acc# 233157415 ref# 180009618358','2024-05-09 04:54:29',2,'2024-05-09 04:54:32',2,'0000-00-00 00:00:00',0,'0000-00-00 00:00:00',0,419,7200),(870,33,'Fwd: Municipal Invoice-Acc# 232275787 ref# 240008912685','2024-05-09 04:55:06',2,'2024-05-09 04:55:08',2,'0000-00-00 00:00:00',0,'0000-00-00 00:00:00',0,419,7200),(871,33,'Re: Welgelegen BC: Huur van saal','2024-05-09 05:06:13',2,'2024-05-09 05:06:13',0,'0000-00-00 00:00:00',0,'0000-00-00 00:00:00',0,0,0),(872,33,'Re: Management report and feedback','2024-05-09 05:14:51',2,'2024-05-09 05:14:51',2,'0000-00-00 00:00:00',0,'0000-00-00 00:00:00',0,419,7200),(873,33,'Re: Volantra - Quotation to install new cable in foyer','2024-05-09 05:14:51',2,'2024-05-09 05:14:51',2,'0000-00-00 00:00:00',0,'0000-00-00 00:00:00',0,419,7200),(874,33,'Due task reminder: 0099 - process tower bank fiels on auto entry','2024-05-09 05:14:52',2,'2024-05-09 05:14:52',2,'0000-00-00 00:00:00',0,'0000-00-00 00:00:00',0,419,7200),(875,33,'Fwd: Statements','2024-05-09 05:36:55',2,'2024-05-09 05:36:57',2,'0000-00-00 00:00:00',0,'0000-00-00 00:00:00',0,419,7200),(876,33,'RE: Bank Confirmation','2024-05-09 05:40:56',2,'2024-05-09 05:40:56',0,'0000-00-00 00:00:00',0,'0000-00-00 00:00:00',0,0,0),(877,6,'SKM_C3320i24050906230.pdf','2024-05-09 05:40:56',2,'2024-05-09 05:40:56',0,'0000-00-00 00:00:00',0,'0000-00-00 00:00:00',0,0,0),(878,17,'','2024-05-09 05:40:56',2,'2024-05-09 05:40:56',0,'0000-00-00 00:00:00',0,'0000-00-00 00:00:00',0,0,0),(879,33,'FlySafair competitors push for aviation licence suspension','2024-05-09 06:01:04',2,'2024-05-09 06:01:04',0,'0000-00-00 00:00:00',0,'0000-00-00 00:00:00',0,0,0),(880,33,'Ropaint: Invoices','2024-05-09 06:01:05',2,'2024-05-09 08:00:55',2,'0000-00-00 00:00:00',0,'0000-00-00 00:00:00',0,0,0),(881,33,'Re: copy id and address details','2024-05-09 06:01:07',2,'2024-05-09 06:01:07',0,'0000-00-00 00:00:00',0,'0000-00-00 00:00:00',0,0,0),(882,6,'Scan id.pdf','2024-05-09 06:01:07',2,'2024-05-10 03:59:45',2,'0000-00-00 00:00:00',0,'0000-00-00 00:00:00',0,0,0),(883,17,'','2024-05-09 06:01:07',2,'2024-05-09 06:01:07',0,'0000-00-00 00:00:00',0,'0000-00-00 00:00:00',0,0,0),(884,6,'Proof of current address fibre line.pdf','2024-05-09 06:01:07',2,'2024-05-10 03:59:45',2,'0000-00-00 00:00:00',0,'0000-00-00 00:00:00',0,0,0),(885,17,'','2024-05-09 06:01:07',2,'2024-05-09 06:01:07',0,'0000-00-00 00:00:00',0,'0000-00-00 00:00:00',0,0,0),(886,33,'Fwd: Ropaint: Invoices','2024-05-09 06:07:54',2,'2024-05-09 08:00:55',2,'0000-00-00 00:00:00',0,'0000-00-00 00:00:00',0,419,7200),(887,33,'Fwd: RE: Bank Confirmation','2024-05-09 06:08:35',2,'2024-05-09 06:08:38',2,'0000-00-00 00:00:00',0,'0000-00-00 00:00:00',0,419,7200),(888,33,'Fwd: Ropaint: Invoices','2024-05-09 06:13:12',2,'2024-05-09 08:00:55',2,'0000-00-00 00:00:00',0,'0000-00-00 00:00:00',0,419,7200),(889,33,'Sales Leads PLUS CRM Platform','2024-05-09 06:13:23',2,'2024-05-09 06:13:24',2,'0000-00-00 00:00:00',0,'0000-00-00 00:00:00',0,419,7200),(890,33,'AutoEntry - Statements processing completed','2024-05-09 06:30:59',2,'2024-05-09 06:30:59',0,'0000-00-00 00:00:00',0,'0000-00-00 00:00:00',0,0,0),(891,33,'Mastering Efficiency with Sky Time','2024-05-09 06:46:02',2,'2024-05-09 06:46:02',0,'0000-00-00 00:00:00',0,'0000-00-00 00:00:00',0,0,0),(892,33,'RE: Compensation Commissioner POP','2024-05-09 06:46:04',2,'2024-05-09 06:46:04',0,'0000-00-00 00:00:00',0,'0000-00-00 00:00:00',0,0,0),(893,33,'','2024-05-09 06:46:04',2,'2024-05-09 06:46:04',0,'0000-00-00 00:00:00',0,'0000-00-00 00:00:00',0,0,0),(894,33,'Invitation Reminder: Multi-Asset investing in focus','2024-05-09 07:00:58',2,'2024-05-09 07:00:58',0,'0000-00-00 00:00:00',0,'0000-00-00 00:00:00',0,0,0),(895,33,'CPD Points - Attend Edwin Selbst on NOCLAR','2024-05-09 07:00:58',2,'2024-05-09 07:00:58',0,'0000-00-00 00:00:00',0,'0000-00-00 00:00:00',0,0,0),(896,33,'Weekly stock count','2024-05-09 07:01:00',2,'2024-05-09 07:01:00',0,'0000-00-00 00:00:00',0,'0000-00-00 00:00:00',0,0,0),(897,33,'Welgelegen BC: VOX','2024-05-09 07:01:00',2,'2024-05-09 07:01:00',0,'0000-00-00 00:00:00',0,'0000-00-00 00:00:00',0,0,0),(898,33,'Energy Solutions by Diverso','2024-05-09 07:01:01',2,'2024-05-09 07:01:01',0,'0000-00-00 00:00:00',0,'0000-00-00 00:00:00',0,0,0),(899,33,'','2024-05-09 07:01:01',2,'2024-05-09 07:01:01',0,'0000-00-00 00:00:00',0,'0000-00-00 00:00:00',0,0,0),(900,33,'Addendum to Welgelegen Rental Agreement - Unit 4','2024-05-09 07:01:01',2,'2024-05-09 07:01:01',0,'0000-00-00 00:00:00',0,'0000-00-00 00:00:00',0,0,0),(901,6,'SKM_C3320i24050906580.pdf','2024-05-09 07:01:01',2,'2024-05-09 07:01:01',0,'0000-00-00 00:00:00',0,'0000-00-00 00:00:00',0,0,0),(902,17,'','2024-05-09 07:01:01',2,'2024-05-09 07:01:01',0,'0000-00-00 00:00:00',0,'0000-00-00 00:00:00',0,0,0),(903,33,'Fwd: Welgelegen BC: VOX','2024-05-09 07:03:28',2,'2024-05-09 07:03:31',2,'0000-00-00 00:00:00',0,'0000-00-00 00:00:00',0,419,7200),(904,16,'','2024-05-09 07:04:16',2,'2024-05-09 07:04:16',2,'0000-00-00 00:00:00',0,'0000-00-00 00:00:00',0,419,7200),(905,33,'Re: Welgelegen BC: VOX','2024-05-09 07:04:16',2,'2024-05-09 07:04:18',2,'0000-00-00 00:00:00',0,'0000-00-00 00:00:00',0,419,7200),(906,16,'','2024-05-09 07:05:16',2,'2024-05-09 07:05:16',2,'0000-00-00 00:00:00',0,'0000-00-00 00:00:00',0,419,7200),(907,33,'Fwd: ','2024-05-09 07:05:16',2,'2024-05-09 07:05:18',2,'0000-00-00 00:00:00',0,'0000-00-00 00:00:00',0,419,7200),(908,33,'Re: Addendum to Welgelegen Rental Agreement - Unit 4','2024-05-09 07:10:44',2,'2024-05-09 07:10:46',2,'0000-00-00 00:00:00',0,'0000-00-00 00:00:00',0,419,7200),(909,16,'','2024-05-09 07:11:12',2,'2024-05-09 07:11:12',2,'0000-00-00 00:00:00',0,'0000-00-00 00:00:00',0,419,7200),(910,33,'RE: Compensation Commissioner POP','2024-05-09 07:11:12',2,'2024-05-09 07:11:13',2,'0000-00-00 00:00:00',0,'0000-00-00 00:00:00',0,419,7200),(911,16,'','2024-05-09 07:12:05',2,'2024-05-09 07:12:05',2,'0000-00-00 00:00:00',0,'0000-00-00 00:00:00',0,419,7200),(912,33,'stock reorder','2024-05-09 07:12:05',2,'2024-05-09 07:12:06',2,'0000-00-00 00:00:00',0,'0000-00-00 00:00:00',0,419,7200),(913,33,'Forex Rates','2024-05-09 07:12:12',2,'2024-05-09 07:12:12',2,'0000-00-00 00:00:00',0,'0000-00-00 00:00:00',0,419,7200),(914,33,'Daily Views & News - Chinese trade number boost','2024-05-09 07:12:12',2,'2024-05-09 07:12:12',2,'0000-00-00 00:00:00',0,'0000-00-00 00:00:00',0,419,7200),(915,33,'\"In This World, Ape Reign...\" Join us for KINGDOM OF THE PLANET OF THE APES @SK from 10 May','2024-05-09 07:12:12',2,'2024-05-09 07:12:12',2,'0000-00-00 00:00:00',0,'0000-00-00 00:00:00',0,419,7200),(916,33,'','2024-05-09 07:12:13',2,'2024-05-09 07:12:13',2,'0000-00-00 00:00:00',0,'0000-00-00 00:00:00',0,419,7200),(917,6,'0960.AGE.SPA.20240504.xlsx','2024-05-09 07:12:33',2,'2024-05-09 07:13:02',2,'0000-00-00 00:00:00',0,'0000-00-00 00:00:00',0,419,7200),(918,17,'','2024-05-09 07:12:33',2,'2024-05-09 07:12:33',2,'0000-00-00 00:00:00',0,'0000-00-00 00:00:00',0,419,7200),(919,16,'','2024-05-09 07:13:02',2,'2024-05-09 07:13:02',2,'0000-00-00 00:00:00',0,'0000-00-00 00:00:00',0,419,7200),(920,33,'age analysis','2024-05-09 07:13:02',2,'2024-05-09 07:13:04',2,'0000-00-00 00:00:00',0,'0000-00-00 00:00:00',0,419,7200),(921,33,'RE:','2024-05-09 07:31:00',2,'2024-05-09 07:31:00',0,'0000-00-00 00:00:00',0,'0000-00-00 00:00:00',0,0,0),(922,6,'Copy of ALLOCATIONS.xlsx','2024-05-09 07:31:00',2,'2024-05-09 07:31:00',0,'0000-00-00 00:00:00',0,'0000-00-00 00:00:00',0,0,0),(923,17,'','2024-05-09 07:31:00',2,'2024-05-09 07:31:00',0,'0000-00-00 00:00:00',0,'0000-00-00 00:00:00',0,0,0),(924,5,'RE: allocations','2024-05-09 07:47:54',2,'2024-05-09 07:47:54',2,'0000-00-00 00:00:00',0,'0000-00-00 00:00:00',0,419,7200),(925,33,'RE: Ropaint: Invoices','2024-05-09 08:00:55',2,'2024-05-09 08:00:55',2,'0000-00-00 00:00:00',0,'0000-00-00 00:00:00',0,419,7200),(926,33,'Re: Ropaint: Invoices','2024-05-09 08:00:55',2,'2024-05-09 08:00:55',2,'0000-00-00 00:00:00',0,'0000-00-00 00:00:00',0,419,7200),(927,33,'Calendar of Events - May - June 2024','2024-05-09 08:12:52',2,'2024-05-09 08:12:52',2,'0000-00-00 00:00:00',0,'0000-00-00 00:00:00',0,419,7200),(928,33,'Generated OTP To Open Letter Of Good Standing','2024-05-09 08:12:53',2,'2024-05-09 08:12:53',2,'0000-00-00 00:00:00',0,'0000-00-00 00:00:00',0,419,7200),(929,33,'','2024-05-09 08:16:07',2,'2024-05-09 08:16:08',2,'0000-00-00 00:00:00',0,'0000-00-00 00:00:00',0,419,7200),(930,33,'','2024-05-09 08:16:08',2,'2024-05-09 08:16:08',2,'0000-00-00 00:00:00',0,'0000-00-00 00:00:00',0,419,7200),(931,33,'Fwd: ','2024-05-09 08:16:29',2,'2024-05-09 08:16:31',2,'0000-00-00 00:00:00',0,'0000-00-00 00:00:00',0,419,7200),(932,6,'0099.LOGS.TOWER.20250430.pdf','2024-05-09 08:16:44',2,'2024-05-09 08:17:08',2,'0000-00-00 00:00:00',0,'0000-00-00 00:00:00',0,419,7200),(933,17,'','2024-05-09 08:16:44',2,'2024-05-09 08:16:44',2,'0000-00-00 00:00:00',0,'0000-00-00 00:00:00',0,419,7200),(934,33,'logs at last :)','2024-05-09 08:17:08',2,'2024-05-09 08:17:10',2,'0000-00-00 00:00:00',0,'0000-00-00 00:00:00',0,419,7200),(935,33,'Key Updates: ISA 240 Fraud Standard, CIPC Filing, IT3(d) FAQs, PAIA Reports - May 2024 Webinar','2024-05-09 08:26:02',2,'2024-05-09 08:26:02',2,'0000-00-00 00:00:00',0,'0000-00-00 00:00:00',0,419,7200),(936,33,'','2024-05-09 08:26:04',2,'2024-05-09 08:26:04',2,'0000-00-00 00:00:00',0,'0000-00-00 00:00:00',0,419,7200),(937,6,'sla_2024_5_9_8_24_53_52554.pdf','2024-05-09 08:27:05',2,'2024-05-09 08:27:20',2,'0000-00-00 00:00:00',0,'0000-00-00 00:00:00',0,419,7200),(938,17,'','2024-05-09 08:27:05',2,'2024-05-09 08:27:05',2,'0000-00-00 00:00:00',0,'0000-00-00 00:00:00',0,419,7200),(939,33,'signed sla','2024-05-09 08:27:20',2,'2024-05-09 08:27:22',2,'0000-00-00 00:00:00',0,'0000-00-00 00:00:00',0,419,7200),(940,33,'Re: Ropaint: Invoices','2024-05-09 08:40:58',2,'2024-05-09 08:40:58',0,'0000-00-00 00:00:00',0,'0000-00-00 00:00:00',0,0,0),(941,33,'What do milk and journalism have in common?','2024-05-09 08:56:00',2,'2024-05-09 08:56:00',0,'0000-00-00 00:00:00',0,'0000-00-00 00:00:00',0,0,0),(942,33,'102 Validation return from Netcash. SO-20240509-1054 52950329564 Welgelegen BC','2024-05-09 08:56:00',2,'2024-05-09 08:56:00',0,'0000-00-00 00:00:00',0,'0000-00-00 00:00:00',0,0,0),(943,33,'Job Alert from CareerJunction','2024-05-09 08:56:01',2,'2024-05-09 08:56:01',0,'0000-00-00 00:00:00',0,'0000-00-00 00:00:00',0,0,0),(944,33,'RE: logs at last :)','2024-05-09 08:56:02',2,'2024-05-09 08:56:02',0,'0000-00-00 00:00:00',0,'0000-00-00 00:00:00',0,0,0),(945,33,'PEET VAN RENSBURG sent you WELGELEGEN EXPENSE APPROVAL - ADMIN 09.05.2024 via PandaDoc','2024-05-09 09:11:00',2,'2024-05-09 09:11:00',0,'0000-00-00 00:00:00',0,'0000-00-00 00:00:00',0,0,0),(946,33,'Debit order for 702 to cancel','2024-05-09 09:11:01',2,'2024-05-09 09:11:02',0,'0000-00-00 00:00:00',0,'0000-00-00 00:00:00',0,0,0),(947,33,'PEET VAN RENSBURG sent you WELGELEGEN EXPENSE APPROVAL - MRRP 09.05.2024 via PandaDoc','2024-05-09 09:17:38',2,'2024-05-09 09:17:38',2,'0000-00-00 00:00:00',0,'0000-00-00 00:00:00',0,419,7200),(948,5,'Debit order for 702 to cancel','2024-05-09 09:19:05',2,'2024-05-09 09:19:05',2,'0000-00-00 00:00:00',0,'0000-00-00 00:00:00',0,419,7200),(949,6,'50370050467 2024-05-02.pdf','2024-05-09 09:27:22',2,'2024-05-09 09:27:22',2,'0000-00-00 00:00:00',0,'0000-00-00 00:00:00',0,419,7200),(950,17,'','2024-05-09 09:27:22',2,'2024-05-09 09:27:22',2,'0000-00-00 00:00:00',0,'0000-00-00 00:00:00',0,419,7200),(951,6,'50370050467.csv','2024-05-09 09:27:22',2,'2024-05-09 09:27:22',2,'0000-00-00 00:00:00',0,'0000-00-00 00:00:00',0,419,7200),(952,17,'','2024-05-09 09:27:22',2,'2024-05-09 09:27:22',2,'0000-00-00 00:00:00',0,'0000-00-00 00:00:00',0,419,7200),(953,33,'We have received a change in investor details instruction for GREENSIDE KWEKERY','2024-05-09 09:41:00',2,'2024-05-09 09:41:00',0,'0000-00-00 00:00:00',0,'0000-00-00 00:00:00',0,0,0),(954,33,'Here\'s to doing health, your way!','2024-05-09 09:41:00',2,'2024-05-09 09:41:00',0,'0000-00-00 00:00:00',0,'0000-00-00 00:00:00',0,0,0),(955,33,'Standards and Legislation Newsletter - 9 May 2024','2024-05-09 09:41:00',2,'2024-05-09 09:41:00',0,'0000-00-00 00:00:00',0,'0000-00-00 00:00:00',0,0,0),(956,33,'Creditor payment batch authorisation','2024-05-09 09:53:50',2,'2024-05-09 09:53:50',2,'0000-00-00 00:00:00',0,'0000-00-00 00:00:00',0,419,7200),(957,33,'','2024-05-09 09:53:52',2,'2024-05-09 09:53:52',2,'0000-00-00 00:00:00',0,'0000-00-00 00:00:00',0,419,7200),(958,16,'','2024-05-09 09:55:19',2,'2024-05-09 09:55:19',2,'0000-00-00 00:00:00',0,'0000-00-00 00:00:00',0,419,7200),(959,33,'Fwd: ','2024-05-09 09:55:19',2,'2024-05-09 09:56:02',2,'0000-00-00 00:00:00',0,'0000-00-00 00:00:00',0,419,7200),(960,5,'1246 - check jan van blek bank detaisl on miggiy netcahs and also see below','2024-05-09 09:57:12',2,'2024-05-13 05:36:44',2,'0000-00-00 00:00:00',0,'0000-00-00 00:00:00',0,419,7200),(961,33,'Resolusie','2024-05-09 10:11:02',2,'2024-05-09 10:11:02',0,'0000-00-00 00:00:00',0,'0000-00-00 00:00:00',0,0,0),(962,33,'Hey PETRUS! Come say \"Hi!\" and earn 50  points  ','2024-05-09 10:26:02',2,'2024-05-09 10:26:02',0,'0000-00-00 00:00:00',0,'0000-00-00 00:00:00',0,0,0),(963,33,'PEET, new winter deals for you','2024-05-09 10:26:02',2,'2024-05-09 10:26:02',0,'0000-00-00 00:00:00',0,'0000-00-00 00:00:00',0,0,0),(964,33,'PEET VAN RENSBURG sent you TRUSTEE RESOLUTION new via PandaDoc','2024-05-09 10:46:00',2,'2024-05-09 10:46:00',0,'0000-00-00 00:00:00',0,'0000-00-00 00:00:00',0,0,0),(965,33,'Omoda C5 GT Review, and more','2024-05-09 10:46:00',2,'2024-05-09 10:46:00',0,'0000-00-00 00:00:00',0,'0000-00-00 00:00:00',0,0,0),(966,33,'\"TRUSTEE RESOLUTION new template 2\" document has been completed by all participants','2024-05-09 11:01:01',2,'2024-05-09 11:01:01',0,'0000-00-00 00:00:00',0,'0000-00-00 00:00:00',0,0,0),(967,33,'FW: Resolusie','2024-05-09 11:01:02',2,'2024-05-09 11:01:02',0,'0000-00-00 00:00:00',0,'0000-00-00 00:00:00',0,0,0),(968,33,'Beluga Hospitality - Upcoming Hospitality Events','2024-05-09 11:01:02',2,'2024-05-09 11:01:02',0,'0000-00-00 00:00:00',0,'0000-00-00 00:00:00',0,0,0),(969,33,'PEET VAN RENSBURG sent you TRUSTEE RESOLUTION - ART EXCESS SUBSIDY via PandaDoc','2024-05-09 11:07:31',2,'2024-05-09 11:07:31',2,'0000-00-00 00:00:00',0,'0000-00-00 00:00:00',0,419,7200),(970,33,'PEET VAN RENSBURG sent you TRUSTEE RESOLUTION - ART EXCESS SUBSIDY via PandaDoc','2024-05-09 11:07:31',2,'2024-05-09 11:07:31',2,'0000-00-00 00:00:00',0,'0000-00-00 00:00:00',0,419,7200),(971,33,'','2024-05-09 11:07:32',2,'2024-05-09 11:07:32',2,'0000-00-00 00:00:00',0,'0000-00-00 00:00:00',0,419,7200),(972,33,'vox pop','2024-05-09 11:07:51',2,'2024-05-09 11:07:53',2,'0000-00-00 00:00:00',0,'0000-00-00 00:00:00',0,419,7200),(973,33,'FW: kwotasie','2024-05-09 11:09:33',2,'2024-05-09 11:09:33',2,'0000-00-00 00:00:00',0,'0000-00-00 00:00:00',0,419,7200),(974,33,'Re: FW: kwotasie','2024-05-09 11:11:07',2,'2024-05-09 11:11:10',2,'0000-00-00 00:00:00',0,'0000-00-00 00:00:00',0,419,7200),(975,33,'Tiger Mini Statement 20240501','2024-05-09 11:30:56',2,'2024-05-09 11:30:56',0,'0000-00-00 00:00:00',0,'0000-00-00 00:00:00',0,0,0),(976,33,'FW: Aqua Mart (PTY) LTD - Invoice 86276','2024-05-09 11:30:57',2,'2024-05-09 11:30:57',0,'0000-00-00 00:00:00',0,'0000-00-00 00:00:00',0,0,0),(977,33,'Browse the latest job postings','2024-05-09 11:30:58',2,'2024-05-09 11:30:58',0,'0000-00-00 00:00:00',0,'0000-00-00 00:00:00',0,0,0),(978,33,'Fwd: FW: Aqua Mart (PTY) LTD - Invoice 86276','2024-05-09 11:32:48',2,'2024-05-09 11:32:50',2,'0000-00-00 00:00:00',0,'0000-00-00 00:00:00',0,419,7200),(979,33,'Re: kwotasie','2024-05-09 11:46:03',2,'2024-05-09 11:46:03',0,'0000-00-00 00:00:00',0,'0000-00-00 00:00:00',0,0,0),(980,33,'REQUEST FOR PAYMENT | TUSK INV 27116 | WELGELEGEN BODY CORPORATE','2024-05-09 11:46:03',2,'2024-05-09 11:46:03',0,'0000-00-00 00:00:00',0,'0000-00-00 00:00:00',0,0,0),(981,33,'Re: FW: kwotasie','2024-05-09 11:46:03',2,'2024-05-09 11:46:03',0,'0000-00-00 00:00:00',0,'0000-00-00 00:00:00',0,0,0),(982,33,'RE: kwotasie','2024-05-09 12:00:56',2,'2024-05-09 12:00:56',0,'0000-00-00 00:00:00',0,'0000-00-00 00:00:00',0,0,0),(983,33,'Speed Point Card Machine batch 422','2024-05-09 12:00:58',2,'2024-05-09 12:00:58',0,'0000-00-00 00:00:00',0,'0000-00-00 00:00:00',0,0,0),(984,33,'SARS eFiling - Employee Registration','2024-05-09 12:00:58',2,'2024-05-09 12:00:58',0,'0000-00-00 00:00:00',0,'0000-00-00 00:00:00',0,0,0),(985,33,'Fwd: REQUEST FOR PAYMENT | TUSK INV 27116 | WELGELEGEN BODY CORPORATE','2024-05-09 12:02:35',2,'2024-05-09 12:02:37',2,'0000-00-00 00:00:00',0,'0000-00-00 00:00:00',0,419,7200),(986,33,'Mindshift by COVER: Revolutionize Insurance - Join Us for the Ultimate Tech Conference','2024-05-09 12:21:10',2,'2024-05-09 12:21:10',0,'0000-00-00 00:00:00',0,'0000-00-00 00:00:00',0,0,0),(987,33,'M1 tunnel repairs to burn through R33m ','2024-05-09 12:21:11',2,'2024-05-09 12:21:11',0,'0000-00-00 00:00:00',0,'0000-00-00 00:00:00',0,0,0),(988,33,'FW: Display of resident artists\' work in the Hall','2024-05-09 12:35:57',2,'2024-05-09 12:35:57',0,'0000-00-00 00:00:00',0,'0000-00-00 00:00:00',0,0,0),(989,33,'IFA Academy: Digital Certification Training Program','2024-05-09 12:35:58',2,'2024-05-09 12:35:58',0,'0000-00-00 00:00:00',0,'0000-00-00 00:00:00',0,0,0),(990,33,'[LIMITED 24H] World’s Easiest  Cloud Backup - 55% off Savings!','2024-05-09 12:35:59',2,'2024-05-09 12:35:59',0,'0000-00-00 00:00:00',0,'0000-00-00 00:00:00',0,0,0),(991,33,'FNB State','2024-05-09 12:36:00',2,'2024-05-09 12:36:00',0,'0000-00-00 00:00:00',0,'0000-00-00 00:00:00',0,0,0),(992,6,'SKM_C300i24050914310.pdf','2024-05-09 12:36:00',2,'2024-05-09 12:36:00',0,'0000-00-00 00:00:00',0,'0000-00-00 00:00:00',0,0,0),(993,17,'','2024-05-09 12:36:00',2,'2024-05-09 12:36:00',0,'0000-00-00 00:00:00',0,'0000-00-00 00:00:00',0,0,0),(994,33,'Allan Gray Dokumente','2024-05-09 12:36:00',2,'2024-05-09 12:36:00',0,'0000-00-00 00:00:00',0,'0000-00-00 00:00:00',0,0,0),(995,6,'SKM_C300i24050914252.pdf','2024-05-09 12:36:00',2,'2024-05-09 12:36:00',0,'0000-00-00 00:00:00',0,'0000-00-00 00:00:00',0,0,0),(996,17,'','2024-05-09 12:36:00',2,'2024-05-09 12:36:00',0,'0000-00-00 00:00:00',0,'0000-00-00 00:00:00',0,0,0),(997,6,'SKM_C300i24050914251.pdf','2024-05-09 12:36:00',2,'2024-05-09 12:36:00',0,'0000-00-00 00:00:00',0,'0000-00-00 00:00:00',0,0,0),(998,17,'','2024-05-09 12:36:00',2,'2024-05-09 12:36:00',0,'0000-00-00 00:00:00',0,'0000-00-00 00:00:00',0,0,0),(999,6,'SKM_C300i24050914250.pdf','2024-05-09 12:36:00',2,'2024-05-09 12:36:00',0,'0000-00-00 00:00:00',0,'0000-00-00 00:00:00',0,0,0),(1000,17,'','2024-05-09 12:36:00',2,'2024-05-09 12:36:00',0,'0000-00-00 00:00:00',0,'0000-00-00 00:00:00',0,0,0),(1001,6,'SKM_C300i24050914240.pdf','2024-05-09 12:36:00',2,'2024-05-09 12:36:00',0,'0000-00-00 00:00:00',0,'0000-00-00 00:00:00',0,0,0),(1002,17,'','2024-05-09 12:36:00',2,'2024-05-09 12:36:00',0,'0000-00-00 00:00:00',0,'0000-00-00 00:00:00',0,0,0),(1003,33,'Integritax Weekly - 9 May 2024','2024-05-09 13:06:01',2,'2024-05-09 13:06:01',0,'0000-00-00 00:00:00',0,'0000-00-00 00:00:00',0,0,0),(1004,33,'a new staff member','2024-05-09 13:06:03',2,'2024-05-09 13:06:03',0,'0000-00-00 00:00:00',0,'0000-00-00 00:00:00',0,0,0),(1005,5,'Allan Gray Dokumente','2024-05-09 13:06:06',2,'2024-05-13 05:37:07',2,'0000-00-00 00:00:00',0,'0000-00-00 00:00:00',0,419,7200),(1006,5,'FNB State','2024-05-09 13:06:23',2,'2024-05-13 05:37:25',2,'0000-00-00 00:00:00',0,'0000-00-00 00:00:00',0,419,7200),(1007,5,'a new staff member','2024-05-09 13:06:43',2,'2024-05-13 06:21:50',2,'0000-00-00 00:00:00',0,'0000-00-00 00:00:00',0,419,7200),(1008,18,'done','2024-05-09 13:07:58',2,'2024-05-09 15:55:12',2,'0000-00-00 00:00:00',0,'0000-00-00 00:00:00',0,419,7200),(1009,33,'Due task reminder: a new staff member','2024-05-09 13:20:57',2,'2024-05-09 13:20:57',0,'0000-00-00 00:00:00',0,'0000-00-00 00:00:00',0,0,0),(1010,33,'Speed Point Card Machine Batch 423, 424,425 and 426','2024-05-09 13:20:58',2,'2024-05-09 13:20:58',0,'0000-00-00 00:00:00',0,'0000-00-00 00:00:00',0,0,0),(1011,33,'RE: Ropaint: Invoices','2024-05-09 13:35:57',2,'2024-05-09 13:35:57',0,'0000-00-00 00:00:00',0,'0000-00-00 00:00:00',0,0,0),(1012,33,'RE: Welgelegen Garden Committee: Garden Expenses','2024-05-09 13:35:59',2,'2024-05-09 13:35:59',0,'0000-00-00 00:00:00',0,'0000-00-00 00:00:00',0,0,0),(1013,6,'SKM_C3320i24050910010.pdf','2024-05-09 13:35:59',2,'2024-05-09 13:35:59',0,'0000-00-00 00:00:00',0,'0000-00-00 00:00:00',0,0,0),(1014,17,'','2024-05-09 13:35:59',2,'2024-05-09 13:35:59',0,'0000-00-00 00:00:00',0,'0000-00-00 00:00:00',0,0,0),(1015,33,'FW: Statement please :)','2024-05-09 13:56:00',2,'2024-05-09 13:56:00',0,'0000-00-00 00:00:00',0,'0000-00-00 00:00:00',0,0,0),(1016,33,'Forex Rates','2024-05-09 14:10:57',2,'2024-05-09 14:10:57',0,'0000-00-00 00:00:00',0,'0000-00-00 00:00:00',0,0,0),(1017,33,'Spoil mom this Mother\'s Day with a special gift!','2024-05-09 14:10:57',2,'2024-05-09 14:10:57',0,'0000-00-00 00:00:00',0,'0000-00-00 00:00:00',0,0,0),(1018,33,'Fwd: RE: Welgelegen Garden Committee: Garden Expenses','2024-05-09 14:26:32',2,'2024-05-09 14:26:35',2,'0000-00-00 00:00:00',0,'0000-00-00 00:00:00',0,419,7200),(1019,33,'Coming Saturday, May 11th... Redemption','2024-05-09 14:26:58',2,'2024-05-09 14:26:58',2,'0000-00-00 00:00:00',0,'0000-00-00 00:00:00',0,419,7200),(1020,33,'All Your CPD Certficates In One Place | INN8 CPD Portal','2024-05-09 14:26:58',2,'2024-05-09 14:26:58',2,'0000-00-00 00:00:00',0,'0000-00-00 00:00:00',0,419,7200),(1021,33,'','2024-05-09 14:27:00',2,'2024-05-09 14:27:00',2,'0000-00-00 00:00:00',0,'0000-00-00 00:00:00',0,419,7200),(1022,6,'ARKLOW HOME OWNERS ASSOCIATION NPC - Financials - 2023 (2).pdf','2024-05-09 14:27:17',2,'2024-05-09 14:28:48',2,'0000-00-00 00:00:00',0,'0000-00-00 00:00:00',0,419,7200),(1023,17,'','2024-05-09 14:27:17',2,'2024-05-09 14:27:17',2,'0000-00-00 00:00:00',0,'0000-00-00 00:00:00',0,419,7200),(1024,16,'','2024-05-09 14:28:48',2,'2024-05-09 14:28:48',2,'0000-00-00 00:00:00',0,'0000-00-00 00:00:00',0,419,7200),(1025,33,'arklow financials draft 2','2024-05-09 14:28:48',2,'2024-05-09 14:28:50',2,'0000-00-00 00:00:00',0,'0000-00-00 00:00:00',0,419,7200),(1026,18,'','2024-05-09 14:29:07',2,'2024-05-09 15:17:28',2,'0000-00-00 00:00:00',0,'0000-00-00 00:00:00',0,419,7200),(1027,33,'Fwd: CoCT remittance advices - Mar-April','2024-05-09 14:32:09',2,'2024-05-09 14:32:11',2,'0000-00-00 00:00:00',0,'0000-00-00 00:00:00',0,419,7200),(1028,33,'Some documents could not be processed','2024-05-09 15:05:58',2,'2024-05-09 15:05:58',0,'0000-00-00 00:00:00',0,'0000-00-00 00:00:00',0,0,0),(1029,33,' JHB Voters! Join the Gauteng  Premier Debate Virtual Event! ','2024-05-09 15:17:42',2,'2024-05-09 15:17:42',2,'0000-00-00 00:00:00',0,'0000-00-00 00:00:00',0,419,7200),(1030,33,'','2024-05-09 15:22:07',2,'2024-05-09 15:22:07',2,'0000-00-00 00:00:00',0,'0000-00-00 00:00:00',0,419,7200),(1031,6,'1162.age.booktalk.202404.xlsx','2024-05-09 15:22:18',2,'2024-05-09 15:23:06',2,'0000-00-00 00:00:00',0,'0000-00-00 00:00:00',0,419,7200),(1032,17,'','2024-05-09 15:22:18',2,'2024-05-09 15:22:18',2,'0000-00-00 00:00:00',0,'0000-00-00 00:00:00',0,419,7200),(1033,16,'','2024-05-09 15:23:06',2,'2024-05-09 15:23:06',2,'0000-00-00 00:00:00',0,'0000-00-00 00:00:00',0,419,7200),(1034,33,'Age analysis 30.04.2024','2024-05-09 15:23:06',2,'2024-05-09 15:23:08',2,'0000-00-00 00:00:00',0,'0000-00-00 00:00:00',0,419,7200),(1035,33,'Ballot outcome: Amalgamation of the M&G Enhanced SA Property Tracker Fund with the M&G Property Fund','2024-05-09 15:40:56',2,'2024-05-09 15:40:56',0,'0000-00-00 00:00:00',0,'0000-00-00 00:00:00',0,0,0),(1036,33,'','2024-05-09 15:50:51',2,'2024-05-09 15:50:51',2,'0000-00-00 00:00:00',0,'0000-00-00 00:00:00',0,419,7200),(1037,6,'0099.AGE.TOWER.202404.xlsx','2024-05-09 15:51:04',2,'2024-05-09 15:52:13',2,'0000-00-00 00:00:00',0,'0000-00-00 00:00:00',0,419,7200),(1038,17,'','2024-05-09 15:51:04',2,'2024-05-09 15:51:04',2,'0000-00-00 00:00:00',0,'0000-00-00 00:00:00',0,419,7200),(1039,33,'April Age analysis','2024-05-09 15:52:10',2,'2024-05-09 15:52:15',2,'0000-00-00 00:00:00',0,'0000-00-00 00:00:00',0,419,7200),(1040,16,'','2024-05-09 15:53:16',2,'2024-05-09 15:53:16',2,'0000-00-00 00:00:00',0,'0000-00-00 00:00:00',0,419,7200),(1041,33,'ups bank statement for mar and april','2024-05-09 15:53:16',2,'2024-05-09 15:53:17',2,'0000-00-00 00:00:00',0,'0000-00-00 00:00:00',0,419,7200),(1042,18,'','2024-05-09 15:57:10',2,'2024-05-09 15:57:17',2,'0000-00-00 00:00:00',0,'0000-00-00 00:00:00',0,419,7200),(1043,33,'tesre','2024-05-09 16:04:57',2,'2024-05-09 16:04:59',2,'0000-00-00 00:00:00',0,'0000-00-00 00:00:00',0,419,7200),(1044,33,'Due task reminder: FNB State','2024-05-09 16:11:08',2,'2024-05-09 16:11:08',0,'0000-00-00 00:00:00',0,'0000-00-00 00:00:00',0,0,0),(1045,33,'Due task reminder: 1246 - check jan van blek bank detaisl on miggiy netcahs and also see below','2024-05-09 16:11:08',2,'2024-05-09 16:11:08',0,'0000-00-00 00:00:00',0,'0000-00-00 00:00:00',0,0,0),(1046,33,'Due task reminder: Allan Gray Dokumente','2024-05-09 16:11:08',2,'2024-05-09 16:11:08',0,'0000-00-00 00:00:00',0,'0000-00-00 00:00:00',0,0,0),(1047,33,'Due task reminder: Welgelegen Body Corporate: Manager - Letter of Resignation','2024-05-09 16:11:08',2,'2024-05-09 16:11:08',0,'0000-00-00 00:00:00',0,'0000-00-00 00:00:00',0,0,0),(1048,33,'Reminder to file Annual Return for KELLOCK MANAGEMENT CONSULTANTS with CIPC','2024-05-09 16:55:54',2,'2024-05-09 16:55:54',0,'0000-00-00 00:00:00',0,'0000-00-00 00:00:00',0,0,0),(1049,33,'Customize for Mom: Emboss & Monogram + Gift Guide!','2024-05-09 17:25:56',2,'2024-05-09 17:25:56',0,'0000-00-00 00:00:00',0,'0000-00-00 00:00:00',0,0,0),(1050,33,'Notice of SAICA Annual General Meeting: 31 May 2024','2024-05-09 17:41:01',2,'2024-05-09 17:41:01',0,'0000-00-00 00:00:00',0,'0000-00-00 00:00:00',0,0,0),(1051,33,'FW: Resolusie','2024-05-09 18:30:54',2,'2024-05-09 18:30:54',0,'0000-00-00 00:00:00',0,'0000-00-00 00:00:00',0,0,0),(1052,33,'Enhanced libido. Longer staying power and intensified pleasure','2024-05-09 18:50:58',2,'2024-05-09 18:50:58',0,'0000-00-00 00:00:00',0,'0000-00-00 00:00:00',0,0,0),(1053,33,'Fwd: + FROM DR.HENRIETTE LOUISE FERREIRA FROM PORTUGAL (EUROP) +','2024-05-09 19:40:54',2,'2024-05-09 19:40:54',0,'0000-00-00 00:00:00',0,'0000-00-00 00:00:00',0,0,0),(1054,33,'Fwd: Quarterly Investment Statement for Mrs NR. Coetzer - [46224385 A511959B]','2024-05-09 20:01:13',2,'2024-05-09 20:01:13',0,'0000-00-00 00:00:00',0,'0000-00-00 00:00:00',0,0,0),(1055,33,'RE: Resolusie','2024-05-09 21:36:00',2,'2024-05-09 21:36:00',0,'0000-00-00 00:00:00',0,'0000-00-00 00:00:00',0,0,0),(1056,33,'Sales Leads PLUS CRM Platform','2024-05-09 23:50:54',2,'2024-05-09 23:50:54',0,'0000-00-00 00:00:00',0,'0000-00-00 00:00:00',0,0,0),(1057,33,'Payment Of Prize And Claim','2024-05-10 00:20:57',2,'2024-05-10 00:20:57',0,'0000-00-00 00:00:00',0,'0000-00-00 00:00:00',0,0,0),(1058,33,'FSCA Subscription Notification','2024-05-10 00:35:54',2,'2024-05-10 00:35:54',0,'0000-00-00 00:00:00',0,'0000-00-00 00:00:00',0,0,0),(1059,33,'onlineUBO om CIPC 24 Mei BO Sperdatum te Bereik - Ultimate Beneficial Ownership Toolkit vir Maatskappye, BK, Trusts - Waarskuwing Professionele Persoon en Batebestuurder','2024-05-10 01:05:52',2,'2024-05-10 01:05:52',0,'0000-00-00 00:00:00',0,'0000-00-00 00:00:00',0,0,0),(1060,33,'Deposit confirmation','2024-05-10 01:05:53',2,'2024-05-10 01:05:53',0,'0000-00-00 00:00:00',0,'0000-00-00 00:00:00',0,0,0),(1061,33,'DirectAxis 5% Fixed Flexible Loans//','2024-05-10 01:35:56',2,'2024-05-10 01:35:56',0,'0000-00-00 00:00:00',0,'0000-00-00 00:00:00',0,0,0),(1062,1,'1191 - Purple Trurtle','2024-05-10 03:55:37',2,'2024-05-10 03:55:37',2,'0000-00-00 00:00:00',0,'0000-00-00 00:00:00',0,419,7200),(1063,33,'','2024-05-10 03:59:45',2,'2024-05-10 03:59:47',2,'0000-00-00 00:00:00',0,'0000-00-00 00:00:00',0,419,7200),(1064,33,'‘Hope is fading’ — Ge orge building collapse','2024-05-10 04:05:51',2,'2024-05-10 04:05:51',0,'0000-00-00 00:00:00',0,'0000-00-00 00:00:00',0,0,0),(1065,33,'CIPC Email OTP for BOREG','2024-05-10 04:19:16',2,'2024-05-10 04:19:17',2,'0000-00-00 00:00:00',0,'0000-00-00 00:00:00',0,419,7200),(1066,33,'CIPC Annual Return Document: B1998019477','2024-05-10 04:19:17',2,'2024-05-10 04:19:17',2,'0000-00-00 00:00:00',0,'0000-00-00 00:00:00',0,419,7200),(1067,33,'Beneficiary Ownership Disclosure Application for: BUCCANEER COMMUNICATIONS CC (1998/019477/23)','2024-05-10 04:20:55',2,'2024-05-10 04:20:55',0,'0000-00-00 00:00:00',0,'0000-00-00 00:00:00',0,0,0),(1068,33,'Account Arrears','2024-05-10 04:35:59',2,'2024-05-10 04:35:59',0,'0000-00-00 00:00:00',0,'0000-00-00 00:00:00',0,0,0),(1069,33,'Account Arrears','2024-05-10 04:35:59',2,'2024-05-10 04:35:59',0,'0000-00-00 00:00:00',0,'0000-00-00 00:00:00',0,0,0),(1070,33,'Account Arrears','2024-05-10 04:36:00',2,'2024-05-10 04:36:00',0,'0000-00-00 00:00:00',0,'0000-00-00 00:00:00',0,0,0),(1071,33,'Account Arrears','2024-05-10 04:36:00',2,'2024-05-10 04:36:00',0,'0000-00-00 00:00:00',0,'0000-00-00 00:00:00',0,0,0),(1072,33,'Account Arrears','2024-05-10 04:36:00',2,'2024-05-10 04:36:00',0,'0000-00-00 00:00:00',0,'0000-00-00 00:00:00',0,0,0),(1073,33,'Tax Invoice - CT008627','2024-05-10 04:36:02',2,'2024-05-10 04:36:02',0,'0000-00-00 00:00:00',0,'0000-00-00 00:00:00',0,0,0),(1074,33,'COIDA 2023','2024-05-10 04:49:34',2,'2024-05-10 04:49:36',2,'0000-00-00 00:00:00',0,'0000-00-00 00:00:00',0,419,7200),(1075,5,'1279 - to pay coda','2024-05-10 04:49:54',2,'2024-05-12 10:31:26',2,'0000-00-00 00:00:00',0,'0000-00-00 00:00:00',0,419,7200),(1076,33,'SARS eFiling EMP Statement of Account Issued','2024-05-10 05:01:36',2,'2024-05-10 05:01:36',0,'0000-00-00 00:00:00',0,'0000-00-00 00:00:00',0,0,0),(1077,33,'','2024-05-10 05:01:38',2,'2024-05-10 05:01:38',0,'0000-00-00 00:00:00',0,'0000-00-00 00:00:00',0,0,0),(1078,33,'SARS eFiling Letter Notification for Welgelegen Body Corporate','2024-05-10 05:15:56',2,'2024-05-10 05:15:56',0,'0000-00-00 00:00:00',0,'0000-00-00 00:00:00',0,0,0),(1079,33,'Tax Invoice - INV0001527','2024-05-10 05:15:57',2,'2024-05-10 05:15:57',0,'0000-00-00 00:00:00',0,'0000-00-00 00:00:00',0,0,0),(1080,6,'1279.TaxCertificates.welgelegen.202402.pdf','2024-05-10 05:20:08',2,'2024-05-10 05:20:08',2,'0000-00-00 00:00:00',0,'0000-00-00 00:00:00',0,419,7200),(1081,17,'','2024-05-10 05:20:08',2,'2024-05-10 05:20:08',2,'0000-00-00 00:00:00',0,'0000-00-00 00:00:00',0,419,7200),(1082,33,'Missing George consulting engineer found','2024-05-10 06:01:07',2,'2024-05-10 06:01:07',0,'0000-00-00 00:00:00',0,'0000-00-00 00:00:00',0,0,0),(1083,33,'Further 15% Off Sale Footwear','2024-05-10 06:13:23',2,'2024-05-10 06:13:23',2,'0000-00-00 00:00:00',0,'0000-00-00 00:00:00',0,419,7200),(1084,33,'Change in investor details for GREENSIDE KWEKERY - 609920','2024-05-10 07:06:00',2,'2024-05-10 07:06:00',0,'0000-00-00 00:00:00',0,'0000-00-00 00:00:00',0,0,0),(1085,6,'AllanGray_20240510_AmendmentConfirmation.zip','2024-05-10 07:06:00',2,'2024-05-10 07:06:00',0,'0000-00-00 00:00:00',0,'0000-00-00 00:00:00',0,0,0),(1086,17,'','2024-05-10 07:06:00',2,'2024-05-10 07:06:00',0,'0000-00-00 00:00:00',0,'0000-00-00 00:00:00',0,0,0),(1087,33,'','2024-05-10 07:06:01',2,'2024-05-10 07:06:01',0,'0000-00-00 00:00:00',0,'0000-00-00 00:00:00',0,0,0),(1088,33,'Transaction completed for Mrs LUCILLE JANSEN VAN RENSBURG-PETERSEN - account number AGLP897909','2024-05-10 07:20:58',2,'2024-05-10 07:20:58',0,'0000-00-00 00:00:00',0,'0000-00-00 00:00:00',0,0,0),(1089,6,'AllanGray_20240510_Daily Confirmation.zip','2024-05-10 07:20:58',2,'2024-05-10 07:20:58',0,'0000-00-00 00:00:00',0,'0000-00-00 00:00:00',0,0,0),(1090,17,'','2024-05-10 07:20:58',2,'2024-05-10 07:20:58',0,'0000-00-00 00:00:00',0,'0000-00-00 00:00:00',0,0,0),(1091,33,'Forex Rates','2024-05-10 07:20:58',2,'2024-05-10 07:20:58',0,'0000-00-00 00:00:00',0,'0000-00-00 00:00:00',0,0,0),(1092,33,'Daily Views & News - Weekly jobless numbers lift rate cut hopes','2024-05-10 07:20:58',2,'2024-05-10 07:20:58',0,'0000-00-00 00:00:00',0,'0000-00-00 00:00:00',0,0,0),(1093,33,'','2024-05-10 07:21:00',2,'2024-05-10 07:21:00',0,'0000-00-00 00:00:00',0,'0000-00-00 00:00:00',0,0,0),(1094,33,'Fwd: Transaction completed for Mrs LUCILLE JANSEN VAN RENSBURG-PETERSEN - account number AGLP897909','2024-05-10 07:34:52',2,'2024-05-10 07:34:55',2,'0000-00-00 00:00:00',0,'0000-00-00 00:00:00',0,419,7200),(1095,33,'Switch to CELL C today with Jet Cellular & hi','2024-05-10 07:35:32',2,'2024-05-10 07:35:32',2,'0000-00-00 00:00:00',0,'0000-00-00 00:00:00',0,419,7200),(1096,33,'iPhone Frenzy @ Universe Direct','2024-05-10 07:35:34',2,'2024-05-10 07:35:34',2,'0000-00-00 00:00:00',0,'0000-00-00 00:00:00',0,419,7200),(1097,33,'2 weeks to go to the deadline for the 2024 Hello Elgin Valley & Grabouw A-Z','2024-05-10 07:35:34',2,'2024-05-10 07:35:34',2,'0000-00-00 00:00:00',0,'0000-00-00 00:00:00',0,419,7200),(1098,33,'Your voice matters | PPS Graduate Professional Index','2024-05-10 08:10:57',2,'2024-05-10 08:10:57',0,'0000-00-00 00:00:00',0,'0000-00-00 00:00:00',0,0,0),(1099,33,'Speed Point Card Machine Batch 427','2024-05-10 08:10:59',2,'2024-05-10 08:10:59',0,'0000-00-00 00:00:00',0,'0000-00-00 00:00:00',0,0,0),(1100,33,'SARS eFiling IT Statement of Account Request','2024-05-10 08:10:59',2,'2024-05-10 08:10:59',0,'0000-00-00 00:00:00',0,'0000-00-00 00:00:00',0,0,0),(1101,33,'PETERUSE, open for exclusive member-only offers.','2024-05-10 08:25:55',2,'2024-05-10 08:25:55',0,'0000-00-00 00:00:00',0,'0000-00-00 00:00:00',0,0,0),(1102,33,'Draftworx has teamed up with Circit  | Webinar','2024-05-10 08:25:56',2,'2024-05-10 08:25:56',0,'0000-00-00 00:00:00',0,'0000-00-00 00:00:00',0,0,0),(1103,33,'Job Alert from CareerJunction','2024-05-10 08:40:54',2,'2024-05-10 08:40:54',0,'0000-00-00 00:00:00',0,'0000-00-00 00:00:00',0,0,0),(1104,33,'HOME AFFAIRS: DOCUMENTS READY FOR COLLECTION','2024-05-10 08:40:54',2,'2024-05-10 08:40:54',0,'0000-00-00 00:00:00',0,'0000-00-00 00:00:00',0,0,0),(1105,33,'Important: Delivery Failure','2024-05-10 09:10:58',2,'2024-05-10 09:10:58',0,'0000-00-00 00:00:00',0,'0000-00-00 00:00:00',0,0,0),(1106,33,' 50% Off! Mother’s Day Special: Hise nse 32L Air Fryer Oven, Now Half Price!','2024-05-10 09:10:59',2,'2024-05-10 09:10:59',0,'0000-00-00 00:00:00',0,'0000-00-00 00:00:00',0,0,0),(1107,33,'Click, save and repeat to unlock exclusive online deals!','2024-05-10 09:30:55',2,'2024-05-10 09:30:55',0,'0000-00-00 00:00:00',0,'0000-00-00 00:00:00',0,0,0),(1108,33,'Fly smart, save hard.','2024-05-10 09:30:57',2,'2024-05-10 09:30:57',0,'0000-00-00 00:00:00',0,'0000-00-00 00:00:00',0,0,0),(1109,33,'Fwd: HOME AFFAIRS: DOCUMENTS READY FOR COLLECTION','2024-05-10 09:38:10',2,'2024-05-10 09:38:12',2,'0000-00-00 00:00:00',0,'0000-00-00 00:00:00',0,419,7200),(1110,33,'CIPC Disclosure Document: B1986009157','2024-05-10 09:39:11',2,'2024-05-10 09:39:11',2,'0000-00-00 00:00:00',0,'0000-00-00 00:00:00',0,419,7200),(1111,33,'Fwd: CIPC Disclosure Document: B1986009157','2024-05-10 09:39:24',2,'2024-05-10 09:39:26',2,'0000-00-00 00:00:00',0,'0000-00-00 00:00:00',0,419,7200),(1112,33,'CIPC Email OTP for BOREG','2024-05-10 09:57:34',2,'2024-05-10 09:57:34',2,'0000-00-00 00:00:00',0,'0000-00-00 00:00:00',0,419,7200),(1113,33,'FILING NOTIFICATION - KELLOCK MANAGEMENT CONSULTANTS','2024-05-10 09:57:35',2,'2024-05-10 09:57:35',2,'0000-00-00 00:00:00',0,'0000-00-00 00:00:00',0,419,7200),(1114,33,'Beneficiary Ownership Disclosure Application for: KELLOCK MANAGEMENT CONSULTANTS CC (1986/009157/23)','2024-05-10 10:00:54',2,'2024-05-10 10:00:54',0,'0000-00-00 00:00:00',0,'0000-00-00 00:00:00',0,0,0),(1115,33,'CIPC Annual Return Document: B1986009157','2024-05-10 10:13:19',2,'2024-05-10 10:13:19',2,'0000-00-00 00:00:00',0,'0000-00-00 00:00:00',0,419,7200),(1116,33,'Sage Pastel Zone - Reset site user password','2024-05-10 10:13:20',2,'2024-05-10 10:13:20',2,'0000-00-00 00:00:00',0,'0000-00-00 00:00:00',0,419,7200),(1117,33,'RE: signed sla','2024-05-10 10:13:21',2,'2024-05-10 10:13:21',2,'0000-00-00 00:00:00',0,'0000-00-00 00:00:00',0,419,7200),(1118,33,'Sage Pastel - Reset site user password confirmation','2024-05-10 10:15:52',2,'2024-05-10 10:15:52',0,'0000-00-00 00:00:00',0,'0000-00-00 00:00:00',0,0,0),(1119,33,'Happy Mother\'s Day!','2024-05-10 10:27:48',2,'2024-05-10 10:27:48',2,'0000-00-00 00:00:00',0,'0000-00-00 00:00:00',0,419,7200),(1120,6,'{70e356bb-e4ea-4638-a581-e86724a138ae}_SmallBusinessCloudProductPriceListSeptember2023-2024v1.pdf','2024-05-10 10:50:24',2,'2024-05-10 10:50:24',2,'0000-00-00 00:00:00',0,'0000-00-00 00:00:00',0,419,7200),(1121,17,'','2024-05-10 10:50:24',2,'2024-05-10 10:50:24',2,'0000-00-00 00:00:00',0,'0000-00-00 00:00:00',0,419,7200),(1122,6,'{f7476938-16e7-466f-bb7a-dfbdaffb8e7d}_SageAccountingBureauPricing2024_Final.pdf','2024-05-10 10:50:24',2,'2024-05-10 10:50:24',2,'0000-00-00 00:00:00',0,'0000-00-00 00:00:00',0,419,7200),(1123,17,'','2024-05-10 10:50:24',2,'2024-05-10 10:50:24',2,'0000-00-00 00:00:00',0,'0000-00-00 00:00:00',0,419,7200),(1124,5,'sage contact person','2024-05-10 10:50:37',2,'2024-05-10 10:50:37',2,'0000-00-00 00:00:00',0,'0000-00-00 00:00:00',0,419,7200),(1125,33,'Queen Anne to visit South Africa in 2025','2024-05-10 10:50:51',2,'2024-05-10 10:50:51',0,'0000-00-00 00:00:00',0,'0000-00-00 00:00:00',0,0,0),(1126,33,'Does JuJu have good juju?','2024-05-10 10:50:51',2,'2024-05-10 10:50:51',0,'0000-00-00 00:00:00',0,'0000-00-00 00:00:00',0,0,0),(1127,33,'Petrus , check out last week\'s South Africa photo highlights!  ','2024-05-10 10:50:51',2,'2024-05-10 10:50:51',0,'0000-00-00 00:00:00',0,'0000-00-00 00:00:00',0,0,0),(1128,5,'feng contact person','2024-05-10 10:51:01',2,'2024-05-10 10:51:01',2,'0000-00-00 00:00:00',0,'0000-00-00 00:00:00',0,419,7200),(1129,5,'riana netcash accees to be redoen ask Persia','2024-05-10 11:01:31',2,'2024-05-13 10:13:37',2,'0000-00-00 00:00:00',0,'0000-00-00 00:00:00',0,419,7200),(1130,33,'Folder shared with you: \"ye 2022\"','2024-05-10 11:10:59',2,'2024-05-10 11:10:59',0,'0000-00-00 00:00:00',0,'0000-00-00 00:00:00',0,0,0),(1131,33,'Sage Customer Services Team Query Resolved - KEL0117/HD16517274','2024-05-10 11:11:00',2,'2024-05-10 11:11:00',0,'0000-00-00 00:00:00',0,'0000-00-00 00:00:00',0,0,0),(1132,33,'Sage Customer Services Team Query Resolved - KEL0117/HD16517274','2024-05-10 11:26:01',2,'2024-05-10 11:26:01',0,'0000-00-00 00:00:00',0,'0000-00-00 00:00:00',0,0,0),(1133,33,'STANLIB: Online Platform Successful Log In','2024-05-10 11:45:52',2,'2024-05-10 11:45:52',0,'0000-00-00 00:00:00',0,'0000-00-00 00:00:00',0,0,0),(1134,33,'ID NO:58','2024-05-10 12:00:56',2,'2024-05-10 12:00:56',0,'0000-00-00 00:00:00',0,'0000-00-00 00:00:00',0,0,0),(1135,33,'Age Analysis','2024-05-10 12:00:56',2,'2024-05-10 12:00:56',0,'0000-00-00 00:00:00',0,'0000-00-00 00:00:00',0,0,0),(1136,33,'Election blow for Zuma in ConCourt','2024-05-10 12:20:55',2,'2024-05-10 12:20:55',0,'0000-00-00 00:00:00',0,'0000-00-00 00:00:00',0,0,0),(1137,33,'GrayIssue | Introducing the Orbis SICAV Global Cautious Fund','2024-05-10 12:20:56',2,'2024-05-10 12:20:56',0,'0000-00-00 00:00:00',0,'0000-00-00 00:00:00',0,0,0),(1138,33,'Fwd: ID NO:58','2024-05-10 12:27:14',2,'2024-05-10 12:27:16',2,'0000-00-00 00:00:00',0,'0000-00-00 00:00:00',0,419,7200),(1139,6,'ANNUAL PORTFOLIO UPDATE.pdf','2024-05-10 12:27:28',2,'2024-05-10 12:27:28',2,'0000-00-00 00:00:00',0,'0000-00-00 00:00:00',0,419,7200),(1140,17,'','2024-05-10 12:27:28',2,'2024-05-10 12:27:28',2,'0000-00-00 00:00:00',0,'0000-00-00 00:00:00',0,419,7200),(1141,5,'Age Analysis','2024-05-10 12:27:46',2,'2024-05-10 12:27:46',2,'0000-00-00 00:00:00',0,'0000-00-00 00:00:00',0,419,7200),(1142,33,'Fwd: Folder shared with you: \"ye 2022\"','2024-05-10 12:29:14',2,'2024-05-10 12:29:16',2,'0000-00-00 00:00:00',0,'0000-00-00 00:00:00',0,419,7200),(1143,33,'Riff Distribution Services','2024-05-10 12:50:54',2,'2024-05-10 12:50:54',0,'0000-00-00 00:00:00',0,'0000-00-00 00:00:00',0,0,0),(1144,33,'Buy One Get One Fossil Watch Free','2024-05-10 12:50:54',2,'2024-05-10 12:50:54',0,'0000-00-00 00:00:00',0,'0000-00-00 00:00:00',0,0,0),(1145,33,'Welgelegen BC: Parking Rental - Unit 603','2024-05-10 12:50:55',2,'2024-05-10 12:50:55',0,'0000-00-00 00:00:00',0,'0000-00-00 00:00:00',0,0,0),(1146,33,'Welgelegen BC: Unit 606 - Renovations inside unit','2024-05-10 12:50:56',2,'2024-05-10 12:50:56',0,'0000-00-00 00:00:00',0,'0000-00-00 00:00:00',0,0,0),(1147,6,'SKM_C3320i24051012210.pdf','2024-05-10 12:50:56',2,'2024-05-10 12:50:56',0,'0000-00-00 00:00:00',0,'0000-00-00 00:00:00',0,0,0),(1148,17,'','2024-05-10 12:50:56',2,'2024-05-10 12:50:56',0,'0000-00-00 00:00:00',0,'0000-00-00 00:00:00',0,0,0),(1149,33,'Welgelegen BC: Unit 606 - Window Replacement','2024-05-10 12:50:57',2,'2024-05-10 12:50:57',0,'0000-00-00 00:00:00',0,'0000-00-00 00:00:00',0,0,0),(1150,6,'SKM_C3320i24051011080.pdf','2024-05-10 12:50:57',2,'2024-05-10 12:50:57',0,'0000-00-00 00:00:00',0,'0000-00-00 00:00:00',0,0,0),(1151,17,'','2024-05-10 12:50:57',2,'2024-05-10 12:50:57',0,'0000-00-00 00:00:00',0,'0000-00-00 00:00:00',0,0,0),(1152,33,'Discovery Document for peet@mypiggy.co.za. Please Review and Sign.','2024-05-10 13:05:56',2,'2024-05-10 13:05:56',0,'0000-00-00 00:00:00',0,'0000-00-00 00:00:00',0,0,0),(1153,33,'FW: Compensation Fund Electronic Invoice','2024-05-10 13:05:58',2,'2024-05-10 13:05:58',0,'0000-00-00 00:00:00',0,'0000-00-00 00:00:00',0,0,0),(1154,6,'Compensation Fund Electronic Invoice.pdf','2024-05-10 13:05:58',2,'2024-05-10 13:05:58',0,'0000-00-00 00:00:00',0,'0000-00-00 00:00:00',0,0,0),(1155,17,'','2024-05-10 13:05:58',2,'2024-05-10 13:05:58',0,'0000-00-00 00:00:00',0,'0000-00-00 00:00:00',0,0,0),(1156,33,'Board Digest for the Board meetings held in April 2024','2024-05-10 13:55:57',2,'2024-05-10 13:55:57',0,'0000-00-00 00:00:00',0,'0000-00-00 00:00:00',0,0,0),(1157,33,'Forex Rates','2024-05-10 14:11:00',2,'2024-05-10 14:11:00',0,'0000-00-00 00:00:00',0,'0000-00-00 00:00:00',0,0,0),(1158,33,'Restart Your Membership!','2024-05-10 14:11:01',2,'2024-05-10 14:11:01',0,'0000-00-00 00:00:00',0,'0000-00-00 00:00:00',0,0,0),(1159,16,'Feng Office Support','2024-05-10 14:17:21',2,'2024-05-10 14:18:29',1159,'0000-00-00 00:00:00',0,'0000-00-00 00:00:00',0,419,7200),(1160,33,'Don\'t Forget Your Mom | Buy 1 Get 1 Free on selected Fossil Watches','2024-05-10 14:25:54',2,'2024-05-10 14:25:54',0,'0000-00-00 00:00:00',0,'0000-00-00 00:00:00',0,0,0),(1161,33,'Turn Your Living Room into Your Personal Cinema: Discover Amazing Offers on Smart TVs at Makro!','2024-05-10 14:41:07',2,'2024-05-10 14:41:07',0,'0000-00-00 00:00:00',0,'0000-00-00 00:00:00',0,0,0),(1162,33,'Your Premium payment failed !','2024-05-10 14:55:55',2,'2024-05-10 14:55:55',0,'0000-00-00 00:00:00',0,'0000-00-00 00:00:00',0,0,0),(1163,33,'Pass AI-detectors  ️‍♂️','2024-05-10 15:30:54',2,'2024-05-10 15:30:54',0,'0000-00-00 00:00:00',0,'0000-00-00 00:00:00',0,0,0),(1164,33,'Account','2024-05-10 15:30:55',2,'2024-05-10 15:30:55',0,'0000-00-00 00:00:00',0,'0000-00-00 00:00:00',0,0,0),(1165,33,'DirectAxis 5% Fixed Flexible Loans/','2024-05-10 15:30:56',2,'2024-05-10 15:30:56',0,'0000-00-00 00:00:00',0,'0000-00-00 00:00:00',0,0,0),(1166,33,'BCI Boutiques on Wednesdays | Retrospective of the BCI Global Conference 2024','2024-05-10 15:45:50',2,'2024-05-10 15:45:50',0,'0000-00-00 00:00:00',0,'0000-00-00 00:00:00',0,0,0),(1167,33,'Security alert','2024-05-10 15:45:50',2,'2024-05-10 15:45:50',0,'0000-00-00 00:00:00',0,'0000-00-00 00:00:00',0,0,0),(1168,33,'Sage collection emails','2024-05-10 17:05:55',2,'2024-05-10 17:05:55',0,'0000-00-00 00:00:00',0,'0000-00-00 00:00:00',0,0,0),(1169,33,'Window seal and service','2024-05-10 17:20:50',2,'2024-05-10 17:20:50',0,'0000-00-00 00:00:00',0,'0000-00-00 00:00:00',0,0,0),(1170,33,'Your monthly Allan Gray and Orbis factsheets','2024-05-10 17:20:50',2,'2024-05-10 17:20:50',0,'0000-00-00 00:00:00',0,'0000-00-00 00:00:00',0,0,0),(1171,33,'','2024-05-10 17:50:51',2,'2024-05-10 17:50:51',0,'0000-00-00 00:00:00',0,'0000-00-00 00:00:00',0,0,0),(1172,33,'UPDATES TO CONTACT DETAILS & SERVICE LEVEL AGREEMENTS','2024-05-10 18:05:54',2,'2024-05-10 18:05:54',0,'0000-00-00 00:00:00',0,'0000-00-00 00:00:00',0,0,0),(1173,33,'Increase Your Online Visibility with Our Expert Digital Strategies!','2024-05-10 20:05:58',2,'2024-05-10 20:05:58',0,'0000-00-00 00:00:00',0,'0000-00-00 00:00:00',0,0,0),(1174,33,'Vous avez été sélectionné pour le Ensemble 3 pièces Parkside!','2024-05-10 22:55:53',2,'2024-05-10 22:55:53',0,'0000-00-00 00:00:00',0,'0000-00-00 00:00:00',0,0,0),(1175,33,'Esquire\'s Winter Sale #5','2024-05-10 22:55:54',2,'2024-05-10 22:55:54',0,'0000-00-00 00:00:00',0,'0000-00-00 00:00:00',0,0,0),(1176,33,'RE: FW: Display of resident artists\' work in the Hall','2024-05-11 00:15:50',2,'2024-05-11 00:15:50',0,'0000-00-00 00:00:00',0,'0000-00-00 00:00:00',0,0,0),(1177,33,'Your Compensation!','2024-05-11 03:30:50',2,'2024-05-11 03:30:50',0,'0000-00-00 00:00:00',0,'0000-00-00 00:00:00',0,0,0),(1178,33,'Get serious about Gauteng’s future','2024-05-11 04:00:48',2,'2024-05-11 04:00:49',0,'0000-00-00 00:00:00',0,'0000-00-00 00:00:00',0,0,0),(1179,33,'DirectAxis 5% Fixed Flexible Loans_','2024-05-11 04:45:54',2,'2024-05-11 04:45:54',0,'0000-00-00 00:00:00',0,'0000-00-00 00:00:00',0,0,0),(1180,33,'','2024-05-11 04:58:23',2,'2024-05-11 04:58:23',0,'0000-00-00 00:00:00',0,'0000-00-00 00:00:00',0,0,0),(1181,5,'FENG RENEWAL IN JANUARY EACH YEAR','2024-05-11 05:00:46',2,'2024-05-11 05:00:46',2,'0000-00-00 00:00:00',0,'0000-00-00 00:00:00',0,419,7200),(1182,5,'UPDATES TO CONTACT DETAILS & SERVICE LEVEL AGREEMENTS','2024-05-11 05:01:34',2,'2024-05-11 05:01:34',2,'0000-00-00 00:00:00',0,'0000-00-00 00:00:00',0,419,7200),(1183,16,'','2024-05-11 05:09:59',2,'2024-05-11 05:09:59',2,'0000-00-00 00:00:00',0,'0000-00-00 00:00:00',0,419,7200),(1184,33,'issue with Debtors Managememnt Module','2024-05-11 05:09:59',2,'2024-05-11 05:17:14',2,'0000-00-00 00:00:00',0,'0000-00-00 00:00:00',0,419,7200),(1185,33,'Ending soon! Take 20% off Everything. ⚡️','2024-05-11 05:15:21',2,'2024-05-11 05:15:21',0,'0000-00-00 00:00:00',0,'0000-00-00 00:00:00',0,0,0),(1186,33,'Fwd: FW: Compensation Fund Electronic Invoice','2024-05-11 05:22:00',2,'2024-05-11 05:22:03',2,'0000-00-00 00:00:00',0,'0000-00-00 00:00:00',0,419,7200),(1187,5,'Riff Distribution Services','2024-05-11 05:22:32',2,'2024-05-11 05:22:32',2,'0000-00-00 00:00:00',0,'0000-00-00 00:00:00',0,419,7200),(1188,33,'Fwd: Welgelegen BC: Parking Rental - Unit 603','2024-05-11 05:22:54',2,'2024-05-11 05:22:56',2,'0000-00-00 00:00:00',0,'0000-00-00 00:00:00',0,419,7200),(1189,33,'Re: Welgelegen BC: Unit 606 - Window Replacement','2024-05-11 05:25:37',2,'2024-05-11 05:28:59',2,'0000-00-00 00:00:00',0,'0000-00-00 00:00:00',0,419,7200),(1190,33,'Automatic Response: Sage Customer Services - [ HD16518082 ] - issue with Debtors Managememnt Module','2024-05-11 05:30:19',2,'2024-05-11 05:30:19',0,'0000-00-00 00:00:00',0,'0000-00-00 00:00:00',0,0,0),(1191,33,'Re: Welgelegen BC: Unit 606 - Renovations inside unit','2024-05-11 05:31:00',2,'2024-05-11 05:32:00',2,'0000-00-00 00:00:00',0,'0000-00-00 00:00:00',0,419,7200),(1192,33,'','2024-05-11 06:17:45',2,'2024-05-11 06:17:45',2,'0000-00-00 00:00:00',0,'0000-00-00 00:00:00',0,419,7200),(1193,6,'0099.review38.HULLEY.mar2024.pdf','2024-05-11 06:18:06',2,'2024-05-11 06:19:23',2,'0000-00-00 00:00:00',0,'0000-00-00 00:00:00',0,419,7200),(1194,17,'','2024-05-11 06:18:06',2,'2024-05-11 06:18:06',2,'0000-00-00 00:00:00',0,'0000-00-00 00:00:00',0,419,7200),(1195,33,'Investment Report','2024-05-11 06:19:13',2,'2024-05-11 06:19:25',2,'0000-00-00 00:00:00',0,'0000-00-00 00:00:00',0,419,7200),(1196,33,'SARS efile and customs','2024-05-11 06:22:32',2,'2024-05-11 06:22:34',2,'0000-00-00 00:00:00',0,'0000-00-00 00:00:00',0,419,7200),(1197,33,'Generated OTP To Open Letter Of Good Standing','2024-05-11 06:47:10',2,'2024-05-11 06:47:10',2,'0000-00-00 00:00:00',0,'0000-00-00 00:00:00',0,419,7200),(1198,33,'','2024-05-11 06:50:55',2,'2024-05-11 06:50:55',0,'0000-00-00 00:00:00',0,'0000-00-00 00:00:00',0,0,0),(1199,6,'0822.logs.bue.20250430.pdf','2024-05-11 06:54:15',2,'2024-05-11 06:55:02',2,'0000-00-00 00:00:00',0,'0000-00-00 00:00:00',0,419,7200),(1200,17,'','2024-05-11 06:54:15',2,'2024-05-11 06:54:15',2,'0000-00-00 00:00:00',0,'0000-00-00 00:00:00',0,419,7200),(1201,16,'','2024-05-11 06:55:02',2,'2024-05-11 06:55:02',2,'0000-00-00 00:00:00',0,'0000-00-00 00:00:00',0,419,7200),(1202,33,'Letter of Good Standing','2024-05-11 06:55:02',2,'2024-05-11 06:55:04',2,'0000-00-00 00:00:00',0,'0000-00-00 00:00:00',0,419,7200),(1203,33,'','2024-05-11 06:55:11',2,'2024-05-11 06:55:11',2,'0000-00-00 00:00:00',0,'0000-00-00 00:00:00',0,419,7200),(1204,6,'PJJJJSig.jpg','2024-05-11 06:55:19',2,'2024-05-11 06:55:19',2,'0000-00-00 00:00:00',0,'0000-00-00 00:00:00',0,419,7200),(1205,17,'','2024-05-11 06:55:19',2,'2024-05-11 06:55:19',2,'0000-00-00 00:00:00',0,'0000-00-00 00:00:00',0,419,7200),(1206,33,'','2024-05-11 07:12:13',2,'2024-05-11 07:12:13',2,'0000-00-00 00:00:00',0,'0000-00-00 00:00:00',0,419,7200),(1207,6,'0960.SPA PROFESSIONALS CC.DRAFT Financials - 2024.pdf','2024-05-11 07:12:23',2,'2024-05-11 07:13:26',2,'0000-00-00 00:00:00',0,'0000-00-00 00:00:00',0,419,7200),(1208,17,'','2024-05-11 07:12:23',2,'2024-05-11 07:12:23',2,'0000-00-00 00:00:00',0,'0000-00-00 00:00:00',0,419,7200),(1209,16,'','2024-05-11 07:13:26',2,'2024-05-11 07:13:26',2,'0000-00-00 00:00:00',0,'0000-00-00 00:00:00',0,419,7200),(1210,33,'SPA Financials','2024-05-11 07:13:26',2,'2024-05-11 07:13:29',2,'0000-00-00 00:00:00',0,'0000-00-00 00:00:00',0,419,7200),(1211,33,'Fwd: FW: Statement please :)','2024-05-11 07:34:27',2,'2024-05-11 07:34:29',2,'0000-00-00 00:00:00',0,'0000-00-00 00:00:00',0,419,7200),(1212,33,'','2024-05-11 08:10:51',2,'2024-05-11 08:10:51',0,'0000-00-00 00:00:00',0,'0000-00-00 00:00:00',0,0,0),(1213,33,'MTN Documents','2024-05-11 08:10:53',2,'2024-05-11 08:10:53',0,'0000-00-00 00:00:00',0,'0000-00-00 00:00:00',0,0,0),(1214,33,'MTN Documents','2024-05-11 08:10:53',2,'2024-05-11 08:10:53',0,'0000-00-00 00:00:00',0,'0000-00-00 00:00:00',0,0,0),(1215,33,'Job Alert from CareerJunction','2024-05-11 08:40:49',2,'2024-05-11 08:40:49',0,'0000-00-00 00:00:00',0,'0000-00-00 00:00:00',0,0,0),(1216,16,'','2024-05-11 09:30:20',2,'2024-05-11 09:30:20',2,'0000-00-00 00:00:00',0,'0000-00-00 00:00:00',0,419,7200),(1217,33,'Fwd: MTN Documents','2024-05-11 09:30:20',2,'2024-05-11 09:30:22',2,'0000-00-00 00:00:00',0,'0000-00-00 00:00:00',0,419,7200),(1218,16,'','2024-05-11 09:31:02',2,'2024-05-11 09:31:02',2,'0000-00-00 00:00:00',0,'0000-00-00 00:00:00',0,419,7200),(1219,33,'Fwd: MTN Documents','2024-05-11 09:31:02',2,'2024-05-11 09:31:04',2,'0000-00-00 00:00:00',0,'0000-00-00 00:00:00',0,419,7200),(1220,33,'Files ready to be approved for Company: KELLOCK MANAGEMENT CONSULTANTS CC  (Company ID: 383965)','2024-05-11 09:50:31',2,'2024-05-11 09:50:31',2,'0000-00-00 00:00:00',0,'0000-00-00 00:00:00',0,419,7200),(1221,33,'','2024-05-11 09:50:33',2,'2024-05-11 09:50:33',2,'0000-00-00 00:00:00',0,'0000-00-00 00:00:00',0,419,7200),(1222,33,'last week stock results','2024-05-11 09:51:23',2,'2024-05-11 09:51:47',2,'0000-00-00 00:00:00',0,'0000-00-00 00:00:00',0,419,7200),(1223,6,'0960.stocktake.spa.variances.20240502.pdf','2024-05-11 09:51:32',2,'2024-05-11 09:51:44',2,'0000-00-00 00:00:00',0,'0000-00-00 00:00:00',0,419,7200),(1224,17,'','2024-05-11 09:51:32',2,'2024-05-11 09:51:32',2,'0000-00-00 00:00:00',0,'0000-00-00 00:00:00',0,419,7200),(1225,33,'missing PP recons','2024-05-11 10:24:39',2,'2024-05-11 10:26:34',2,'0000-00-00 00:00:00',0,'0000-00-00 00:00:00',0,419,7200),(1226,33,'N NATHAN','2024-05-11 11:11:44',2,'2024-05-11 11:12:06',2,'0000-00-00 00:00:00',0,'0000-00-00 00:00:00',0,419,7200),(1227,33,'newco','2024-05-11 11:15:05',2,'2024-05-11 11:15:31',2,'0000-00-00 00:00:00',0,'0000-00-00 00:00:00',0,419,7200),(1228,33,'Important: Your Package Could Not Be Delivered!','2024-05-11 11:15:40',2,'2024-05-11 11:15:40',2,'0000-00-00 00:00:00',0,'0000-00-00 00:00:00',0,419,7200),(1229,33,'dermafix','2024-05-11 11:19:22',2,'2024-05-11 11:19:24',2,'0000-00-00 00:00:00',0,'0000-00-00 00:00:00',0,419,7200),(1230,33,'Fwd: FW: Invoices From Sastel: 011713, 011714','2024-05-11 11:22:05',2,'2024-05-11 11:22:08',2,'0000-00-00 00:00:00',0,'0000-00-00 00:00:00',0,419,7200),(1231,33,'dermafix invoices','2024-05-11 11:26:29',2,'2024-05-11 11:26:31',2,'0000-00-00 00:00:00',0,'0000-00-00 00:00:00',0,419,7200),(1232,33,'You have a new friend suggestion: Dan Meyer.','2024-05-11 11:45:53',2,'2024-05-11 11:45:53',0,'0000-00-00 00:00:00',0,'0000-00-00 00:00:00',0,0,0),(1233,33,'','2024-05-11 12:00:51',2,'2024-05-11 12:00:51',0,'0000-00-00 00:00:00',0,'0000-00-00 00:00:00',0,0,0),(1234,33,'Your package is ready','2024-05-11 12:15:52',2,'2024-05-11 12:15:52',0,'0000-00-00 00:00:00',0,'0000-00-00 00:00:00',0,0,0),(1235,33,'Activate Advance Settlement','2024-05-11 12:15:52',2,'2024-05-11 12:15:52',0,'0000-00-00 00:00:00',0,'0000-00-00 00:00:00',0,0,0),(1236,33,'Logged Message uifrefno : 00315687.163','2024-05-11 13:00:52',2,'2024-05-11 13:00:52',0,'0000-00-00 00:00:00',0,'0000-00-00 00:00:00',0,0,0),(1237,33,'Due task reminder: riana netcash accees to be redoen ask Persia','2024-05-11 16:00:50',2,'2024-05-11 16:00:50',0,'0000-00-00 00:00:00',0,'0000-00-00 00:00:00',0,0,0),(1238,33,'Due task reminder: 1279 - to pay coda','2024-05-11 16:00:50',2,'2024-05-11 16:00:50',0,'0000-00-00 00:00:00',0,'0000-00-00 00:00:00',0,0,0),(1239,33,'Coming Monday, May 13th... Adagio','2024-05-11 16:00:51',2,'2024-05-11 16:00:51',0,'0000-00-00 00:00:00',0,'0000-00-00 00:00:00',0,0,0),(1240,33,'','2024-05-11 19:10:50',2,'2024-05-11 19:10:50',0,'0000-00-00 00:00:00',0,'0000-00-00 00:00:00',0,0,0),(1241,6,'PRICE CHEC_2024_5_11_11_45_44_80525.pdf','2024-05-12 04:26:52',2,'2024-05-13 04:46:50',2,'0000-00-00 00:00:00',0,'0000-00-00 00:00:00',0,419,7200),(1242,17,'','2024-05-12 04:26:53',2,'2024-05-12 04:26:53',2,'0000-00-00 00:00:00',0,'0000-00-00 00:00:00',0,419,7200),(1243,33,'price check','2024-05-12 04:27:40',2,'2024-05-12 04:27:42',2,'0000-00-00 00:00:00',0,'0000-00-00 00:00:00',0,419,7200),(1244,5,'gert to courier books and advise on laptop','2024-05-12 04:28:17',2,'2024-05-12 04:28:17',2,'0000-00-00 00:00:00',0,'0000-00-00 00:00:00',0,419,7200),(1245,33,'CIPC Disclosure Document: K2014085635','2024-05-12 04:36:57',2,'2024-05-12 04:38:28',2,'0000-00-00 00:00:00',0,'0000-00-00 00:00:00',0,419,7200),(1246,33,'','2024-05-12 04:36:59',2,'2024-05-12 04:38:28',2,'0000-00-00 00:00:00',0,'0000-00-00 00:00:00',0,419,7200),(1247,1,'1292 - Sheermontana','2024-05-12 04:37:09',2,'2024-05-12 04:37:42',2,'0000-00-00 00:00:00',0,'0000-00-00 00:00:00',0,419,7200),(1248,6,'1292.resolution.beneficial ownership.SHEERMONTANA.20240513.docx','2024-05-12 04:38:28',2,'2024-05-12 04:47:10',2,'0000-00-00 00:00:00',0,'0000-00-00 00:00:00',0,419,7200),(1249,17,'','2024-05-12 04:38:28',2,'2024-05-12 04:38:28',2,'0000-00-00 00:00:00',0,'0000-00-00 00:00:00',0,419,7200),(1250,6,'1292.sheermontana.discl.20240512.pdf','2024-05-12 04:41:16',2,'2024-05-12 04:41:16',2,'0000-00-00 00:00:00',0,'0000-00-00 00:00:00',0,419,7200),(1251,17,'','2024-05-12 04:41:16',2,'2024-05-12 04:41:16',2,'0000-00-00 00:00:00',0,'0000-00-00 00:00:00',0,419,7200),(1252,33,'sheermontana','2024-05-12 04:42:38',2,'2024-05-12 04:47:12',2,'0000-00-00 00:00:00',0,'0000-00-00 00:00:00',0,419,7200),(1253,33,'Re: a new staff member','2024-05-12 04:56:47',2,'2024-05-12 04:56:48',2,'0000-00-00 00:00:00',0,'0000-00-00 00:00:00',0,419,7200),(1254,33,'Screw Mother’s Day.','2024-05-12 05:08:29',2,'2024-05-12 05:08:29',0,'0000-00-00 00:00:00',0,'0000-00-00 00:00:00',0,0,0),(1255,33,'Generated OTP To Open Letter Of Good Standing','2024-05-12 05:33:47',2,'2024-05-12 05:33:47',2,'0000-00-00 00:00:00',0,'0000-00-00 00:00:00',0,419,7200),(1256,33,'Re','2024-05-12 06:25:54',2,'2024-05-12 06:25:54',0,'0000-00-00 00:00:00',0,'0000-00-00 00:00:00',0,0,0),(1257,33,'Malema\'s quest for #2','2024-05-12 07:25:51',2,'2024-05-12 07:25:51',0,'0000-00-00 00:00:00',0,'0000-00-00 00:00:00',0,0,0),(1258,33,'Audit 2022','2024-05-12 10:09:48',2,'2024-05-13 06:25:58',2,'0000-00-00 00:00:00',0,'0000-00-00 00:00:00',0,419,7200),(1259,33,'Due task reminder: Welgelegen Garden Committee: Garden Expenses','2024-05-12 10:40:56',2,'2024-05-12 10:40:56',0,'0000-00-00 00:00:00',0,'0000-00-00 00:00:00',0,0,0),(1260,33,'Take Action. Final registration for August 2024 CFA exam closes 14 May','2024-05-12 13:15:56',2,'2024-05-12 13:15:56',0,'0000-00-00 00:00:00',0,'0000-00-00 00:00:00',0,0,0),(1261,33,'Logged Message uifrefno : 03047326.096','2024-05-12 15:15:50',2,'2024-05-12 15:15:50',0,'0000-00-00 00:00:00',0,'0000-00-00 00:00:00',0,0,0),(1262,33,'Logged Message uifrefno : 03047326.097','2024-05-12 15:15:51',2,'2024-05-12 15:15:51',0,'0000-00-00 00:00:00',0,'0000-00-00 00:00:00',0,0,0),(1263,33,'Due task reminder: Welgelegen Body Corporate: Manager - Letter of Resignation','2024-05-12 16:01:09',2,'2024-05-12 16:01:09',0,'0000-00-00 00:00:00',0,'0000-00-00 00:00:00',0,0,0),(1264,33,'Due task reminder: RE: SOUTHBROOM ELITE CC - CIPC Records.','2024-05-12 16:01:10',2,'2024-05-12 16:01:10',0,'0000-00-00 00:00:00',0,'0000-00-00 00:00:00',0,0,0),(1265,33,'Due task reminder: Age Analysis','2024-05-12 16:01:10',2,'2024-05-12 16:01:10',0,'0000-00-00 00:00:00',0,'0000-00-00 00:00:00',0,0,0),(1266,33,'Due task reminder: feng contact person','2024-05-12 16:01:10',2,'2024-05-12 16:01:10',0,'0000-00-00 00:00:00',0,'0000-00-00 00:00:00',0,0,0),(1267,33,'Due task reminder: sage contact person','2024-05-12 16:01:10',2,'2024-05-12 16:01:10',0,'0000-00-00 00:00:00',0,'0000-00-00 00:00:00',0,0,0),(1268,33,'Due task reminder: 1040 - megan task list see below','2024-05-12 16:01:10',2,'2024-05-12 16:01:10',0,'0000-00-00 00:00:00',0,'0000-00-00 00:00:00',0,0,0),(1269,33,'[ HD16518082 ] - issue with Debtors Managememnt Module','2024-05-12 20:00:54',2,'2024-05-12 20:00:54',0,'0000-00-00 00:00:00',0,'0000-00-00 00:00:00',0,0,0),(1270,33,'Instant Two-Way Language Translator','2024-05-12 20:15:52',2,'2024-05-12 20:15:52',0,'0000-00-00 00:00:00',0,'0000-00-00 00:00:00',0,0,0),(1271,33,'Hi','2024-05-12 20:15:52',2,'2024-05-12 20:15:52',0,'0000-00-00 00:00:00',0,'0000-00-00 00:00:00',0,0,0),(1272,33,'RE: You have one (1) order pending delivery.','2024-05-12 20:15:54',2,'2024-05-12 20:15:54',0,'0000-00-00 00:00:00',0,'0000-00-00 00:00:00',0,0,0),(1273,33,'Logged Message uifrefno : 18055629.034','2024-05-12 20:45:48',2,'2024-05-12 20:45:48',0,'0000-00-00 00:00:00',0,'0000-00-00 00:00:00',0,0,0),(1274,33,'Natural extension is changing the game!','2024-05-12 20:45:48',2,'2024-05-12 20:45:48',0,'0000-00-00 00:00:00',0,'0000-00-00 00:00:00',0,0,0),(1275,33,'SARS eFiling SARS IT Assessment (EMP222)','2024-05-12 21:00:53',2,'2024-05-12 21:00:53',0,'0000-00-00 00:00:00',0,'0000-00-00 00:00:00',0,0,0),(1276,33,'RE: You have one (1) order pending delivery.','2024-05-12 21:30:50',2,'2024-05-12 21:30:50',0,'0000-00-00 00:00:00',0,'0000-00-00 00:00:00',0,0,0),(1277,33,'Your personal data has leaked due to suspected harmful activities.','2024-05-12 22:45:51',2,'2024-05-12 22:45:51',0,'0000-00-00 00:00:00',0,'0000-00-00 00:00:00',0,0,0),(1278,33,'MEA Management Consulting Services - Market Share Analysis, Industry Trends & Statistics, Growth Forecasts 2019 - 2029','2024-05-13 01:45:57',2,'2024-05-13 01:45:57',0,'0000-00-00 00:00:00',0,'0000-00-00 00:00:00',0,0,0),(1279,33,'Thank you for choosing us,','2024-05-13 02:00:48',2,'2024-05-13 02:00:48',0,'0000-00-00 00:00:00',0,'0000-00-00 00:00:00',0,0,0),(1280,33,'New Sales Leads PLUS CRM Platform','2024-05-13 03:05:49',2,'2024-05-13 03:05:49',0,'0000-00-00 00:00:00',0,'0000-00-00 00:00:00',0,0,0),(1281,33,'Phoenix Durban’s tough election choices','2024-05-13 04:10:49',2,'2024-05-13 04:10:49',0,'0000-00-00 00:00:00',0,'0000-00-00 00:00:00',0,0,0),(1282,33,'RE: dermafix invoices','2024-05-13 04:45:49',2,'2024-05-13 04:45:49',0,'0000-00-00 00:00:00',0,'0000-00-00 00:00:00',0,0,0),(1283,6,'DERMAFIX INV 0300.pub','2024-05-13 04:45:49',2,'2024-05-13 04:45:49',0,'0000-00-00 00:00:00',0,'0000-00-00 00:00:00',0,0,0),(1284,17,'','2024-05-13 04:45:49',2,'2024-05-13 04:45:49',0,'0000-00-00 00:00:00',0,'0000-00-00 00:00:00',0,0,0),(1285,6,'DERMAFIX INV 0301.pub','2024-05-13 04:45:49',2,'2024-05-13 04:45:49',0,'0000-00-00 00:00:00',0,'0000-00-00 00:00:00',0,0,0),(1286,17,'','2024-05-13 04:45:49',2,'2024-05-13 04:45:49',0,'0000-00-00 00:00:00',0,'0000-00-00 00:00:00',0,0,0),(1287,33,'RE: price check','2024-05-13 04:45:49',2,'2024-05-13 04:45:49',0,'0000-00-00 00:00:00',0,'0000-00-00 00:00:00',0,0,0),(1288,33,'RE: last week stock results','2024-05-13 04:45:50',2,'2024-05-13 04:45:50',0,'0000-00-00 00:00:00',0,'0000-00-00 00:00:00',0,0,0),(1289,33,'Fwd: RE: dermafix invoices','2024-05-13 04:46:14',2,'2024-05-13 04:46:16',2,'0000-00-00 00:00:00',0,'0000-00-00 00:00:00',0,419,7200),(1290,33,'RE: price check','2024-05-13 04:46:50',2,'2024-05-13 04:46:52',2,'0000-00-00 00:00:00',0,'0000-00-00 00:00:00',0,419,7200),(1291,16,'','2024-05-13 04:53:09',2,'2024-05-13 04:53:09',2,'0000-00-00 00:00:00',0,'0000-00-00 00:00:00',0,419,7200),(1292,33,'Re: [ HD16518082 ] - issue with Debtors Managememnt Module','2024-05-13 04:53:09',2,'2024-05-13 04:53:11',2,'0000-00-00 00:00:00',0,'0000-00-00 00:00:00',0,419,7200),(1293,33,'SARS eFiling EMP Statement of Account Issued','2024-05-13 04:53:47',2,'2024-05-13 04:53:47',2,'0000-00-00 00:00:00',0,'0000-00-00 00:00:00',0,419,7200),(1294,33,'Automatic Response: Sage Customer Services - [ HD16518082 ] - Re: [ HD16518082 ] - issue with Debtors Managememn','2024-05-13 04:56:07',2,'2024-05-13 04:56:07',2,'0000-00-00 00:00:00',0,'0000-00-00 00:00:00',0,419,7200),(1295,33,'Generated OTP To Open Letter Of Good Standing','2024-05-13 04:56:07',2,'2024-05-13 04:56:07',2,'0000-00-00 00:00:00',0,'0000-00-00 00:00:00',0,419,7200),(1296,33,'','2024-05-13 05:00:54',2,'2024-05-13 05:00:54',0,'0000-00-00 00:00:00',0,'0000-00-00 00:00:00',0,0,0),(1297,33,'price list','2024-05-13 05:17:26',2,'2024-05-13 05:17:36',2,'0000-00-00 00:00:00',0,'0000-00-00 00:00:00',0,419,7200),(1298,33,'RE: SARS efile and customs','2024-05-13 05:18:27',2,'2024-05-13 05:18:27',0,'0000-00-00 00:00:00',0,'0000-00-00 00:00:00',0,0,0),(1299,16,'','2024-05-13 05:24:22',2,'2024-05-13 05:24:22',2,'0000-00-00 00:00:00',0,'0000-00-00 00:00:00',0,419,7200),(1300,33,'Fwd: Allan Gray Dokumente','2024-05-13 05:24:22',2,'2024-05-13 05:25:29',2,'0000-00-00 00:00:00',0,'0000-00-00 00:00:00',0,419,7200),(1301,6,'1246.LOGS.GREENSIDE.20250430.pdf','2024-05-13 05:26:10',2,'2024-05-13 05:26:49',2,'0000-00-00 00:00:00',0,'0000-00-00 00:00:00',0,419,7200),(1302,17,'','2024-05-13 05:26:10',2,'2024-05-13 05:26:10',2,'0000-00-00 00:00:00',0,'0000-00-00 00:00:00',0,419,7200),(1303,33,'LOGS','2024-05-13 05:26:49',2,'2024-05-13 05:26:51',2,'0000-00-00 00:00:00',0,'0000-00-00 00:00:00',0,419,7200),(1304,18,'','2024-05-13 05:27:28',2,'2024-05-13 05:36:35',2,'0000-00-00 00:00:00',0,'0000-00-00 00:00:00',0,419,7200),(1305,33,'Fwd: Allan Gray Dokumente','2024-05-13 05:29:13',2,'2024-05-13 05:29:16',2,'0000-00-00 00:00:00',0,'0000-00-00 00:00:00',0,419,7200),(1306,33,'Due task reminder: a new staff member','2024-05-13 05:35:30',2,'2024-05-13 05:35:30',0,'0000-00-00 00:00:00',0,'0000-00-00 00:00:00',0,0,0),(1307,33,'Allan Gray Auto Notification','2024-05-13 05:35:31',2,'2024-05-13 05:35:31',0,'0000-00-00 00:00:00',0,'0000-00-00 00:00:00',0,0,0),(1308,33,'Fwd: Welgelegen Garden Committee: Garden Expenses','2024-05-13 05:37:53',2,'2024-05-13 05:37:55',2,'0000-00-00 00:00:00',0,'0000-00-00 00:00:00',0,419,7200),(1309,33,'Fwd: RE: Welgelegen Garden Committee: Garden Expenses','2024-05-13 05:38:26',2,'2024-05-13 05:38:28',2,'0000-00-00 00:00:00',0,'0000-00-00 00:00:00',0,419,7200),(1310,33,'RE: price list','2024-05-13 05:50:28',2,'2024-05-13 05:50:28',0,'0000-00-00 00:00:00',0,'0000-00-00 00:00:00',0,0,0),(1311,6,'Price List 1 Jan 2024.pdf','2024-05-13 05:50:28',2,'2024-05-13 05:50:28',0,'0000-00-00 00:00:00',0,'0000-00-00 00:00:00',0,0,0),(1312,17,'','2024-05-13 05:50:28',2,'2024-05-13 05:50:28',0,'0000-00-00 00:00:00',0,'0000-00-00 00:00:00',0,0,0),(1313,33,'Fwd: RE: price list','2024-05-13 06:09:41',2,'2024-05-13 06:09:43',2,'0000-00-00 00:00:00',0,'0000-00-00 00:00:00',0,419,7200),(1314,33,'High olive oil prices expected to climb','2024-05-13 06:10:51',2,'2024-05-13 06:10:51',2,'0000-00-00 00:00:00',0,'0000-00-00 00:00:00',0,419,7200),(1315,33,'','2024-05-13 06:10:53',2,'2024-05-13 06:10:53',2,'0000-00-00 00:00:00',0,'0000-00-00 00:00:00',0,419,7200),(1316,33,'Municipality Invoices','2024-05-13 06:10:53',2,'2024-05-13 06:10:53',2,'0000-00-00 00:00:00',0,'0000-00-00 00:00:00',0,419,7200),(1317,33,'Re: Audit 2022','2024-05-13 06:10:53',2,'2024-05-13 06:25:58',2,'0000-00-00 00:00:00',0,'0000-00-00 00:00:00',0,419,7200),(1318,33,'wages 130524','2024-05-13 06:10:53',2,'2024-05-13 06:10:53',2,'0000-00-00 00:00:00',0,'0000-00-00 00:00:00',0,419,7200),(1319,33,'RE: N NATHAN','2024-05-13 06:10:54',2,'2024-05-13 06:10:54',2,'0000-00-00 00:00:00',0,'0000-00-00 00:00:00',0,419,7200),(1320,33,'RE: ups bank statement for mar and april','2024-05-13 06:10:54',2,'2024-05-13 06:10:54',2,'0000-00-00 00:00:00',0,'0000-00-00 00:00:00',0,419,7200),(1321,6,'STATEMENTS APRIL.zip','2024-05-13 06:10:54',2,'2024-05-13 06:10:54',2,'0000-00-00 00:00:00',0,'0000-00-00 00:00:00',0,419,7200),(1322,17,'','2024-05-13 06:10:54',2,'2024-05-13 06:10:54',2,'0000-00-00 00:00:00',0,'0000-00-00 00:00:00',0,419,7200),(1323,6,'1150.TaxCertificates.transamine.202402.pdf','2024-05-13 06:11:07',2,'2024-05-13 06:11:59',2,'0000-00-00 00:00:00',0,'0000-00-00 00:00:00',0,419,7200),(1324,17,'','2024-05-13 06:11:07',2,'2024-05-13 06:11:07',2,'0000-00-00 00:00:00',0,'0000-00-00 00:00:00',0,419,7200),(1325,33,'staff IRP5 certificates for 2024','2024-05-13 06:11:59',2,'2024-05-13 06:12:01',2,'0000-00-00 00:00:00',0,'0000-00-00 00:00:00',0,419,7200),(1326,33,'Fwd: Municipality Invoices','2024-05-13 06:12:43',2,'2024-05-13 06:12:45',2,'0000-00-00 00:00:00',0,'0000-00-00 00:00:00',0,419,7200),(1327,33,'Re: Audit 2022','2024-05-13 06:13:26',2,'2024-05-13 06:25:58',2,'0000-00-00 00:00:00',0,'0000-00-00 00:00:00',0,419,7200),(1328,33,'Fwd: wages 130524','2024-05-13 06:13:47',2,'2024-05-13 06:13:48',2,'0000-00-00 00:00:00',0,'0000-00-00 00:00:00',0,419,7200),(1329,5,'RE: N NATHAN','2024-05-13 06:14:03',2,'2024-05-13 06:14:03',2,'0000-00-00 00:00:00',0,'0000-00-00 00:00:00',0,419,7200),(1330,33,'Fwd: RE: ups bank statement for mar and april','2024-05-13 06:14:17',2,'2024-05-13 06:14:19',2,'0000-00-00 00:00:00',0,'0000-00-00 00:00:00',0,419,7200),(1331,33,'2-in-1 Laptops @UNIVERSE DIRECT','2024-05-13 06:14:28',2,'2024-05-13 06:14:28',2,'0000-00-00 00:00:00',0,'0000-00-00 00:00:00',0,419,7200),(1336,33,'','2024-05-13 06:19:26',2,'2024-05-13 06:19:29',2,'0000-00-00 00:00:00',0,'0000-00-00 00:00:00',0,419,7200),(1337,33,'Fwd: a new staff member','2024-05-13 06:21:37',2,'2024-05-13 06:21:40',2,'0000-00-00 00:00:00',0,'0000-00-00 00:00:00',0,419,7200),(1338,33,'Quote for road upgrade','2024-05-13 06:25:55',2,'2024-05-13 06:25:55',0,'0000-00-00 00:00:00',0,'0000-00-00 00:00:00',0,0,0),(1339,33,'Change in banking details received for Mr JAN VAN BLERK - account number AGRA868214','2024-05-13 06:25:56',2,'2024-05-13 06:25:56',0,'0000-00-00 00:00:00',0,'0000-00-00 00:00:00',0,0,0),(1340,33,'Introducing the Alpine Outdoor Collection ','2024-05-13 06:25:56',2,'2024-05-13 06:25:56',0,'0000-00-00 00:00:00',0,'0000-00-00 00:00:00',0,0,0),(1341,33,'Available Balance Notification','2024-05-13 06:25:56',2,'2024-05-13 06:25:56',0,'0000-00-00 00:00:00',0,'0000-00-00 00:00:00',0,0,0),(1342,33,'RE...','2024-05-13 06:25:56',2,'2024-05-13 06:25:56',0,'0000-00-00 00:00:00',0,'0000-00-00 00:00:00',0,0,0),(1343,33,'Payroll: Rollover completed for 1000 - Northern Wholesale Tiles CC','2024-05-13 06:25:58',2,'2024-05-13 06:25:58',0,'0000-00-00 00:00:00',0,'0000-00-00 00:00:00',0,0,0),(1344,33,'Re: Audit 2022','2024-05-13 06:25:58',2,'2024-05-13 06:25:58',0,'0000-00-00 00:00:00',0,'0000-00-00 00:00:00',0,0,0),(1345,33,'Re: Audit 2022','2024-05-13 06:25:58',2,'2024-05-13 06:25:58',0,'0000-00-00 00:00:00',0,'0000-00-00 00:00:00',0,0,0),(1346,33,'2024 FPI Professional\'s Convention - Navigating Transitions: Change Management Made Fun & Simple','2024-05-13 06:45:59',2,'2024-05-13 06:45:59',0,'0000-00-00 00:00:00',0,'0000-00-00 00:00:00',0,0,0),(1347,33,'','2024-05-13 06:46:00',2,'2024-05-13 06:46:00',0,'0000-00-00 00:00:00',0,'0000-00-00 00:00:00',0,0,0),(1348,33,'RE: missing PP recons','2024-05-13 06:46:00',2,'2024-05-13 06:46:00',0,'0000-00-00 00:00:00',0,'0000-00-00 00:00:00',0,0,0),(1349,6,'15.04.2024 60970.csv','2024-05-13 06:46:00',2,'2024-05-13 06:46:00',0,'0000-00-00 00:00:00',0,'0000-00-00 00:00:00',0,0,0),(1350,17,'','2024-05-13 06:46:00',2,'2024-05-13 06:46:00',0,'0000-00-00 00:00:00',0,'0000-00-00 00:00:00',0,0,0),(1351,6,'23.04.2024 61110.csv','2024-05-13 06:46:00',2,'2024-05-13 06:46:00',0,'0000-00-00 00:00:00',0,'0000-00-00 00:00:00',0,0,0),(1352,17,'','2024-05-13 06:46:00',2,'2024-05-13 06:46:00',0,'0000-00-00 00:00:00',0,'0000-00-00 00:00:00',0,0,0),(1353,6,'24.04.2024 61133.csv','2024-05-13 06:46:00',2,'2024-05-13 06:46:00',0,'0000-00-00 00:00:00',0,'0000-00-00 00:00:00',0,0,0),(1354,17,'','2024-05-13 06:46:00',2,'2024-05-13 06:46:00',0,'0000-00-00 00:00:00',0,'0000-00-00 00:00:00',0,0,0),(1355,33,'FW: Tanika Exam Leave - half day','2024-05-13 06:46:01',2,'2024-05-13 06:46:01',0,'0000-00-00 00:00:00',0,'0000-00-00 00:00:00',0,0,0),(1356,6,'DOC130524-13052024075900.pdf','2024-05-13 06:46:01',2,'2024-05-13 06:46:01',0,'0000-00-00 00:00:00',0,'0000-00-00 00:00:00',0,0,0),(1357,17,'','2024-05-13 06:46:01',2,'2024-05-13 06:46:01',0,'0000-00-00 00:00:00',0,'0000-00-00 00:00:00',0,0,0),(1358,6,'68239335_Exam_Timetable-4.pdf','2024-05-13 06:46:01',2,'2024-05-13 06:46:01',0,'0000-00-00 00:00:00',0,'0000-00-00 00:00:00',0,0,0),(1359,17,'','2024-05-13 06:46:01',2,'2024-05-13 06:46:01',0,'0000-00-00 00:00:00',0,'0000-00-00 00:00:00',0,0,0),(1360,33,'RE: dermafix','2024-05-13 06:46:01',2,'2024-05-13 06:46:01',0,'0000-00-00 00:00:00',0,'0000-00-00 00:00:00',0,0,0),(1361,6,'62298269575.pdf','2024-05-13 06:46:01',2,'2024-05-13 06:46:01',0,'0000-00-00 00:00:00',0,'0000-00-00 00:00:00',0,0,0),(1362,17,'','2024-05-13 06:46:01',2,'2024-05-13 06:46:01',0,'0000-00-00 00:00:00',0,'0000-00-00 00:00:00',0,0,0),(1363,6,'transaction_history_Dermafix_Account (4).zip','2024-05-13 06:46:01',2,'2024-05-13 06:46:01',0,'0000-00-00 00:00:00',0,'0000-00-00 00:00:00',0,0,0),(1364,17,'','2024-05-13 06:46:01',2,'2024-05-13 06:46:01',0,'0000-00-00 00:00:00',0,'0000-00-00 00:00:00',0,0,0),(1365,33,'\"WELGELEGEN EXPENSE APPROVAL - ADMIN 09.05.2024\" document has been completed by all participants','2024-05-13 07:01:00',2,'2024-05-13 07:01:00',0,'0000-00-00 00:00:00',0,'0000-00-00 00:00:00',0,0,0),(1366,33,'\"WELGELEGEN EXPENSE APPROVAL - MRRP 09.05.2024\" document has been completed by all participants','2024-05-13 07:01:00',2,'2024-05-13 07:01:00',0,'0000-00-00 00:00:00',0,'0000-00-00 00:00:00',0,0,0),(1367,33,'\"TRUSTEE RESOLUTION - ART EXCESS SUBSIDY\" document has been completed by all participants','2024-05-13 07:01:00',2,'2024-05-13 07:01:00',0,'0000-00-00 00:00:00',0,'0000-00-00 00:00:00',0,0,0),(1368,33,'Allan Gray Adviser Fee Statement','2024-05-13 07:01:01',2,'2024-05-13 07:01:01',0,'0000-00-00 00:00:00',0,'0000-00-00 00:00:00',0,0,0),(1369,6,'AllanGray_20240511_AdviserFeeStatement.zip','2024-05-13 07:01:01',2,'2024-05-13 07:01:01',0,'0000-00-00 00:00:00',0,'0000-00-00 00:00:00',0,0,0),(1370,17,'','2024-05-13 07:01:01',2,'2024-05-13 07:01:01',0,'0000-00-00 00:00:00',0,'0000-00-00 00:00:00',0,0,0),(1371,33,'RE: Welgelegen BC: Unit 606 - Window Replacement','2024-05-13 07:01:02',2,'2024-05-13 07:01:02',0,'0000-00-00 00:00:00',0,'0000-00-00 00:00:00',0,0,0),(1372,33,'CPD Points - Attend Edwin Selbst on NOCLAR','2024-05-13 07:15:58',2,'2024-05-13 07:15:58',0,'0000-00-00 00:00:00',0,'0000-00-00 00:00:00',0,0,0),(1373,33,'Forex Rates','2024-05-13 07:15:58',2,'2024-05-13 07:15:58',0,'0000-00-00 00:00:00',0,'0000-00-00 00:00:00',0,0,0),(1374,33,'Final chance to see Amadeus.','2024-05-13 07:15:58',2,'2024-05-13 07:15:58',0,'0000-00-00 00:00:00',0,'0000-00-00 00:00:00',0,0,0),(1375,33,'Welgelegen BC: Unit 801 - Parking Rental Agreement','2024-05-13 07:16:00',2,'2024-05-13 07:16:00',0,'0000-00-00 00:00:00',0,'0000-00-00 00:00:00',0,0,0),(1376,6,'SKM_C3320i24051013100.pdf','2024-05-13 07:16:00',2,'2024-05-13 07:16:00',0,'0000-00-00 00:00:00',0,'0000-00-00 00:00:00',0,0,0),(1377,17,'','2024-05-13 07:16:00',2,'2024-05-13 07:16:00',0,'0000-00-00 00:00:00',0,'0000-00-00 00:00:00',0,0,0),(1378,33,'Fwd: Welgelegen BC: Unit 801 - Parking Rental Agreement','2024-05-13 07:17:36',2,'2024-05-13 07:17:38',2,'0000-00-00 00:00:00',0,'0000-00-00 00:00:00',0,419,7200),(1379,6,'1001.PlainPaperPayslip.nwt.20240510.pdf','2024-05-13 07:18:39',2,'2024-05-13 07:18:57',2,'0000-00-00 00:00:00',0,'0000-00-00 00:00:00',0,419,7200),(1380,17,'','2024-05-13 07:18:39',2,'2024-05-13 07:18:39',2,'0000-00-00 00:00:00',0,'0000-00-00 00:00:00',0,419,7200),(1381,33,'last week payslips attached','2024-05-13 07:18:57',2,'2024-05-13 07:18:59',2,'0000-00-00 00:00:00',0,'0000-00-00 00:00:00',0,419,7200),(1382,33,'Fwd: RE: missing PP recons','2024-05-13 07:19:17',2,'2024-05-13 07:19:19',2,'0000-00-00 00:00:00',0,'0000-00-00 00:00:00',0,419,7200),(1383,5,'FW: Tanika Exam Leave - half day','2024-05-13 07:19:58',2,'2024-05-13 07:19:58',2,'0000-00-00 00:00:00',0,'0000-00-00 00:00:00',0,419,7200),(1384,33,'Fwd: RE: dermafix','2024-05-13 07:20:12',2,'2024-05-13 07:20:14',2,'0000-00-00 00:00:00',0,'0000-00-00 00:00:00',0,419,7200),(1385,33,'We have received the withdrawal instruction for WELGELEGEN BODY CORPORATE - account AGLP976380','2024-05-13 07:31:08',2,'2024-05-13 07:31:08',0,'0000-00-00 00:00:00',0,'0000-00-00 00:00:00',0,0,0),(1386,33,'Files ready to be approved for Company: Welgelegen  (Company ID: 488776)','2024-05-13 07:51:01',2,'2024-05-13 07:51:01',0,'0000-00-00 00:00:00',0,'0000-00-00 00:00:00',0,0,0),(1387,33,'AutoEntry - Statements processing completed','2024-05-13 07:51:01',2,'2024-05-13 07:51:01',0,'0000-00-00 00:00:00',0,'0000-00-00 00:00:00',0,0,0),(1388,33,'RE: SPA Financials','2024-05-13 07:51:04',2,'2024-05-13 07:51:04',0,'0000-00-00 00:00:00',0,'0000-00-00 00:00:00',0,0,0),(1389,6,'DOC130524-13052024094521.pdf','2024-05-13 07:51:04',2,'2024-05-13 07:51:04',0,'0000-00-00 00:00:00',0,'0000-00-00 00:00:00',0,0,0),(1390,17,'','2024-05-13 07:51:04',2,'2024-05-13 07:51:04',0,'0000-00-00 00:00:00',0,'0000-00-00 00:00:00',0,0,0),(1391,16,'','2024-05-13 08:02:10',2,'2024-05-13 08:02:10',2,'0000-00-00 00:00:00',0,'0000-00-00 00:00:00',0,419,7200),(1392,33,'payroll','2024-05-13 08:02:10',2,'2024-05-13 08:05:49',2,'0000-00-00 00:00:00',0,'0000-00-00 00:00:00',0,419,7200),(1395,33,'Re:Quote for road upgrade','2024-05-13 08:06:03',2,'2024-05-13 08:06:03',0,'0000-00-00 00:00:00',0,'0000-00-00 00:00:00',0,0,0),(1396,33,'Direct to London, baby!','2024-05-13 08:06:05',2,'2024-05-13 08:06:05',0,'0000-00-00 00:00:00',0,'0000-00-00 00:00:00',0,0,0),(1397,33,'FW: Welgelegen BC: HRS Customs - Final Payment','2024-05-13 08:06:05',2,'2024-05-13 08:06:05',0,'0000-00-00 00:00:00',0,'0000-00-00 00:00:00',0,0,0),(1398,33,'your package couldn\'t be delivered','2024-05-13 08:21:08',2,'2024-05-13 08:21:08',0,'0000-00-00 00:00:00',0,'0000-00-00 00:00:00',0,0,0),(1399,33,'Re: Quote for road upgrade','2024-05-13 08:21:08',2,'2024-05-13 08:21:08',0,'0000-00-00 00:00:00',0,'0000-00-00 00:00:00',0,0,0),(1400,33,'Re:Quote for road upgrade','2024-05-13 08:36:00',2,'2024-05-13 08:36:00',0,'0000-00-00 00:00:00',0,'0000-00-00 00:00:00',0,0,0),(1401,33,'RE: SPA Financials','2024-05-13 08:36:01',2,'2024-05-13 08:36:01',0,'0000-00-00 00:00:00',0,'0000-00-00 00:00:00',0,0,0),(1402,6,'Sc3320i24010213240.pdf','2024-05-13 08:36:01',2,'2024-05-13 08:36:01',0,'0000-00-00 00:00:00',0,'0000-00-00 00:00:00',0,0,0),(1403,17,'','2024-05-13 08:36:01',2,'2024-05-13 08:36:01',0,'0000-00-00 00:00:00',0,'0000-00-00 00:00:00',0,0,0),(1404,33,'Don\'t miss: New weekly digest on global market updates','2024-05-13 08:36:01',2,'2024-05-13 08:36:01',0,'0000-00-00 00:00:00',0,'0000-00-00 00:00:00',0,0,0),(1405,33,'Judgement for Continental Anodizers CC 7770716498 / 9140028847 / 4190119034','2024-05-13 08:36:02',2,'2024-05-13 08:36:02',0,'0000-00-00 00:00:00',0,'0000-00-00 00:00:00',0,0,0),(1406,33,'FW: Deposits for approved quotes','2024-05-13 08:56:03',2,'2024-05-13 08:56:03',0,'0000-00-00 00:00:00',0,'0000-00-00 00:00:00',0,0,0),(1407,6,'Tax Invoice - INV0011287 - 03_04_2024.pdf','2024-05-13 08:56:03',2,'2024-05-13 08:56:03',0,'0000-00-00 00:00:00',0,'0000-00-00 00:00:00',0,0,0),(1408,17,'','2024-05-13 08:56:03',2,'2024-05-13 08:56:03',0,'0000-00-00 00:00:00',0,'0000-00-00 00:00:00',0,0,0),(1409,33,'Macro Monday - Global economy rebounds, but watch US and China','2024-05-13 09:10:59',2,'2024-05-13 09:10:59',0,'0000-00-00 00:00:00',0,'0000-00-00 00:00:00',0,0,0),(1410,33,'Key Dates for CFA Program Exams','2024-05-13 09:10:59',2,'2024-05-13 09:10:59',0,'0000-00-00 00:00:00',0,'0000-00-00 00:00:00',0,0,0),(1411,33,'Palladium May 2024 - Free Weekly Online Training','2024-05-13 09:10:59',2,'2024-05-13 09:10:59',0,'0000-00-00 00:00:00',0,'0000-00-00 00:00:00',0,0,0),(1412,33,'electircityBill','2024-05-13 09:46:00',2,'2024-05-13 09:46:00',0,'0000-00-00 00:00:00',0,'0000-00-00 00:00:00',0,0,0),(1413,33,'Why didn\'t the Hiroshima and Nagasaki nuclear bombs leave any de ep craters? Shouldn\'t they have?','2024-05-13 09:46:00',2,'2024-05-13 09:46:00',0,'0000-00-00 00:00:00',0,'0000-00-00 00:00:00',0,0,0),(1414,33,'Masthead | Annuity & Investment Rates','2024-05-13 09:46:00',2,'2024-05-13 09:46:00',0,'0000-00-00 00:00:00',0,'0000-00-00 00:00:00',0,0,0),(1415,33,'Fwd: FW: Deposits for approved quotes','2024-05-13 09:54:50',2,'2024-05-13 09:54:53',2,'0000-00-00 00:00:00',0,'0000-00-00 00:00:00',0,419,7200),(1416,33,'Re: FW: Deposits for approved quotes','2024-05-13 09:55:36',2,'2024-05-13 09:55:38',2,'0000-00-00 00:00:00',0,'0000-00-00 00:00:00',0,419,7200),(1417,33,'Fwd: RE: SPA Financials','2024-05-13 09:56:05',2,'2024-05-13 09:56:08',2,'0000-00-00 00:00:00',0,'0000-00-00 00:00:00',0,419,7200),(1418,16,'','2024-05-13 09:57:46',2,'2024-05-13 09:57:46',2,'0000-00-00 00:00:00',0,'0000-00-00 00:00:00',0,419,7200),(1419,33,'Re: Judgement for Continental Anodizers CC 7770716498 / 9140028847 / 4190119034','2024-05-13 09:57:46',2,'2024-05-13 09:57:49',2,'0000-00-00 00:00:00',0,'0000-00-00 00:00:00',0,419,7200),(1420,33,'Fwd: FW: Welgelegen BC: HRS Customs - Final Payment','2024-05-13 09:59:40',2,'2024-05-13 09:59:43',2,'0000-00-00 00:00:00',0,'0000-00-00 00:00:00',0,419,7200),(1421,33,'Ford Ranger Tremor Review','2024-05-13 10:13:47',2,'2024-05-13 10:13:47',2,'0000-00-00 00:00:00',0,'0000-00-00 00:00:00',0,419,7200),(1422,33,'SPA PROFESSIONALS CC - 003037**** - Internal Billing (Client Schedule) - Reference Number [21056457]','2024-05-13 10:13:48',2,'2024-05-13 10:13:48',2,'0000-00-00 00:00:00',0,'0000-00-00 00:00:00',0,419,7200),(1423,33,'THE LISTENERS LIBRARY PTY LTD - VAT RETURNS','2024-05-13 10:13:48',2,'2024-05-13 10:13:48',2,'0000-00-00 00:00:00',0,'0000-00-00 00:00:00',0,419,7200),(1424,33,'TOWER ELECTRONIC SYSTEMS (PTY) LTD - 003028**** - Internal Billing (Client Schedule) - Reference Number [21054108]','2024-05-13 10:13:49',2,'2024-05-13 10:13:49',2,'0000-00-00 00:00:00',0,'0000-00-00 00:00:00',0,419,7200),(1425,5,'TOWER ELECTRONIC SYSTEMS (PTY) LTD - 003028**** - Internal Billing (Client Schedule) - Reference Number [21054108]','2024-05-13 10:17:06',2,'2024-05-13 10:17:06',2,'0000-00-00 00:00:00',0,'0000-00-00 00:00:00',0,419,7200),(1426,5,'SPA PROFESSIONALS CC - 003037**** - Internal Billing (Client Schedule) - Reference Number [21056457]','2024-05-13 10:17:22',2,'2024-05-13 10:17:22',2,'0000-00-00 00:00:00',0,'0000-00-00 00:00:00',0,419,7200),(1427,33,'Welgelegen BC (52950329564)','2024-05-13 10:17:26',2,'2024-05-13 10:17:27',2,'0000-00-00 00:00:00',0,'0000-00-00 00:00:00',0,419,7200),(1428,33,'SigniFlow April Newsletter','2024-05-13 10:17:27',2,'2024-05-13 10:17:27',2,'0000-00-00 00:00:00',0,'0000-00-00 00:00:00',0,419,7200),(1429,5,'Welgelegen BC (52950329564) riana chaneg of cel number','2024-05-13 10:18:50',2,'2024-05-13 10:18:50',2,'0000-00-00 00:00:00',0,'0000-00-00 00:00:00',0,419,7200),(1430,33,'FW: THE LISTENERS LIBRARY PTY LTD - VAT RETURNS','2024-05-13 10:31:01',2,'2024-05-13 10:31:01',0,'0000-00-00 00:00:00',0,'0000-00-00 00:00:00',0,0,0),(1431,33,'Re: FW: THE LISTENERS LIBRARY PTY LTD - VAT RETURNS','2024-05-13 10:45:27',2,'2024-05-13 10:45:29',2,'0000-00-00 00:00:00',0,'0000-00-00 00:00:00',0,419,7200),(1432,33,'Fwd: Please send me new script','2024-05-13 10:45:42',2,'2024-05-13 10:45:42',2,'0000-00-00 00:00:00',0,'0000-00-00 00:00:00',0,419,7200),(1433,33,'REMINDER | Join the 2024 Autumn edition of the Healthy Weigh Challenge!','2024-05-13 10:45:42',2,'2024-05-13 10:45:42',2,'0000-00-00 00:00:00',0,'0000-00-00 00:00:00',0,419,7200),(1434,33,'Drainman Invoice','2024-05-13 10:45:44',2,'2024-05-13 10:45:44',2,'0000-00-00 00:00:00',0,'0000-00-00 00:00:00',0,419,7200),(1435,6,'Document 194_1_resized_20240403_083921596.jpg','2024-05-13 10:45:44',2,'2024-05-13 10:45:44',2,'0000-00-00 00:00:00',0,'0000-00-00 00:00:00',0,419,7200),(1436,17,'','2024-05-13 10:45:44',2,'2024-05-13 10:45:44',2,'0000-00-00 00:00:00',0,'0000-00-00 00:00:00',0,419,7200),(1437,33,'RE: 2024 audit','2024-05-13 10:45:45',2,'2024-05-13 10:45:45',2,'0000-00-00 00:00:00',0,'0000-00-00 00:00:00',0,419,7200),(1438,5,'Fwd: Please send me new script','2024-05-13 10:46:10',2,'2024-05-13 10:46:10',2,'0000-00-00 00:00:00',0,'0000-00-00 00:00:00',0,419,7200),(1439,6,'UIF-Covid19 TERS ALL.xlsx','2024-05-13 10:46:41',2,'2024-05-13 10:46:41',2,'0000-00-00 00:00:00',0,'0000-00-00 00:00:00',0,419,7200),(1440,17,'','2024-05-13 10:46:41',2,'2024-05-13 10:46:41',2,'0000-00-00 00:00:00',0,'0000-00-00 00:00:00',0,419,7200),(1441,33,'JOIN SK Club & get 50% OFF your KINGDOM OF THE PLANET OF THE APES ticket tomorrow!','2024-05-13 11:06:07',2,'2024-05-13 11:06:07',0,'0000-00-00 00:00:00',0,'0000-00-00 00:00:00',0,0,0),(1442,33,'MyCURRENCY News | Week 20','2024-05-13 11:21:03',2,'2024-05-13 11:21:03',0,'0000-00-00 00:00:00',0,'0000-00-00 00:00:00',0,0,0),(1443,33,'FW: Goodwood – 4504319154  - Credit Note CN 0050321','2024-05-13 11:21:04',2,'2024-05-13 11:21:04',0,'0000-00-00 00:00:00',0,'0000-00-00 00:00:00',0,0,0),(1444,6,'Goodwood - SO0001117 - 4504319154 - INV0052285 - Credit Note - CN0050321.pdf','2024-05-13 11:21:04',2,'2024-05-13 11:21:04',0,'0000-00-00 00:00:00',0,'0000-00-00 00:00:00',0,0,0),(1445,17,'','2024-05-13 11:21:04',2,'2024-05-13 11:21:04',0,'0000-00-00 00:00:00',0,'0000-00-00 00:00:00',0,0,0),(1446,33,'Peach Payment Recons 3-5/05/2024','2024-05-13 11:21:05',2,'2024-05-13 11:21:05',0,'0000-00-00 00:00:00',0,'0000-00-00 00:00:00',0,0,0),(1447,33,'Peach Payment Recon 30/04/2024 - 02/05/2024','2024-05-13 11:21:05',2,'2024-05-13 11:21:05',0,'0000-00-00 00:00:00',0,'0000-00-00 00:00:00',0,0,0),(1448,33,'Peach Payment recon 06/05/2024','2024-05-13 11:36:01',2,'2024-05-13 11:36:01',0,'0000-00-00 00:00:00',0,'0000-00-00 00:00:00',0,0,0),(1449,33,'Transactor role at RMB - Rand Merchant Bank: Actively recruiting','2024-05-13 11:36:01',2,'2024-05-13 11:36:01',0,'0000-00-00 00:00:00',0,'0000-00-00 00:00:00',0,0,0),(1450,33,'Why young Russian women appear so eager to marry Chinese men','2024-05-13 11:51:03',2,'2024-05-13 11:51:03',0,'0000-00-00 00:00:00',0,'0000-00-00 00:00:00',0,0,0),(1451,33,'After May 29, intense dealmaking to follow','2024-05-13 12:11:05',2,'2024-05-13 12:11:05',0,'0000-00-00 00:00:00',0,'0000-00-00 00:00:00',0,0,0),(1452,33,'RE: staff accounts - recons 24.04.2024','2024-05-13 12:11:07',2,'2024-05-13 12:11:07',0,'0000-00-00 00:00:00',0,'0000-00-00 00:00:00',0,0,0),(1453,33,'Peach Payment Recon 07 - 09/05/2024','2024-05-13 12:11:07',2,'2024-05-13 12:11:07',0,'0000-00-00 00:00:00',0,'0000-00-00 00:00:00',0,0,0),(1454,33,'PETERUSE, Style your weekend spot ','2024-05-13 12:26:04',2,'2024-05-13 12:26:04',0,'0000-00-00 00:00:00',0,'0000-00-00 00:00:00',0,0,0),(1455,33,'Get a Loan Now.','2024-05-13 12:40:59',2,'2024-05-13 12:40:59',0,'0000-00-00 00:00:00',0,'0000-00-00 00:00:00',0,0,0),(1456,33,'Prepaid electricity purchase','2024-05-13 12:41:00',2,'2024-05-13 12:41:00',0,'0000-00-00 00:00:00',0,'0000-00-00 00:00:00',0,0,0),(1457,33,'Agl audit warren','2024-05-13 12:41:00',2,'2024-05-13 12:41:00',0,'0000-00-00 00:00:00',0,'0000-00-00 00:00:00',0,0,0),(1458,33,'PETERUSE, as a valued @HOME customer,  don’t miss out on a LOAN of up to R80 0 00!','2024-05-13 12:55:58',2,'2024-05-13 12:55:58',0,'0000-00-00 00:00:00',0,'0000-00-00 00:00:00',0,0,0),(1459,33,'Response Required for GREENSIDE KWEKERY - Account AGLP856063 Reference # (2-048362834)','2024-05-13 12:55:59',2,'2024-05-13 12:55:59',0,'0000-00-00 00:00:00',0,'0000-00-00 00:00:00',0,0,0),(1460,33,'RE: N NATHAN','2024-05-13 12:56:00',2,'2024-05-13 12:56:00',0,'0000-00-00 00:00:00',0,'0000-00-00 00:00:00',0,0,0),(1461,33,'HOME AFFAIRS: CONFIRMATION OF COLLECTION','2024-05-13 13:51:08',2,'2024-05-13 13:51:08',0,'0000-00-00 00:00:00',0,'0000-00-00 00:00:00',0,0,0),(1462,33,'Statement request JCDeCaux / Harcourts Lifestyle','2024-05-13 13:51:10',2,'2024-05-13 13:51:10',0,'0000-00-00 00:00:00',0,'0000-00-00 00:00:00',0,0,0),(1463,33,'Speed Point Card machine batch 428','2024-05-13 13:51:10',2,'2024-05-13 13:51:10',0,'0000-00-00 00:00:00',0,'0000-00-00 00:00:00',0,0,0),(1464,33,'RE: Statement request JCDeCaux / Harcourts Lifestyle','2024-05-13 14:06:00',2,'2024-05-13 14:06:00',0,'0000-00-00 00:00:00',0,'0000-00-00 00:00:00',0,0,0),(1465,33,'RE: Harcourts Properties Midrand - Tumelo Malefo','2024-05-13 14:06:01',2,'2024-05-13 14:06:01',0,'0000-00-00 00:00:00',0,'0000-00-00 00:00:00',0,0,0),(1466,33,'It\'s not too late ...','2024-05-13 14:26:02',2,'2024-05-13 14:26:02',0,'0000-00-00 00:00:00',0,'0000-00-00 00:00:00',0,0,0),(1467,33,'Gear up and work smarter with Samsung and MTN Business.','2024-05-13 14:26:02',2,'2024-05-13 14:26:02',0,'0000-00-00 00:00:00',0,'0000-00-00 00:00:00',0,0,0),(1468,33,'Forex Rates','2024-05-13 14:26:02',2,'2024-05-13 14:26:02',0,'0000-00-00 00:00:00',0,'0000-00-00 00:00:00',0,0,0),(1469,33,'It\'s not too late ...','2024-05-13 14:26:04',2,'2024-05-13 14:26:04',0,'0000-00-00 00:00:00',0,'0000-00-00 00:00:00',0,0,0),(1470,33,'Gear up and work smarter with Samsung and MTN Business.','2024-05-13 14:26:04',2,'2024-05-13 14:26:04',0,'0000-00-00 00:00:00',0,'0000-00-00 00:00:00',0,0,0),(1471,33,'Illuminate Your Style: Sterns Diamond 50% off selected Diamonds sale Launches May 8th!','2024-05-13 14:40:57',2,'2024-05-13 14:40:57',0,'0000-00-00 00:00:00',0,'0000-00-00 00:00:00',0,0,0),(1472,33,'You have (3) undel­ivered mail to your inbox.','2024-05-13 15:26:01',2,'2024-05-13 15:26:01',0,'0000-00-00 00:00:00',0,'0000-00-00 00:00:00',0,0,0),(1473,33,'Due task reminder: RE: N NATHAN','2024-05-13 16:01:06',2,'2024-05-13 16:01:06',0,'0000-00-00 00:00:00',0,'0000-00-00 00:00:00',0,0,0),(1474,33,'Due task reminder: Welgelegen BC (52950329564) riana chaneg of cel number','2024-05-13 16:01:06',2,'2024-05-13 16:01:06',0,'0000-00-00 00:00:00',0,'0000-00-00 00:00:00',0,0,0),(1475,33,'Due task reminder: Welgelegen petty cash','2024-05-13 16:01:06',2,'2024-05-13 16:01:06',0,'0000-00-00 00:00:00',0,'0000-00-00 00:00:00',0,0,0),(1476,33,'Due task reminder: rose  started jan 2023 ra must have increase jan 2024 so need to fix asap with backpay also do George','2024-05-13 16:01:06',2,'2024-05-13 16:01:06',0,'0000-00-00 00:00:00',0,'0000-00-00 00:00:00',0,0,0),(1477,33,'Due task reminder: Some documents could not be processed','2024-05-13 16:01:06',2,'2024-05-13 16:01:06',0,'0000-00-00 00:00:00',0,'0000-00-00 00:00:00',0,0,0),(1478,33,' UNLIMITED Sixty60 deliveries for only R99 p/m Peet? It’s possible with Xtra Savings Plus ️','2024-05-13 16:15:55',2,'2024-05-13 16:15:55',0,'0000-00-00 00:00:00',0,'0000-00-00 00:00:00',0,0,0),(1479,33,'Powerful natural relief!','2024-05-13 16:45:55',2,'2024-05-13 16:45:55',0,'0000-00-00 00:00:00',0,'0000-00-00 00:00:00',0,0,0),(1480,33,'R46 MILLION in total estimated #PowerB all & #PowerBallPLUS jackpots can ’t be missed this Friday! PLAY N OW!!!','2024-05-13 18:11:00',2,'2024-05-13 18:11:00',0,'0000-00-00 00:00:00',0,'0000-00-00 00:00:00',0,0,0),(1481,33,'Fwd: #(SOUTH AFRICAN RESERVE BANK)- +ACCREDITED FUNDS US$8.5 MILLION TO BE RELEASED=2024#','2024-05-13 18:25:57',2,'2024-05-13 18:25:57',0,'0000-00-00 00:00:00',0,'0000-00-00 00:00:00',0,0,0),(1482,33,'BIG savings + early access to our newest AMI course!','2024-05-13 19:00:58',2,'2024-05-13 19:00:58',0,'0000-00-00 00:00:00',0,'0000-00-00 00:00:00',0,0,0),(1483,33,'4% Sanlam Special Lending Notification','2024-05-13 19:30:55',2,'2024-05-13 19:30:55',0,'0000-00-00 00:00:00',0,'0000-00-00 00:00:00',0,0,0),(1484,33,'MFC Statement_9687*******','2024-05-13 22:55:57',2,'2024-05-13 22:55:57',0,'0000-00-00 00:00:00',0,'0000-00-00 00:00:00',0,0,0);

--
